{"id":96,"date":"2023-07-18T18:30:00","date_gmt":"2023-07-18T16:30:00","guid":{"rendered":"https:\/\/library.wu.ac.at\/bib\/fit4research\/?page_id=96"},"modified":"2024-07-09T11:35:19","modified_gmt":"2024-07-09T09:35:19","slug":"suchergebnisse-bewerten-mach-den-schnelltest","status":"publish","type":"page","link":"https:\/\/library.wu.ac.at\/bib\/fit4research\/index.php\/fit4research-start\/wissenschaftlich-lesen-schreiben\/wissenschaftliche-quellen-bewerten\/suchergebnisse-bewerten-mach-den-schnelltest\/","title":{"rendered":"Suchergebnisse bewerten &#8211; mach den Schnelltest!"},"content":{"rendered":"\n<p>Is this information CR\u2026? Mach den CRAAP Test!<\/p>\n\n\n\n<p>Der CRAAP-Test ist eine hilfreiche Methode, die dir dabei hilft, die Informationsflut zu bew\u00e4ltigen und dich bei der Bewertung der Glaubw\u00fcrdigkeit und Zuverl\u00e4ssigkeit von Informationsquellen unterst\u00fctzt.<\/p>\n\n\n\n<p><strong>CRAAP<\/strong> steht f\u00fcr die f\u00fcnf Qualit\u00e4tskriterien <strong>Currency<\/strong> (Aktualit\u00e4t), <strong>Relevance<\/strong> (Relevanz), <strong>Authority<\/strong> (Autorit\u00e4t), <strong>Accuracy <\/strong>(Genauigkeit) und <strong>Purpose <\/strong>(Zweck), anhand derer du die Wissenschaftlichkeit einer Quelle \u00fcberpr\u00fcfen kannst.<\/p>\n\n\n\n<div class=\"wp-block-group\"><div class=\"wp-block-group__inner-container is-layout-constrained wp-block-group-is-layout-constrained\">\n<div class=\"wp-block-columns is-layout-flex wp-container-core-columns-is-layout-9d6595d7 wp-block-columns-is-layout-flex\">\n<div class=\"wp-block-column is-layout-flow wp-block-column-is-layout-flow\" style=\"flex-basis:33.33%\">\n<p class=\"has-gigantic-font-size\">C<\/p>\n<\/div>\n\n\n\n<div class=\"wp-block-column is-layout-flow wp-block-column-is-layout-flow\" style=\"flex-basis:66.66%\">\n<p><strong>Currency<\/strong> \u2013 bezieht sich auf die <strong>Aktualit\u00e4t<\/strong> der Information. Pr\u00fcfe, wann die Quelle ver\u00f6ffentlicht wurde, um sicherzustellen, dass die Informationen aktuell sind. Je nach Thema kann es entscheidend sein, dass sie auf dem neuesten Stand ist. Bei Online-Quellen solltest du \u00fcberpr\u00fcfen, ob alle Links funktionsf\u00e4hig sind.<\/p>\n<\/div>\n<\/div>\n<\/div><\/div>\n\n\n\n<div class=\"wp-block-columns is-layout-flex wp-container-core-columns-is-layout-9d6595d7 wp-block-columns-is-layout-flex\">\n<div class=\"wp-block-column is-layout-flow wp-block-column-is-layout-flow\" style=\"flex-basis:33.33%\">\n<p class=\"has-gigantic-font-size\">R<\/p>\n<\/div>\n\n\n\n<div class=\"wp-block-column is-layout-flow wp-block-column-is-layout-flow\" style=\"flex-basis:66.66%\">\n<p><strong>Relevance <\/strong>\u2013 befasst sich mit der <strong>Relevanz<\/strong> der Informationen f\u00fcr das spezifische Thema oder die Aufgabe. \u00dcberpr\u00fcfe, ob die Quelle thematisch, sprachlich und qualitativ das bietet, was du ben\u00f6tigst, um eine Fragestellung zu beantworten oder ein Problem zu l\u00f6sen.<\/p>\n<\/div>\n<\/div>\n\n\n\n<div class=\"wp-block-columns is-layout-flex wp-container-core-columns-is-layout-9d6595d7 wp-block-columns-is-layout-flex\">\n<div class=\"wp-block-column is-layout-flow wp-block-column-is-layout-flow\" style=\"flex-basis:33.33%\">\n<p class=\"has-gigantic-font-size\">A<\/p>\n<\/div>\n\n\n\n<div class=\"wp-block-column is-layout-flow wp-block-column-is-layout-flow\" style=\"flex-basis:66.66%\">\n<p><strong><strong>Authority <\/strong><\/strong>\u2013 betrifft die Glaubw\u00fcrdigkeit der Quelle. Es ist wichtig zu wissen, wer die Informationen bereitstellt und welche Qualifikationen oder Expertise diese Person oder Organisation hat. Eine vertrauensw\u00fcrdige Quelle sollte von Fachleuten oder anerkannten Institutionen stammen.<\/p>\n<\/div>\n<\/div>\n\n\n\n<div class=\"wp-block-columns is-layout-flex wp-container-core-columns-is-layout-9d6595d7 wp-block-columns-is-layout-flex\">\n<div class=\"wp-block-column is-layout-flow wp-block-column-is-layout-flow\" style=\"flex-basis:33.33%\">\n<p class=\"has-gigantic-font-size\">A<\/p>\n<\/div>\n\n\n\n<div class=\"wp-block-column is-layout-flow wp-block-column-is-layout-flow\" style=\"flex-basis:66.66%\">\n<p><strong>Accuracy \u2013<\/strong> bezieht sich auf die <strong>Genauigkeit<\/strong> und Richtigkeit der Informationen. Es ist wichtig, die Informationen auf ihre Korrektheit zu \u00fcberpr\u00fcfen und sicherzustellen, dass sie durch andere verl\u00e4ssliche Quellen gest\u00fctzt werden k\u00f6nnen. Fehlen Quellenangaben oder gibt es offensichtliche Fehler oder Widerspr\u00fcche, kann dies auf eine mangelnde Wissenschaftlichkeit hinweisen.<\/p>\n<\/div>\n<\/div>\n\n\n\n<div class=\"wp-block-columns is-layout-flex wp-container-core-columns-is-layout-9d6595d7 wp-block-columns-is-layout-flex\">\n<div class=\"wp-block-column is-layout-flow wp-block-column-is-layout-flow\" style=\"flex-basis:33.33%\">\n<p class=\"has-gigantic-font-size\">P<\/p>\n<\/div>\n\n\n\n<div class=\"wp-block-column is-layout-flow wp-block-column-is-layout-flow\" style=\"flex-basis:66.66%\">\n<p><strong>Purpose \u2013<\/strong> befasst sich mit dem <strong>Zweck<\/strong> oder der Absicht hinter der Informationsquelle. Es ist wichtig zu verstehen, warum und f\u00fcr wen die Informationen erstellt wurden und ob m\u00f6glicherweise eine bestimmte Agenda verfolgt wird. Untersuche, ob die Informationen objektiv, neutral und unvoreingenommen pr\u00e4sentiert werden oder ob politische, ideologische, kulturelle, religi\u00f6se, institutionelle oder pers\u00f6nliche&nbsp;Tendenzen deutlich werden.<\/p>\n<\/div>\n<\/div>\n\n\n\n<p>Nat\u00fcrlich kann es sein, dass nicht alle Kriterien des Tests in jeder Situation oder bei jeder Aufgabe immer gleich wichtig oder passend sind. Sie sind jedoch ein guter Ausgangspunkt und bieten dir einen praktischen Bezugsrahmen, um zu fragen, \u201cIs this information CRAAP?\u201d<\/p>\n\n\n\n<p>Vertiefende Informationen zur Bewertung von Quellen findest du auf der Seite <a href=\"https:\/\/library.wu.ac.at\/bib\/fit4research\/index.php\/fit4research-start\/wissenschaftliche-quellen-bewerten\/qualitaetsmerkmale-von-wissenschaftlichen-quellen\/\" data-type=\"link\" data-id=\"https:\/\/library.wu.ac.at\/bib\/fit4research\/index.php\/fit4research-start\/wissenschaftliche-quellen-bewerten\/qualitaetsmerkmale-von-wissenschaftlichen-quellen\/\">Qualit\u00e4tsmerkmale von wissenschaftlichen Quellen<\/a>.<\/p>\n\n\n\n<p class=\"has-extra-small-font-size\">basierend auf<br>Blakeslee, Sarah (2004) &#8222;The CRAAP Test,&#8220; LOEX Quarterly: Vol. 31: No. 3, Article 4.<br>Available at: <a href=\"https:\/\/commons.emich.edu\/loexquarterly\/vol31\/iss3\/4\" target=\"_blank\" rel=\"noreferrer noopener\">https:\/\/commons.emich.edu\/loexquarterly\/vol31\/iss3\/4<\/a><\/p>\n\n\n\n<div class=\"wp-block-group\"><div class=\"wp-block-group__inner-container is-layout-constrained wp-block-group-is-layout-constrained\">\n<div class=\"wp-block-columns is-layout-flex wp-container-core-columns-is-layout-9d6595d7 wp-block-columns-is-layout-flex\">\n<div class=\"wp-block-column is-layout-flow wp-block-column-is-layout-flow\"><\/div>\n\n\n\n<div class=\"wp-block-column is-layout-flow wp-block-column-is-layout-flow\"><\/div>\n<\/div>\n<\/div><\/div>\n","protected":false},"excerpt":{"rendered":"<p>Is this information CR\u2026? Mach den CRAAP Test! Der CRAAP-Test ist eine hilfreiche Methode, die dir dabei hilft, die Informationsflut zu bew\u00e4ltigen und dich bei der Bewertung der Glaubw\u00fcrdigkeit und Zuverl\u00e4ssigkeit von Informationsquellen unterst\u00fctzt. CRAAP steht f\u00fcr die f\u00fcnf Qualit\u00e4tskriterien Currency (Aktualit\u00e4t), Relevance (Relevanz), Authority (Autorit\u00e4t), Accuracy (Genauigkeit) und Purpose (Zweck), anhand derer du die&hellip; <a class=\"more-link\" href=\"https:\/\/library.wu.ac.at\/bib\/fit4research\/index.php\/fit4research-start\/wissenschaftlich-lesen-schreiben\/wissenschaftliche-quellen-bewerten\/suchergebnisse-bewerten-mach-den-schnelltest\/\">Continue reading <span class=\"screen-reader-text\">Suchergebnisse bewerten &#8211; mach den Schnelltest!<\/span><\/a><\/p>\n","protected":false},"author":2,"featured_media":0,"parent":94,"menu_order":0,"comment_status":"closed","ping_status":"closed","template":"","meta":{"footnotes":""},"class_list":["post-96","page","type-page","status-publish","hentry","entry"],"_links":{"self":[{"href":"https:\/\/library.wu.ac.at\/bib\/fit4research\/index.php\/wp-json\/wp\/v2\/pages\/96","targetHints":{"allow":["GET"]}}],"collection":[{"href":"https:\/\/library.wu.ac.at\/bib\/fit4research\/index.php\/wp-json\/wp\/v2\/pages"}],"about":[{"href":"https:\/\/library.wu.ac.at\/bib\/fit4research\/index.php\/wp-json\/wp\/v2\/types\/page"}],"author":[{"embeddable":true,"href":"https:\/\/library.wu.ac.at\/bib\/fit4research\/index.php\/wp-json\/wp\/v2\/users\/2"}],"replies":[{"embeddable":true,"href":"https:\/\/library.wu.ac.at\/bib\/fit4research\/index.php\/wp-json\/wp\/v2\/comments?post=96"}],"version-history":[{"count":9,"href":"https:\/\/library.wu.ac.at\/bib\/fit4research\/index.php\/wp-json\/wp\/v2\/pages\/96\/revisions"}],"predecessor-version":[{"id":4597,"href":"https:\/\/library.wu.ac.at\/bib\/fit4research\/index.php\/wp-json\/wp\/v2\/pages\/96\/revisions\/4597"}],"up":[{"embeddable":true,"href":"https:\/\/library.wu.ac.at\/bib\/fit4research\/index.php\/wp-json\/wp\/v2\/pages\/94"}],"wp:attachment":[{"href":"https:\/\/library.wu.ac.at\/bib\/fit4research\/index.php\/wp-json\/wp\/v2\/media?parent=96"}],"curies":[{"name":"wp","href":"https:\/\/api.w.org\/{rel}","templated":true}]}}