{"id":94,"date":"2023-07-18T17:30:00","date_gmt":"2023-07-18T15:30:00","guid":{"rendered":"https:\/\/library.wu.ac.at\/bib\/fit4research\/?page_id=94"},"modified":"2024-07-09T11:33:38","modified_gmt":"2024-07-09T09:33:38","slug":"wissenschaftliche-quellen-bewerten","status":"publish","type":"page","link":"https:\/\/library.wu.ac.at\/bib\/fit4research\/index.php\/fit4research-start\/wissenschaftlich-lesen-schreiben\/wissenschaftliche-quellen-bewerten\/","title":{"rendered":"Quellen bewerten"},"content":{"rendered":"\n<div class=\"wp-block-media-text has-media-on-the-right is-stacked-on-mobile\"><div class=\"wp-block-media-text__content\">\n<p>Du m\u00f6chtest einen Beitrag, ein Buch oder eine Webseite in einer schriftlichen Arbeit <a href=\"https:\/\/library.wu.ac.at\/bib\/fit4research\/index.php\/fit4research-start\/literatur-zitieren-verwalten\/\" data-type=\"link\" data-id=\"https:\/\/library.wu.ac.at\/bib\/fit4research\/index.php\/fit4research-start\/literatur-zitieren-verwalten\/\">zitieren<\/a>, zweifelst jedoch daran, ob es sich um eine vertrauensw\u00fcrdige Quelle handelt? Manchmal f\u00e4llt es schwer, die wissenschaftliche Qualit\u00e4t von Texten zu beurteilen.<\/p>\n\n\n\n<p>In den folgenden Abschnitten werden wir dir zeigen, welche formalen und inhaltlichen Kriterien wichtig sind, um zu bewerten ob ein Text den <a href=\"https:\/\/library.wu.ac.at\/bib\/fit4research\/index.php\/fit4research-start\/wissenschaftliche-quellen-bewerten\/qualitaetsmerkmale-von-wissenschaftlichen-quellen\/\" data-type=\"link\" data-id=\"https:\/\/library.wu.ac.at\/bib\/fit4research\/index.php\/fit4research-start\/wissenschaftliche-quellen-bewerten\/qualitaetsmerkmale-von-wissenschaftlichen-quellen\/\">Anforderungen akademischer Standards<\/a> gerecht wird. Zudem erh\u00e4ltst du Einblicke in Methoden und Techniken, die dir helfen, <a href=\"https:\/\/library.wu.ac.at\/bib\/fit4research\/index.php\/fit4research-start\/wissenschaftliche-quellen-bewerten\/wissenschaftliche-texte-lesen-und-verstehen\/\" data-type=\"link\" data-id=\"https:\/\/library.wu.ac.at\/bib\/fit4research\/index.php\/fit4research-start\/wissenschaftliche-quellen-bewerten\/wissenschaftliche-texte-lesen-und-verstehen\/\">effektiv und kritisch zu lesen<\/a>.<\/p>\n<\/div><figure class=\"wp-block-media-text__media\"><img loading=\"lazy\" decoding=\"async\" width=\"1024\" height=\"683\" src=\"https:\/\/library.wu.ac.at\/bib\/fit4research\/wp-content\/uploads\/2023\/08\/grafik-1-1024x683.png\" alt=\"\" class=\"wp-image-390 size-full\" srcset=\"https:\/\/library.wu.ac.at\/bib\/fit4research\/wp-content\/uploads\/2023\/08\/grafik-1-1024x683.png 1024w, https:\/\/library.wu.ac.at\/bib\/fit4research\/wp-content\/uploads\/2023\/08\/grafik-1-300x200.png 300w, https:\/\/library.wu.ac.at\/bib\/fit4research\/wp-content\/uploads\/2023\/08\/grafik-1-768x512.png 768w, https:\/\/library.wu.ac.at\/bib\/fit4research\/wp-content\/uploads\/2023\/08\/grafik-1-1536x1024.png 1536w, https:\/\/library.wu.ac.at\/bib\/fit4research\/wp-content\/uploads\/2023\/08\/grafik-1-2048x1365.png 2048w, https:\/\/library.wu.ac.at\/bib\/fit4research\/wp-content\/uploads\/2023\/08\/grafik-1-1568x1045.png 1568w\" sizes=\"auto, (max-width: 1024px) 100vw, 1024px\" \/><\/figure><\/div>\n\n\n\n<div class=\"wp-block-group\"><div class=\"wp-block-group__inner-container is-layout-constrained wp-block-group-is-layout-constrained\">\n<div class=\"wp-block-columns is-layout-flex wp-container-core-columns-is-layout-9d6595d7 wp-block-columns-is-layout-flex\">\n<div class=\"wp-block-column is-layout-flow wp-block-column-is-layout-flow\"><\/div>\n\n\n\n<div class=\"wp-block-column is-layout-flow wp-block-column-is-layout-flow\"><\/div>\n<\/div>\n<\/div><\/div>\n","protected":false},"excerpt":{"rendered":"<p>Du m\u00f6chtest einen Beitrag, ein Buch oder eine Webseite in einer schriftlichen Arbeit zitieren, zweifelst jedoch daran, ob es sich um eine vertrauensw\u00fcrdige Quelle handelt? Manchmal f\u00e4llt es schwer, die wissenschaftliche Qualit\u00e4t von Texten zu beurteilen. In den folgenden Abschnitten werden wir dir zeigen, welche formalen und inhaltlichen Kriterien wichtig sind, um zu bewerten ob&hellip; <a class=\"more-link\" href=\"https:\/\/library.wu.ac.at\/bib\/fit4research\/index.php\/fit4research-start\/wissenschaftlich-lesen-schreiben\/wissenschaftliche-quellen-bewerten\/\">Continue reading <span class=\"screen-reader-text\">Quellen bewerten<\/span><\/a><\/p>\n","protected":false},"author":2,"featured_media":0,"parent":4853,"menu_order":0,"comment_status":"closed","ping_status":"closed","template":"","meta":{"footnotes":""},"class_list":["post-94","page","type-page","status-publish","hentry","entry"],"_links":{"self":[{"href":"https:\/\/library.wu.ac.at\/bib\/fit4research\/index.php\/wp-json\/wp\/v2\/pages\/94","targetHints":{"allow":["GET"]}}],"collection":[{"href":"https:\/\/library.wu.ac.at\/bib\/fit4research\/index.php\/wp-json\/wp\/v2\/pages"}],"about":[{"href":"https:\/\/library.wu.ac.at\/bib\/fit4research\/index.php\/wp-json\/wp\/v2\/types\/page"}],"author":[{"embeddable":true,"href":"https:\/\/library.wu.ac.at\/bib\/fit4research\/index.php\/wp-json\/wp\/v2\/users\/2"}],"replies":[{"embeddable":true,"href":"https:\/\/library.wu.ac.at\/bib\/fit4research\/index.php\/wp-json\/wp\/v2\/comments?post=94"}],"version-history":[{"count":8,"href":"https:\/\/library.wu.ac.at\/bib\/fit4research\/index.php\/wp-json\/wp\/v2\/pages\/94\/revisions"}],"predecessor-version":[{"id":4867,"href":"https:\/\/library.wu.ac.at\/bib\/fit4research\/index.php\/wp-json\/wp\/v2\/pages\/94\/revisions\/4867"}],"up":[{"embeddable":true,"href":"https:\/\/library.wu.ac.at\/bib\/fit4research\/index.php\/wp-json\/wp\/v2\/pages\/4853"}],"wp:attachment":[{"href":"https:\/\/library.wu.ac.at\/bib\/fit4research\/index.php\/wp-json\/wp\/v2\/media?parent=94"}],"curies":[{"name":"wp","href":"https:\/\/api.w.org\/{rel}","templated":true}]}}