{"id":92,"date":"2023-07-18T15:30:06","date_gmt":"2023-07-18T13:30:06","guid":{"rendered":"https:\/\/library.wu.ac.at\/bib\/fit4research\/?page_id=92"},"modified":"2023-10-09T11:56:33","modified_gmt":"2023-10-09T09:56:33","slug":"beschaffung-nicht-verfuegbarer-literatur","status":"publish","type":"page","link":"https:\/\/library.wu.ac.at\/bib\/fit4research\/index.php\/fit4research-start\/zugriff-auf-literatur-online-und-vor-ort\/beschaffung-nicht-verfuegbarer-literatur\/","title":{"rendered":"Beschaffung nicht verf\u00fcgbarer Literatur"},"content":{"rendered":"\n<p>Wenn ein Dokument nicht \u00fcber die WU Bibliothek verf\u00fcgbar ist, gibt es verschiedene M\u00f6glichkeiten, wie du trotzdem Zugang bekommen kannst.<\/p>\n\n\n\n<p><a rel=\"noreferrer noopener\" href=\"https:\/\/www.wu.ac.at\/bibliothek\/services\/wu-studentinnen\/literaturbedarf\/fernleihe-fuer-buecher\" target=\"_blank\">Fernleihe<\/a>: Das Buch kann kostenpflichtig bei einer anderen Bibliothek bestellt und ausgeliehen werden.<\/p>\n\n\n\n<p><a href=\"https:\/\/www.wu.ac.at\/bibliothek\/services\/wu-studentinnen\/literaturbedarf\/artikelbestellung\" target=\"_blank\" rel=\"noreferrer noopener\">Document Delivery Service<\/a>: Zeitschriftenartikel k\u00f6nnen kostenpflichtig bestellt werden.<\/p>\n\n\n\n<p><a rel=\"noreferrer noopener\" href=\"https:\/\/www.wu.ac.at\/bibliothek\/services\/wu-studentinnen\/literaturbedarf\/anschaffungsvorschlag\" target=\"_blank\">Anschaffungsvorschlag<\/a>: Du schl\u00e4gst der Universit\u00e4tsbibliothek die Anschaffung des Buches\/der Zeitschrift vor.<\/p>\n\n\n\n<div class=\"wp-block-group\"><div class=\"wp-block-group__inner-container is-layout-constrained wp-block-group-is-layout-constrained\">\n<div class=\"wp-block-columns is-layout-flex wp-container-core-columns-is-layout-9d6595d7 wp-block-columns-is-layout-flex\">\n<div class=\"wp-block-column is-layout-flow wp-block-column-is-layout-flow\"><\/div>\n\n\n\n<div class=\"wp-block-column is-layout-flow wp-block-column-is-layout-flow\"><\/div>\n<\/div>\n<\/div><\/div>\n","protected":false},"excerpt":{"rendered":"<p>Wenn ein Dokument nicht \u00fcber die WU Bibliothek verf\u00fcgbar ist, gibt es verschiedene M\u00f6glichkeiten, wie du trotzdem Zugang bekommen kannst. Fernleihe: Das Buch kann kostenpflichtig bei einer anderen Bibliothek bestellt und ausgeliehen werden. Document Delivery Service: Zeitschriftenartikel k\u00f6nnen kostenpflichtig bestellt werden. Anschaffungsvorschlag: Du schl\u00e4gst der Universit\u00e4tsbibliothek die Anschaffung des Buches\/der Zeitschrift vor.<\/p>\n","protected":false},"author":2,"featured_media":0,"parent":67,"menu_order":3,"comment_status":"closed","ping_status":"closed","template":"","meta":{"footnotes":""},"class_list":["post-92","page","type-page","status-publish","hentry","entry"],"_links":{"self":[{"href":"https:\/\/library.wu.ac.at\/bib\/fit4research\/index.php\/wp-json\/wp\/v2\/pages\/92","targetHints":{"allow":["GET"]}}],"collection":[{"href":"https:\/\/library.wu.ac.at\/bib\/fit4research\/index.php\/wp-json\/wp\/v2\/pages"}],"about":[{"href":"https:\/\/library.wu.ac.at\/bib\/fit4research\/index.php\/wp-json\/wp\/v2\/types\/page"}],"author":[{"embeddable":true,"href":"https:\/\/library.wu.ac.at\/bib\/fit4research\/index.php\/wp-json\/wp\/v2\/users\/2"}],"replies":[{"embeddable":true,"href":"https:\/\/library.wu.ac.at\/bib\/fit4research\/index.php\/wp-json\/wp\/v2\/comments?post=92"}],"version-history":[{"count":5,"href":"https:\/\/library.wu.ac.at\/bib\/fit4research\/index.php\/wp-json\/wp\/v2\/pages\/92\/revisions"}],"predecessor-version":[{"id":795,"href":"https:\/\/library.wu.ac.at\/bib\/fit4research\/index.php\/wp-json\/wp\/v2\/pages\/92\/revisions\/795"}],"up":[{"embeddable":true,"href":"https:\/\/library.wu.ac.at\/bib\/fit4research\/index.php\/wp-json\/wp\/v2\/pages\/67"}],"wp:attachment":[{"href":"https:\/\/library.wu.ac.at\/bib\/fit4research\/index.php\/wp-json\/wp\/v2\/media?parent=92"}],"curies":[{"name":"wp","href":"https:\/\/api.w.org\/{rel}","templated":true}]}}