{"id":88,"date":"2023-07-18T15:28:28","date_gmt":"2023-07-18T13:28:28","guid":{"rendered":"https:\/\/library.wu.ac.at\/bib\/fit4research\/?page_id=88"},"modified":"2025-04-23T10:16:43","modified_gmt":"2025-04-23T08:16:43","slug":"zugang-zu-e-ressourcen-der-bibliothek","status":"publish","type":"page","link":"https:\/\/library.wu.ac.at\/bib\/fit4research\/index.php\/fit4research-start\/zugriff-auf-literatur-online-und-vor-ort\/zugang-zu-e-ressourcen-der-bibliothek\/","title":{"rendered":"Zugang zu E-Ressourcen der Bibliothek"},"content":{"rendered":"\n<h2 class=\"wp-block-heading\">Rund um die Uhr Zugriff auf online verf\u00fcgbare Medien der Bibliothek<\/h2>\n\n\n\n<p>Egal ob von Zuhause oder auf Reisen, im Park oder im Caf\u00e9: Als WU Student*in kannst du jederzeit auf die lizenzierten Ressourcen der Bibliothek zugreifen, sofern du per VPN-Verbindung mit dem WU Netzwerk verbunden bist. Eine detaillierte Anleitung, wie du diesen Fernzugriff einrichten kannst, findest du auf <a href=\"https:\/\/www.wu.ac.at\/it\/services\/network\/vpn\/\" target=\"_blank\" rel=\"noreferrer noopener\">dieser Seite der IT-SERVICES<\/a>.<\/p>\n\n\n\n<p>Das Programm <a href=\"https:\/\/library.wu.ac.at\/bib\/fit4research\/index.php\/libkey\/\" data-type=\"link\" data-id=\"https:\/\/library.wu.ac.at\/bib\/fit4research\/index.php\/libkey\/\">LibKey<\/a> verbindet dich \u00fcberall direkt mit den Volltexten, die dir \u00fcber die WU Bibliothek zur Verf\u00fcgung stehen.<\/p>\n\n\n\n<p class=\"has-blue-background-color has-background\"><strong>Hinweis<\/strong>: Bitte beachte, dass du die E-Ressourcen der WU Bibliothek nur f\u00fcr Studium, Forschung und Lehre sowie f\u00fcr deinen eigenen Gebrauch nutzen darfst. N\u00e4here Informationen dazu findest du <a href=\"https:\/\/www.wu.ac.at\/bibliothek\/recherche\/zugang-zu-online-ressourcen\" data-type=\"link\" data-id=\"https:\/\/www.wu.ac.at\/bibliothek\/recherche\/zugang-zu-online-ressourcen\" target=\"_blank\" rel=\"noreferrer noopener\">im Nutzungshinweis<\/a>.<\/p>\n\n\n\n<div class=\"wp-block-group\" style=\"padding-top:3em;padding-right:10rem;padding-bottom:3em;padding-left:10rem\"><div class=\"wp-block-group__inner-container is-layout-constrained wp-container-core-group-is-layout-0682ed28 wp-block-group-is-layout-constrained\">\n<hr class=\"wp-block-separator alignwide has-alpha-channel-opacity is-style-wide\"\/>\n<\/div><\/div>\n\n\n\n<h2 class=\"wp-block-heading\" id=\"pressreader\">Mobil Zeitung lesen &#8211; der PressReader<\/h2>\n\n\n\n<div class=\"wp-block-media-text has-media-on-the-right is-stacked-on-mobile\" style=\"grid-template-columns:auto 40%\"><div class=\"wp-block-media-text__content\">\n<p>Die WU Bibliothek bietet dir \u00fcber den\u00a0<a href=\"https:\/\/www.pressreader.com\/\" target=\"_blank\" rel=\"noreferrer noopener\">PressReader<\/a>\u00a0Zugriff <strong>auf mehr als 7.000 Zeitungen und Magazine aus 100 L\u00e4ndern in 60 Sprachen<\/strong> \u2013 tagesaktuell. Das Archiv reicht bis zu 60 Tage zur\u00fcck und bietet digitale Versionen der Originalzeitungen sowie f\u00fcr die Bildschirmansicht optimierte Textversionen der einzelnen Artikel. Praktisch f\u00fcr unterwegs ist die Benutzung mit Mobiltelefonen und Tablets mit der <strong>PressReader-App<\/strong>.<\/p>\n<\/div><figure class=\"wp-block-media-text__media\"><img loading=\"lazy\" decoding=\"async\" width=\"989\" height=\"790\" src=\"https:\/\/library.wu.ac.at\/bib\/fit4research\/wp-content\/uploads\/2023\/08\/image-28.png\" alt=\"\" class=\"wp-image-637 size-full\" srcset=\"https:\/\/library.wu.ac.at\/bib\/fit4research\/wp-content\/uploads\/2023\/08\/image-28.png 989w, https:\/\/library.wu.ac.at\/bib\/fit4research\/wp-content\/uploads\/2023\/08\/image-28-300x240.png 300w, https:\/\/library.wu.ac.at\/bib\/fit4research\/wp-content\/uploads\/2023\/08\/image-28-768x613.png 768w\" sizes=\"auto, (max-width: 989px) 100vw, 989px\" \/><\/figure><\/div>\n\n\n\n<p>Lade und installiere die f\u00fcr dein Ger\u00e4t passende Version herunter:<\/p>\n\n\n\n<ul class=\"wp-block-list\">\n<li><a href=\"https:\/\/play.google.com\/store\/apps\/details?id=com.newspaperdirect.pressreader.android\" target=\"_blank\" rel=\"noreferrer noopener\">Android<\/a><\/li>\n\n\n\n<li><a href=\"https:\/\/itunes.apple.com\/app\/pressreader\/id313904711?amp%3Bmt=8&amp;mt=8\" target=\"_blank\" rel=\"noreferrer noopener\">iOS<\/a><\/li>\n\n\n\n<li><a href=\"http:\/\/apps.microsoft.com\/windows\/en-us\/app\/pressreader\/16e63b44-220e-4303-a748-30b75dd4c9b9\" target=\"_blank\" rel=\"noreferrer noopener\">Microsoft<\/a><\/li>\n<\/ul>\n\n\n\n<p>Du hast automatisch Zugriff auf das Angebot des PressReaders, wenn du entweder \u00fcber das&nbsp;<a rel=\"noreferrer noopener\" href=\"https:\/\/www.wu.ac.at\/it\/services\/network\/wireless\/\" target=\"_blank\">WU WLAN<\/a>&nbsp;zugreifst oder \u00fcber eine&nbsp;<a rel=\"noreferrer noopener\" href=\"https:\/\/www.wu.ac.at\/it\/services\/network\/vpn\/\" target=\"_blank\">VPN-Verbindung<\/a>&nbsp;mit dem WU Netzwerk verbunden bist. Heruntergeladene Zeitschriften und Zeitungen kannst du sp\u00e4ter auch ganz ohne Internetzugriff lesen.<\/p>\n\n\n\n<div class=\"wp-block-media-text is-stacked-on-mobile\" style=\"grid-template-columns:20% auto\"><figure class=\"wp-block-media-text__media\"><img loading=\"lazy\" decoding=\"async\" width=\"318\" height=\"561\" src=\"https:\/\/library.wu.ac.at\/bib\/fit4research\/wp-content\/uploads\/2023\/08\/image-29.png\" alt=\"\" class=\"wp-image-638 size-full\" srcset=\"https:\/\/library.wu.ac.at\/bib\/fit4research\/wp-content\/uploads\/2023\/08\/image-29.png 318w, https:\/\/library.wu.ac.at\/bib\/fit4research\/wp-content\/uploads\/2023\/08\/image-29-170x300.png 170w\" sizes=\"auto, (max-width: 318px) 100vw, 318px\" \/><\/figure><div class=\"wp-block-media-text__content\">\n<p>Du kannst dir die die Inhalte entweder als Text oder als Seite (so wie in der Printausgabe) anzeigen lassen. Die Textversion ist f\u00fcr die Anzeige am Bildschirm optimiert und die Textgr\u00f6\u00dfe kann \u00fcber das Men\u00fc eingestellt werden.<\/p>\n<\/div><\/div>\n\n\n\n<p>Das Anlegen eines eigenen Accounts ist nicht zwingend erforderlich, kann jedoch sinnvoll sein, wenn du den PressReader auf verschiedenen Ger\u00e4ten nutzt. In diesem Fall wird nach dem Login auf jedem Ger\u00e4t das gleiche Profil mit Lesezeichen, verfolgten Trends etc. f\u00fcr dich geladen. <\/p>\n\n\n\n<p>Zus\u00e4tzliche Informationen erh\u00e4ltst du in der&nbsp;<a href=\"https:\/\/form.typeform.com\/to\/FU7Yyh?typeform-source=pressreader.typeform.com\" target=\"_blank\" rel=\"noreferrer noopener\">Anleitung vom Anbieter<\/a>.<\/p>\n\n\n\n<div class=\"wp-block-group\"><div class=\"wp-block-group__inner-container is-layout-constrained wp-block-group-is-layout-constrained\">\n<div class=\"wp-block-columns is-layout-flex wp-container-core-columns-is-layout-9d6595d7 wp-block-columns-is-layout-flex\">\n<div class=\"wp-block-column is-layout-flow wp-block-column-is-layout-flow\"><\/div>\n\n\n\n<div class=\"wp-block-column is-layout-flow wp-block-column-is-layout-flow\"><\/div>\n<\/div>\n<\/div><\/div>\n","protected":false},"excerpt":{"rendered":"<p>Rund um die Uhr Zugriff auf online verf\u00fcgbare Medien der Bibliothek Egal ob von Zuhause oder auf Reisen, im Park oder im Caf\u00e9: Als WU Student*in kannst du jederzeit auf die lizenzierten Ressourcen der Bibliothek zugreifen, sofern du per VPN-Verbindung mit dem WU Netzwerk verbunden bist. Eine detaillierte Anleitung, wie du diesen Fernzugriff einrichten kannst,&hellip; <a class=\"more-link\" href=\"https:\/\/library.wu.ac.at\/bib\/fit4research\/index.php\/fit4research-start\/zugriff-auf-literatur-online-und-vor-ort\/zugang-zu-e-ressourcen-der-bibliothek\/\">Continue reading <span class=\"screen-reader-text\">Zugang zu E-Ressourcen der Bibliothek<\/span><\/a><\/p>\n","protected":false},"author":2,"featured_media":0,"parent":67,"menu_order":1,"comment_status":"closed","ping_status":"closed","template":"","meta":{"footnotes":""},"class_list":["post-88","page","type-page","status-publish","hentry","entry"],"_links":{"self":[{"href":"https:\/\/library.wu.ac.at\/bib\/fit4research\/index.php\/wp-json\/wp\/v2\/pages\/88","targetHints":{"allow":["GET"]}}],"collection":[{"href":"https:\/\/library.wu.ac.at\/bib\/fit4research\/index.php\/wp-json\/wp\/v2\/pages"}],"about":[{"href":"https:\/\/library.wu.ac.at\/bib\/fit4research\/index.php\/wp-json\/wp\/v2\/types\/page"}],"author":[{"embeddable":true,"href":"https:\/\/library.wu.ac.at\/bib\/fit4research\/index.php\/wp-json\/wp\/v2\/users\/2"}],"replies":[{"embeddable":true,"href":"https:\/\/library.wu.ac.at\/bib\/fit4research\/index.php\/wp-json\/wp\/v2\/comments?post=88"}],"version-history":[{"count":16,"href":"https:\/\/library.wu.ac.at\/bib\/fit4research\/index.php\/wp-json\/wp\/v2\/pages\/88\/revisions"}],"predecessor-version":[{"id":5450,"href":"https:\/\/library.wu.ac.at\/bib\/fit4research\/index.php\/wp-json\/wp\/v2\/pages\/88\/revisions\/5450"}],"up":[{"embeddable":true,"href":"https:\/\/library.wu.ac.at\/bib\/fit4research\/index.php\/wp-json\/wp\/v2\/pages\/67"}],"wp:attachment":[{"href":"https:\/\/library.wu.ac.at\/bib\/fit4research\/index.php\/wp-json\/wp\/v2\/media?parent=88"}],"curies":[{"name":"wp","href":"https:\/\/api.w.org\/{rel}","templated":true}]}}