{"id":71,"date":"2023-07-18T15:21:59","date_gmt":"2023-07-18T13:21:59","guid":{"rendered":"https:\/\/library.wu.ac.at\/bib\/fit4research\/?page_id=71"},"modified":"2026-04-08T11:06:11","modified_gmt":"2026-04-08T09:06:11","slug":"ueberblick-und-lageplaene","status":"publish","type":"page","link":"https:\/\/library.wu.ac.at\/bib\/fit4research\/index.php\/fit4research-start\/zugriff-auf-literatur-online-und-vor-ort\/orientierung-in-der-bibliothek-wo-finde-ich-was\/ueberblick-und-lageplaene\/","title":{"rendered":"\u00dcberblick und Lagepl\u00e4ne"},"content":{"rendered":"\n<p>Am WU Campus gibt es zwei <a href=\"https:\/\/www.wu.ac.at\/bibliothek\/wu-bibliothek\/bibliotheken-am-campus\" target=\"_blank\" rel=\"noreferrer noopener\">Bibliotheksstandorte<\/a>, zu denen du mit einem g\u00fcltigen WU Studierendenausweis oder mit einem Bibliotheksausweis (falls du nicht an der WU studierst) Zutritt hast. Der gr\u00f6\u00dfere Standort ist das&nbsp;<a href=\"https:\/\/www.wu.ac.at\/bibliothek\/wu-bibliothek\/bibliotheken-am-campus\/bibliothekszentrum\" target=\"_blank\" rel=\"noreferrer noopener\">Bibliothekszentrum<\/a>&nbsp;(im Geb\u00e4ude LC). Au\u00dferdem gibt es die&nbsp;<a href=\"https:\/\/www.wu.ac.at\/bibliothek\/wu-bibliothek\/bibliotheken-am-campus\/bibliothek-recht\" target=\"_blank\" rel=\"noreferrer noopener\">Bibliothek Recht<\/a>&nbsp;(D3).<\/p>\n\n\n\n<figure class=\"wp-block-image size-large\"><img loading=\"lazy\" decoding=\"async\" width=\"1024\" height=\"577\" src=\"https:\/\/library.wu.ac.at\/bib\/fit4research\/wp-content\/uploads\/2024\/09\/Campuskarte-1024x577.png\" alt=\"\" class=\"wp-image-5023\" srcset=\"https:\/\/library.wu.ac.at\/bib\/fit4research\/wp-content\/uploads\/2024\/09\/Campuskarte-1024x577.png 1024w, https:\/\/library.wu.ac.at\/bib\/fit4research\/wp-content\/uploads\/2024\/09\/Campuskarte-300x169.png 300w, https:\/\/library.wu.ac.at\/bib\/fit4research\/wp-content\/uploads\/2024\/09\/Campuskarte-768x432.png 768w, https:\/\/library.wu.ac.at\/bib\/fit4research\/wp-content\/uploads\/2024\/09\/Campuskarte-1536x865.png 1536w, https:\/\/library.wu.ac.at\/bib\/fit4research\/wp-content\/uploads\/2024\/09\/Campuskarte-2048x1153.png 2048w, https:\/\/library.wu.ac.at\/bib\/fit4research\/wp-content\/uploads\/2024\/09\/Campuskarte-1568x883.png 1568w\" sizes=\"auto, (max-width: 1024px) 100vw, 1024px\" \/><\/figure>\n\n\n\n<h2 class=\"wp-block-heading\" id=\"id-\u00dcberblickundLagepl\u00e4ne(\u00fcberarbeitet)-Bibliothekszentrum\">Bibliothekszentrum<\/h2>\n\n\n\n<p>Das&nbsp;<a href=\"https:\/\/www.wu.ac.at\/bibliothek\/wu-bibliothek\/bibliotheken-am-campus\/bibliothekszentrum\" target=\"_blank\" rel=\"noreferrer noopener\">Bibliothekszentrum<\/a>&nbsp;ist im Library &amp; Learning Center (Geb\u00e4ude LC) am WU Campus (Welthandelsplatz) zu finden und verf\u00fcgt insgesamt \u00fcber 7 Ebenen. Hier findest du Literatur aus verschiedenen Fachbereichen sowie viele Lernpl\u00e4tze und <a href=\"https:\/\/www.wu.ac.at\/studierende\/tools-services\/projektraum-carrel-buchen\" data-type=\"link\" data-id=\"https:\/\/www.wu.ac.at\/studierende\/tools-services\/projektraum-carrel-buchen\" target=\"_blank\" rel=\"noreferrer noopener\">Projektr\u00e4ume<\/a>, die <a href=\"https:\/\/library.wu.ac.at\/bib\/fit4research\/index.php\/fit4research-start\/zugriff-auf-literatur-online-und-vor-ort\/orientierung-in-der-bibliothek-wo-finde-ich-was\/ebene-4\/\" data-type=\"link\" data-id=\"https:\/\/library.wu.ac.at\/bib\/fit4research\/index.php\/fit4research-start\/zugriff-auf-literatur-online-und-vor-ort\/orientierung-in-der-bibliothek-wo-finde-ich-was\/ebene-4\/\">Newslounge<\/a>, <a href=\"https:\/\/library.wu.ac.at\/bib\/fit4research\/index.php\/finanzdaten\/\" data-type=\"link\" data-id=\"https:\/\/library.wu.ac.at\/bib\/fit4research\/index.php\/finanzdaten\/\">Finance Area<\/a> und vieles mehr.<\/p>\n\n\n\n<p>Alle Ebenen sind \u00fcber Stiegen und barrierefrei auch \u00fcber die Liftanlage erreichbar. Der Zugang zur Bibliothek erfolgt \u00fcber den Haupteingang im Geb\u00e4ude LC.<\/p>\n\n\n\n<h3 class=\"wp-block-heading\" id=\"ebene0\">Ebene 0<\/h3>\n\n\n\n<p>Hier befindet sich der Eingang ins Geb\u00e4ude LC, \u00fcber das du Zugang zum Bibliothekszentrum hast.<\/p>\n\n\n\n<figure class=\"wp-block-image size-full\"><img loading=\"lazy\" decoding=\"async\" width=\"806\" height=\"615\" src=\"https:\/\/library.wu.ac.at\/bib\/fit4research\/wp-content\/uploads\/2023\/08\/image-37.png\" alt=\"\" class=\"wp-image-683\" srcset=\"https:\/\/library.wu.ac.at\/bib\/fit4research\/wp-content\/uploads\/2023\/08\/image-37.png 806w, https:\/\/library.wu.ac.at\/bib\/fit4research\/wp-content\/uploads\/2023\/08\/image-37-300x229.png 300w, https:\/\/library.wu.ac.at\/bib\/fit4research\/wp-content\/uploads\/2023\/08\/image-37-768x586.png 768w\" sizes=\"auto, (max-width: 806px) 100vw, 806px\" \/><\/figure>\n\n\n\n<h3 class=\"wp-block-heading\" id=\"id-\u00dcberblickundLagepl\u00e4ne(\u00fcberarbeitet)-EingangBibliothekszentrumundBibliotheksempfang\">Ebene 1<\/h3>\n\n\n\n<p>Auf dieser Ebene ist der Eingang zum Bibliothekszentrum mit dem <a href=\"https:\/\/library.wu.ac.at\/bib\/fit4research\/index.php\/fit4research-start\/zugriff-auf-literatur-online-und-vor-ort\/orientierung-in-der-bibliothek-wo-finde-ich-was\/ebene-1\/\" data-type=\"link\" data-id=\"https:\/\/library.wu.ac.at\/bib\/fit4research\/index.php\/fit4research-start\/zugriff-auf-literatur-online-und-vor-ort\/orientierung-in-der-bibliothek-wo-finde-ich-was\/ebene-1\/\">Bibliotheksempfang und der Bibliotheksinformation<\/a>. Au\u00dferdem findest du hier die Selbstabholregale f\u00fcr <a href=\"https:\/\/www.wu.ac.at\/bibliothek\/benuetzung\/entlehnung\" data-type=\"link\" data-id=\"https:\/\/www.wu.ac.at\/bibliothek\/benuetzung\/entlehnung\" target=\"_blank\" rel=\"noreferrer noopener\">vorgemerkte B\u00fccher<\/a>.<\/p>\n\n\n\n<figure class=\"wp-block-image size-full\"><img loading=\"lazy\" decoding=\"async\" width=\"928\" height=\"725\" src=\"https:\/\/library.wu.ac.at\/bib\/fit4research\/wp-content\/uploads\/2024\/09\/LC_Ebene-1-1.png\" alt=\"\" class=\"wp-image-4991\" srcset=\"https:\/\/library.wu.ac.at\/bib\/fit4research\/wp-content\/uploads\/2024\/09\/LC_Ebene-1-1.png 928w, https:\/\/library.wu.ac.at\/bib\/fit4research\/wp-content\/uploads\/2024\/09\/LC_Ebene-1-1-300x234.png 300w, https:\/\/library.wu.ac.at\/bib\/fit4research\/wp-content\/uploads\/2024\/09\/LC_Ebene-1-1-768x600.png 768w\" sizes=\"auto, (max-width: 928px) 100vw, 928px\" \/><\/figure>\n\n\n\n<h3 class=\"wp-block-heading\" id=\"ebene2\">Ebene 2<\/h3>\n\n\n\n<p>Hier sind die <a href=\"https:\/\/library.wu.ac.at\/bib\/fit4research\/index.php\/finanzdaten\/\" data-type=\"link\" data-id=\"https:\/\/library.wu.ac.at\/bib\/fit4research\/index.php\/finanzdaten\/\">Finance Area<\/a> und der Eingang zum <a href=\"https:\/\/www.wu.ac.at\/universitaet\/organisation\/dienstleistungseinrichtungen\/raiffeisen-sprachlernzentrum\/\" data-type=\"link\" data-id=\"https:\/\/www.wu.ac.at\/universitaet\/organisation\/dienstleistungseinrichtungen\/raiffeisen-sprachlernzentrum\/\" target=\"_blank\" rel=\"noreferrer noopener\">Sprachlernzentrum<\/a>, Lernpl\u00e4tze und <a href=\"https:\/\/www.wu.ac.at\/studierende\/tools-services\/projektraum-carrel-buchen\" data-type=\"link\" data-id=\"https:\/\/www.wu.ac.at\/studierende\/tools-services\/projektraum-carrel-buchen\" target=\"_blank\" rel=\"noreferrer noopener\">Projektr\u00e4ume<\/a>.<\/p>\n\n\n\n<figure class=\"wp-block-image size-full\"><img loading=\"lazy\" decoding=\"async\" width=\"928\" height=\"730\" src=\"https:\/\/library.wu.ac.at\/bib\/fit4research\/wp-content\/uploads\/2024\/09\/LC_Ebene-2-1.png\" alt=\"\" class=\"wp-image-4992\" srcset=\"https:\/\/library.wu.ac.at\/bib\/fit4research\/wp-content\/uploads\/2024\/09\/LC_Ebene-2-1.png 928w, https:\/\/library.wu.ac.at\/bib\/fit4research\/wp-content\/uploads\/2024\/09\/LC_Ebene-2-1-300x236.png 300w, https:\/\/library.wu.ac.at\/bib\/fit4research\/wp-content\/uploads\/2024\/09\/LC_Ebene-2-1-768x604.png 768w\" sizes=\"auto, (max-width: 928px) 100vw, 928px\" \/><\/figure>\n\n\n\n<h3 class=\"wp-block-heading\" id=\"ebene3\">Ebene 3<\/h3>\n\n\n\n<p>In der <a href=\"https:\/\/library.wu.ac.at\/bib\/fit4research\/index.php\/fit4research-start\/zugriff-auf-literatur-online-und-vor-ort\/orientierung-in-der-bibliothek-wo-finde-ich-was\/ebene-3-lehrbuchsammlung\/\" data-type=\"link\" data-id=\"https:\/\/library.wu.ac.at\/bib\/fit4research\/index.php\/fit4research-start\/zugriff-auf-literatur-online-und-vor-ort\/orientierung-in-der-bibliothek-wo-finde-ich-was\/ebene-3-lehrbuchsammlung\/\">Lehrbuchsammlung<\/a> steht die Literatur f\u00fcr deine Lehrveranstaltungen (Ausnahme: Juristische Lehrb\u00fccher sind in der <a href=\"#d3\">Bibliothek Recht<\/a>!), dar\u00fcber hinaus gibt es auf dieser Ebene Lernpl\u00e4tze und <a href=\"https:\/\/www.wu.ac.at\/studierende\/tools-services\/projektraum-carrel-buchen\" data-type=\"link\" data-id=\"https:\/\/www.wu.ac.at\/studierende\/tools-services\/projektraum-carrel-buchen\">Projektr\u00e4ume<\/a>.<\/p>\n\n\n\n<figure class=\"wp-block-image size-full\"><img loading=\"lazy\" decoding=\"async\" width=\"928\" height=\"720\" src=\"https:\/\/library.wu.ac.at\/bib\/fit4research\/wp-content\/uploads\/2023\/08\/image-43.png\" alt=\"\" class=\"wp-image-689\" srcset=\"https:\/\/library.wu.ac.at\/bib\/fit4research\/wp-content\/uploads\/2023\/08\/image-43.png 928w, https:\/\/library.wu.ac.at\/bib\/fit4research\/wp-content\/uploads\/2023\/08\/image-43-300x233.png 300w, https:\/\/library.wu.ac.at\/bib\/fit4research\/wp-content\/uploads\/2023\/08\/image-43-768x596.png 768w\" sizes=\"auto, (max-width: 928px) 100vw, 928px\" \/><\/figure>\n\n\n\n<h3 class=\"wp-block-heading\" id=\"ebene4\">Ebene 4<\/h3>\n\n\n\n<p>Hier befindet sich die <a href=\"https:\/\/library.wu.ac.at\/bib\/fit4research\/index.php\/fit4research-start\/zugriff-auf-literatur-online-und-vor-ort\/orientierung-in-der-bibliothek-wo-finde-ich-was\/ebene-4\/\" data-type=\"link\" data-id=\"https:\/\/library.wu.ac.at\/bib\/fit4research\/index.php\/fit4research-start\/zugriff-auf-literatur-online-und-vor-ort\/orientierung-in-der-bibliothek-wo-finde-ich-was\/ebene-4\/\">Newslounge<\/a> mit aktuellen Tageszeitungen und Magazinen, die <a href=\"https:\/\/www.wu.ac.at\/bibliothek\/beratung\/recherchier-bar\" data-type=\"link\" data-id=\"https:\/\/www.wu.ac.at\/bibliothek\/beratung\/recherchier-bar\" target=\"_blank\" rel=\"noreferrer noopener\">recherchier_bar<\/a>, die Chill-Out Area mit Blick auf den Prater, sowie viele PC-Pl\u00e4tze, <a href=\"https:\/\/www.wu.ac.at\/studierende\/tools-services\/projektraum-carrel-buchen\" data-type=\"link\" data-id=\"https:\/\/www.wu.ac.at\/studierende\/tools-services\/projektraum-carrel-buchen\" target=\"_blank\" rel=\"noreferrer noopener\">Projektr\u00e4ume<\/a> und der <a href=\"https:\/\/www.wu.ac.at\/bibliothek\/benuetzung\/ausstattung#c402845\" data-type=\"link\" data-id=\"https:\/\/www.wu.ac.at\/bibliothek\/benuetzung\/ausstattung#c402845\" target=\"_blank\" rel=\"noreferrer noopener\">Raum f\u00fcr barrierefreies Arbeiten<\/a>.<\/p>\n\n\n\n<figure class=\"wp-block-image size-full\"><img loading=\"lazy\" decoding=\"async\" width=\"928\" height=\"711\" src=\"https:\/\/library.wu.ac.at\/bib\/fit4research\/wp-content\/uploads\/2024\/09\/LC_Ebene-4-1.png\" alt=\"\" class=\"wp-image-4993\" style=\"object-fit:cover\" srcset=\"https:\/\/library.wu.ac.at\/bib\/fit4research\/wp-content\/uploads\/2024\/09\/LC_Ebene-4-1.png 928w, https:\/\/library.wu.ac.at\/bib\/fit4research\/wp-content\/uploads\/2024\/09\/LC_Ebene-4-1-300x230.png 300w, https:\/\/library.wu.ac.at\/bib\/fit4research\/wp-content\/uploads\/2024\/09\/LC_Ebene-4-1-768x588.png 768w\" sizes=\"auto, (max-width: 928px) 100vw, 928px\" \/><\/figure>\n\n\n\n<h3 class=\"wp-block-heading\" id=\"ebene5\">Ebene 5<\/h3>\n\n\n\n<p>Auf dieser Ebene steht <a href=\"https:\/\/library.wu.ac.at\/bib\/fit4research\/index.php\/fit4research-start\/zugriff-auf-literatur-online-und-vor-ort\/orientierung-in-der-bibliothek-wo-finde-ich-was\/ebene-5-6-sammlung-nach-themengebieten\/\" data-type=\"link\" data-id=\"https:\/\/library.wu.ac.at\/bib\/fit4research\/index.php\/fit4research-start\/zugriff-auf-literatur-online-und-vor-ort\/orientierung-in-der-bibliothek-wo-finde-ich-was\/ebene-5-6-sammlung-nach-themengebieten\/\">aktuelle Literatur<\/a> (Ver\u00f6ffentlichungsjahr 2004 oder sp\u00e4ter) nach Themen geordnet. Au\u00dferdem ist hier die <a href=\"https:\/\/www.wu.ac.at\/bibliothek\/recherche\/sondersammlungen\/pop-sammlung\" data-type=\"link\" data-id=\"https:\/\/www.wu.ac.at\/bibliothek\/recherche\/sondersammlungen\/pop-sammlung\" target=\"_blank\" rel=\"noreferrer noopener\">POP-Sammlung<\/a>. Dar\u00fcber hinaus gibt es mehrere Lernzonen sowie einen Raum f\u00fcr stilles Lernen, in dem keine Laptops benutzt werden d\u00fcrfen.<\/p>\n\n\n\n<figure class=\"wp-block-image size-full\"><img loading=\"lazy\" decoding=\"async\" width=\"928\" height=\"709\" src=\"https:\/\/library.wu.ac.at\/bib\/fit4research\/wp-content\/uploads\/2024\/09\/LC_Ebene-5-1.png\" alt=\"\" class=\"wp-image-4994\" srcset=\"https:\/\/library.wu.ac.at\/bib\/fit4research\/wp-content\/uploads\/2024\/09\/LC_Ebene-5-1.png 928w, https:\/\/library.wu.ac.at\/bib\/fit4research\/wp-content\/uploads\/2024\/09\/LC_Ebene-5-1-300x229.png 300w, https:\/\/library.wu.ac.at\/bib\/fit4research\/wp-content\/uploads\/2024\/09\/LC_Ebene-5-1-768x587.png 768w\" sizes=\"auto, (max-width: 928px) 100vw, 928px\" \/><\/figure>\n\n\n\n<h3 class=\"wp-block-heading\" id=\"ebene6\">Ebene 6<\/h3>\n\n\n\n<p>Auch auf dieser Ebene steht <a href=\"https:\/\/library.wu.ac.at\/bib\/fit4research\/index.php\/fit4research-start\/zugriff-auf-literatur-online-und-vor-ort\/orientierung-in-der-bibliothek-wo-finde-ich-was\/ebene-5-6-sammlung-nach-themengebieten\/\" data-type=\"link\" data-id=\"https:\/\/library.wu.ac.at\/bib\/fit4research\/index.php\/fit4research-start\/zugriff-auf-literatur-online-und-vor-ort\/orientierung-in-der-bibliothek-wo-finde-ich-was\/ebene-5-6-sammlung-nach-themengebieten\/\">aktuelle Literatur<\/a> (Ver\u00f6ffentlichungsjahr 2004 oder sp\u00e4ter) nach Themen geordnet. Dar\u00fcber hinaus sind die <a href=\"https:\/\/www.wu.ac.at\/bibliothek\/recherche\/sondersammlungen\/sondersammlungen-rothschild-steindl\" data-type=\"link\" data-id=\"https:\/\/www.wu.ac.at\/bibliothek\/recherche\/sondersammlungen\/sondersammlungen-rothschild-steindl\" target=\"_blank\" rel=\"noreferrer noopener\">Sammlungen Rothschild und Steindl<\/a> hier zu finden und gibt es mehrere Lernzonen sowie einen Raum f\u00fcr stilles Lernen, in dem keine Laptops erlaubt sind.<\/p>\n\n\n\n<figure class=\"wp-block-image size-full\"><img loading=\"lazy\" decoding=\"async\" width=\"928\" height=\"712\" src=\"https:\/\/library.wu.ac.at\/bib\/fit4research\/wp-content\/uploads\/2024\/09\/LC_Ebene-6-1.png\" alt=\"\" class=\"wp-image-4995\" srcset=\"https:\/\/library.wu.ac.at\/bib\/fit4research\/wp-content\/uploads\/2024\/09\/LC_Ebene-6-1.png 928w, https:\/\/library.wu.ac.at\/bib\/fit4research\/wp-content\/uploads\/2024\/09\/LC_Ebene-6-1-300x230.png 300w, https:\/\/library.wu.ac.at\/bib\/fit4research\/wp-content\/uploads\/2024\/09\/LC_Ebene-6-1-768x589.png 768w\" sizes=\"auto, (max-width: 928px) 100vw, 928px\" \/><\/figure>\n\n\n\n<h3 class=\"wp-block-heading\" id=\"untergeschoss\">Ebene -2<\/h3>\n\n\n\n<figure class=\"wp-block-image size-full is-resized\"><img loading=\"lazy\" decoding=\"async\" width=\"989\" height=\"1024\" src=\"https:\/\/library.wu.ac.at\/bib\/fit4research\/wp-content\/uploads\/2023\/08\/image-53.png\" alt=\"\" class=\"wp-image-707\" style=\"width:42px;height:43px\" srcset=\"https:\/\/library.wu.ac.at\/bib\/fit4research\/wp-content\/uploads\/2023\/08\/image-53.png 989w, https:\/\/library.wu.ac.at\/bib\/fit4research\/wp-content\/uploads\/2023\/08\/image-53-290x300.png 290w, https:\/\/library.wu.ac.at\/bib\/fit4research\/wp-content\/uploads\/2023\/08\/image-53-768x795.png 768w\" sizes=\"auto, (max-width: 989px) 100vw, 989px\" \/><\/figure>\n\n\n\n<p><a href=\"https:\/\/library.wu.ac.at\/bib\/fit4research\/index.php\/fit4research-start\/zugriff-auf-literatur-online-und-vor-ort\/orientierung-in-der-bibliothek-wo-finde-ich-was\/ebene-2\/\" data-type=\"link\" data-id=\"https:\/\/library.wu.ac.at\/bib\/fit4research\/index.php\/fit4research-start\/zugriff-auf-literatur-online-und-vor-ort\/orientierung-in-der-bibliothek-wo-finde-ich-was\/ebene-2\/\">Auf Ebene -2<\/a> im Untergeschoss ist im <em>B\u00fccher<\/em>-Bereich Literatur, die vor 2004 erschienen ist sowie Abschlussarbeiten und Nachschlagewerke. Im <em>Zeitschriften<\/em>-Bereich findest du Zeitschriften und Magazine in gebundener Form.<\/p>\n\n\n\n<figure class=\"wp-block-image size-full\"><img loading=\"lazy\" decoding=\"async\" width=\"885\" height=\"774\" src=\"https:\/\/library.wu.ac.at\/bib\/fit4research\/wp-content\/uploads\/2023\/08\/image-41.png\" alt=\"\" class=\"wp-image-687\" srcset=\"https:\/\/library.wu.ac.at\/bib\/fit4research\/wp-content\/uploads\/2023\/08\/image-41.png 885w, https:\/\/library.wu.ac.at\/bib\/fit4research\/wp-content\/uploads\/2023\/08\/image-41-300x262.png 300w, https:\/\/library.wu.ac.at\/bib\/fit4research\/wp-content\/uploads\/2023\/08\/image-41-768x672.png 768w\" sizes=\"auto, (max-width: 885px) 100vw, 885px\" \/><\/figure>\n\n\n\n<h2 class=\"wp-block-heading\" id=\"d3\">Bibliothek Recht (D3)<\/h2>\n\n\n\n<p>Die <a href=\"https:\/\/www.wu.ac.at\/bibliothek\/wu-bibliothek\/bibliotheken-am-campus\/bibliothek-recht\" data-type=\"link\" data-id=\"https:\/\/www.wu.ac.at\/bibliothek\/wu-bibliothek\/bibliotheken-am-campus\/bibliothek-recht\" target=\"_blank\" rel=\"noreferrer noopener\">Bibliothek Recht<\/a> bietet Fachb\u00fccher und Fachzeitschriften aus allen Bereichen der Rechtswissenschaften. Au\u00dferdem befindet sich hier die juristische Lehrbuchsammlung.<\/p>\n\n\n\n<figure class=\"wp-block-image size-full\"><img loading=\"lazy\" decoding=\"async\" width=\"1000\" height=\"739\" src=\"https:\/\/library.wu.ac.at\/bib\/fit4research\/wp-content\/uploads\/2023\/08\/image-47.png\" alt=\"\" class=\"wp-image-693\" srcset=\"https:\/\/library.wu.ac.at\/bib\/fit4research\/wp-content\/uploads\/2023\/08\/image-47.png 1000w, https:\/\/library.wu.ac.at\/bib\/fit4research\/wp-content\/uploads\/2023\/08\/image-47-300x222.png 300w, https:\/\/library.wu.ac.at\/bib\/fit4research\/wp-content\/uploads\/2023\/08\/image-47-768x568.png 768w\" sizes=\"auto, (max-width: 1000px) 100vw, 1000px\" \/><\/figure>\n\n\n\n<h3 class=\"wp-block-heading\">Aufstellung in der Bibliothek Recht<\/h3>\n\n\n\n<figure class=\"wp-block-image size-full\"><img loading=\"lazy\" decoding=\"async\" width=\"1800\" height=\"1676\" src=\"https:\/\/library.wu.ac.at\/bib\/fit4research\/wp-content\/uploads\/2025\/05\/D3-Orientierungsplan_neu.png\" alt=\"\" class=\"wp-image-5588\" srcset=\"https:\/\/library.wu.ac.at\/bib\/fit4research\/wp-content\/uploads\/2025\/05\/D3-Orientierungsplan_neu.png 1800w, https:\/\/library.wu.ac.at\/bib\/fit4research\/wp-content\/uploads\/2025\/05\/D3-Orientierungsplan_neu-300x279.png 300w, https:\/\/library.wu.ac.at\/bib\/fit4research\/wp-content\/uploads\/2025\/05\/D3-Orientierungsplan_neu-1024x953.png 1024w, https:\/\/library.wu.ac.at\/bib\/fit4research\/wp-content\/uploads\/2025\/05\/D3-Orientierungsplan_neu-768x715.png 768w, https:\/\/library.wu.ac.at\/bib\/fit4research\/wp-content\/uploads\/2025\/05\/D3-Orientierungsplan_neu-1536x1430.png 1536w, https:\/\/library.wu.ac.at\/bib\/fit4research\/wp-content\/uploads\/2025\/05\/D3-Orientierungsplan_neu-1568x1460.png 1568w\" sizes=\"auto, (max-width: 1800px) 100vw, 1800px\" \/><\/figure>\n\n\n\n<div class=\"wp-block-group\"><div class=\"wp-block-group__inner-container is-layout-constrained wp-block-group-is-layout-constrained\">\n<div class=\"wp-block-columns is-layout-flex wp-container-core-columns-is-layout-9d6595d7 wp-block-columns-is-layout-flex\">\n<div class=\"wp-block-column is-layout-flow wp-block-column-is-layout-flow\"><\/div>\n\n\n\n<div class=\"wp-block-column is-layout-flow wp-block-column-is-layout-flow\"><\/div>\n<\/div>\n<\/div><\/div>\n","protected":false},"excerpt":{"rendered":"<p>Am WU Campus gibt es zwei Bibliotheksstandorte, zu denen du mit einem g\u00fcltigen WU Studierendenausweis oder mit einem Bibliotheksausweis (falls du nicht an der WU studierst) Zutritt hast. Der gr\u00f6\u00dfere Standort ist das&nbsp;Bibliothekszentrum&nbsp;(im Geb\u00e4ude LC). Au\u00dferdem gibt es die&nbsp;Bibliothek Recht&nbsp;(D3). Bibliothekszentrum Das&nbsp;Bibliothekszentrum&nbsp;ist im Library &amp; Learning Center (Geb\u00e4ude LC) am WU Campus (Welthandelsplatz) zu finden&hellip; <a class=\"more-link\" href=\"https:\/\/library.wu.ac.at\/bib\/fit4research\/index.php\/fit4research-start\/zugriff-auf-literatur-online-und-vor-ort\/orientierung-in-der-bibliothek-wo-finde-ich-was\/ueberblick-und-lageplaene\/\">Continue reading <span class=\"screen-reader-text\">\u00dcberblick und Lagepl\u00e4ne<\/span><\/a><\/p>\n","protected":false},"author":2,"featured_media":0,"parent":69,"menu_order":0,"comment_status":"closed","ping_status":"closed","template":"","meta":{"footnotes":""},"class_list":["post-71","page","type-page","status-publish","hentry","entry"],"_links":{"self":[{"href":"https:\/\/library.wu.ac.at\/bib\/fit4research\/index.php\/wp-json\/wp\/v2\/pages\/71","targetHints":{"allow":["GET"]}}],"collection":[{"href":"https:\/\/library.wu.ac.at\/bib\/fit4research\/index.php\/wp-json\/wp\/v2\/pages"}],"about":[{"href":"https:\/\/library.wu.ac.at\/bib\/fit4research\/index.php\/wp-json\/wp\/v2\/types\/page"}],"author":[{"embeddable":true,"href":"https:\/\/library.wu.ac.at\/bib\/fit4research\/index.php\/wp-json\/wp\/v2\/users\/2"}],"replies":[{"embeddable":true,"href":"https:\/\/library.wu.ac.at\/bib\/fit4research\/index.php\/wp-json\/wp\/v2\/comments?post=71"}],"version-history":[{"count":38,"href":"https:\/\/library.wu.ac.at\/bib\/fit4research\/index.php\/wp-json\/wp\/v2\/pages\/71\/revisions"}],"predecessor-version":[{"id":5727,"href":"https:\/\/library.wu.ac.at\/bib\/fit4research\/index.php\/wp-json\/wp\/v2\/pages\/71\/revisions\/5727"}],"up":[{"embeddable":true,"href":"https:\/\/library.wu.ac.at\/bib\/fit4research\/index.php\/wp-json\/wp\/v2\/pages\/69"}],"wp:attachment":[{"href":"https:\/\/library.wu.ac.at\/bib\/fit4research\/index.php\/wp-json\/wp\/v2\/media?parent=71"}],"curies":[{"name":"wp","href":"https:\/\/api.w.org\/{rel}","templated":true}]}}