{"id":65,"date":"2023-07-18T15:15:00","date_gmt":"2023-07-18T13:15:00","guid":{"rendered":"https:\/\/library.wu.ac.at\/bib\/fit4research\/?page_id=65"},"modified":"2025-03-05T15:29:20","modified_gmt":"2025-03-05T14:29:20","slug":"ki-tools","status":"publish","type":"page","link":"https:\/\/library.wu.ac.at\/bib\/fit4research\/index.php\/fit4research-start\/wu-katalog-google-scholar-co-deine-tools-fuer-die-suche\/ki-tools\/","title":{"rendered":"KI nutzen"},"content":{"rendered":"\n<div class=\"wp-block-media-text has-media-on-the-right is-stacked-on-mobile\" style=\"grid-template-columns:auto 35%\"><div class=\"wp-block-media-text__content\">\n<p>K\u00fcnstliche Intelligenz (KI) ver\u00e4ndert auch dein Studium. Einiges wird einfacher, aber viele Dinge werden un\u00fcbersichtlicher und du musst dich st\u00e4ndig neu orientieren. Hier findest du Informationen dazu, wie du <a href=\"#fake_news\">Fake News<\/a> erkennst, welche <a href=\"#tools\">KI-Tools<\/a> dir im Studium helfen k\u00f6nnen und was <a href=\"#prompting\">Prompting<\/a> ist.<\/p>\n\n\n\n<p>Einen \u00dcberblick \u00fcber wichtige Informationen und aktuelle Kurse rund um das Thema KI findest du auch auf der Seite <a href=\"https:\/\/www.wu.ac.at\/studierende\/campus\/code-of-conduct\/ki-im-studium\/\" data-type=\"link\" data-id=\"https:\/\/www.wu.ac.at\/studierende\/campus\/code-of-conduct\/ki-im-studium\/\" target=\"_blank\" rel=\"noreferrer noopener\">KI im Studium von der Studieninformation<\/a>.<\/p>\n<\/div><figure class=\"wp-block-media-text__media\"><img loading=\"lazy\" decoding=\"async\" width=\"1024\" height=\"750\" src=\"https:\/\/library.wu.ac.at\/bib\/fit4research\/wp-content\/uploads\/2024\/01\/Prompt-engineering-1024x750.png\" alt=\"\" class=\"wp-image-3984 size-full\" srcset=\"https:\/\/library.wu.ac.at\/bib\/fit4research\/wp-content\/uploads\/2024\/01\/Prompt-engineering-1024x750.png 1024w, https:\/\/library.wu.ac.at\/bib\/fit4research\/wp-content\/uploads\/2024\/01\/Prompt-engineering-300x220.png 300w, https:\/\/library.wu.ac.at\/bib\/fit4research\/wp-content\/uploads\/2024\/01\/Prompt-engineering-768x562.png 768w, https:\/\/library.wu.ac.at\/bib\/fit4research\/wp-content\/uploads\/2024\/01\/Prompt-engineering-1536x1125.png 1536w, https:\/\/library.wu.ac.at\/bib\/fit4research\/wp-content\/uploads\/2024\/01\/Prompt-engineering-2048x1499.png 2048w, https:\/\/library.wu.ac.at\/bib\/fit4research\/wp-content\/uploads\/2024\/01\/Prompt-engineering-1568x1148.png 1568w\" sizes=\"auto, (max-width: 1024px) 100vw, 1024px\" \/><\/figure><\/div>\n\n\n\n<p class=\"has-blue-background-color has-background\"><strong>Wichtig:<\/strong> Kl\u00e4re unbedingt mit deinem*deiner Betreuer*in ab, ob (und wie!) du KI-Tools f\u00fcr deine Arbeit einsetzen darfst und wie du deren Verwendung in der Arbeit nachweisen sollst. N\u00e4here Informationen zum Zitieren von KI-generierten Inhalten findest du auf unserer Seite <a href=\"https:\/\/library.wu.ac.at\/bib\/fit4research\/index.php\/fit4research-start\/literatur-zitieren-verwalten\/richtig-zitieren\/ki-zitieren\/\" data-type=\"link\" data-id=\"https:\/\/library.wu.ac.at\/bib\/fit4research\/index.php\/fit4research-start\/literatur-zitieren-verwalten\/richtig-zitieren\/#wie\">KI zitieren<\/a>. Au\u00dferdem kann nicht garantiert werden, dass die Artikel, die du mit diesen Tools findest, auch \u00fcber die WU Bibliothek zur Verf\u00fcgung stehen. <a href=\"https:\/\/library.wu.ac.at\/bib\/fit4research\/index.php\/libkey\/\" data-type=\"link\" data-id=\"https:\/\/library.wu.ac.at\/bib\/fit4research\/index.php\/libkey\/\">LibKey Nomad<\/a> kann dir dabei helfen schnell zu erkennen, auf welche Artikel du Zugriff hast.<\/p>\n\n\n\n<ul class=\"wp-block-list\">\n<li><a href=\"#fake_news\">Fake News<\/a><\/li>\n\n\n\n<li><a href=\"#prompting\">Prompting<\/a><\/li>\n\n\n\n<li><a href=\"#tools\">KI-Tools<\/a><\/li>\n<\/ul>\n\n\n\n<div class=\"wp-block-group\" style=\"padding-top:3em;padding-right:10rem;padding-bottom:3em;padding-left:10rem\"><div class=\"wp-block-group__inner-container is-layout-constrained wp-container-core-group-is-layout-0682ed28 wp-block-group-is-layout-constrained\">\n<hr class=\"wp-block-separator alignwide has-alpha-channel-opacity is-style-wide\"\/>\n<\/div><\/div>\n\n\n\n<h2 class=\"wp-block-heading\" id=\"fake_news\">Fake News<\/h2>\n\n\n\n<div class=\"wp-block-media-text is-stacked-on-mobile\" style=\"grid-template-columns:35% auto\"><figure class=\"wp-block-media-text__media\"><img loading=\"lazy\" decoding=\"async\" width=\"1024\" height=\"870\" src=\"https:\/\/library.wu.ac.at\/bib\/fit4research\/wp-content\/uploads\/2023\/12\/Fake-News_bearbeitet_transparent-01-1024x870.png\" alt=\"\" class=\"wp-image-3897 size-full\" srcset=\"https:\/\/library.wu.ac.at\/bib\/fit4research\/wp-content\/uploads\/2023\/12\/Fake-News_bearbeitet_transparent-01-1024x870.png 1024w, https:\/\/library.wu.ac.at\/bib\/fit4research\/wp-content\/uploads\/2023\/12\/Fake-News_bearbeitet_transparent-01-300x255.png 300w, https:\/\/library.wu.ac.at\/bib\/fit4research\/wp-content\/uploads\/2023\/12\/Fake-News_bearbeitet_transparent-01-768x653.png 768w, https:\/\/library.wu.ac.at\/bib\/fit4research\/wp-content\/uploads\/2023\/12\/Fake-News_bearbeitet_transparent-01-1536x1306.png 1536w, https:\/\/library.wu.ac.at\/bib\/fit4research\/wp-content\/uploads\/2023\/12\/Fake-News_bearbeitet_transparent-01-2048x1741.png 2048w, https:\/\/library.wu.ac.at\/bib\/fit4research\/wp-content\/uploads\/2023\/12\/Fake-News_bearbeitet_transparent-01-1568x1333.png 1568w\" sizes=\"auto, (max-width: 1024px) 100vw, 1024px\" \/><\/figure><div class=\"wp-block-media-text__content\">\n<p>Fake News zu erkennen kann eine Herausforderung f\u00fcr dich sein. Aber es gibt Tools und Fragen, mit denen es dir leichter f\u00e4llt. Auf <a href=\"https:\/\/www.saferinternet.at\/faq\/informationskompetenz\/welche-faktenchecker-gibt-es\" target=\"_blank\" rel=\"noreferrer noopener\">dieser Website<\/a> findest du einige Faktenchecker. Sie haben es sich zur Aufgabe gemacht, Informationen zu Geschichten zu recherchieren und so Fake News aufzudecken. <\/p>\n\n\n\n<p>Wenn du eine Story hast, die du selbst \u00fcberpr\u00fcfen m\u00f6chtest, kannst du den <a href=\"https:\/\/library.wu.ac.at\/bib\/fit4research\/index.php\/fit4research-start\/wissenschaftliche-quellen-bewerten\/suchergebnisse-bewerten-mach-den-schnelltest\/\" data-type=\"page\" data-id=\"96\">CRAAP-Test<\/a> verwenden. Auf <a href=\"https:\/\/www.saferinternet.at\/faq\/informationskompetenz\/wie-ueberpruefe-ich-onlineinhalte\">dieser weiteren Liste<\/a> sind die Punkte bereits angepasst und beziehen sich auf das Checken von News.<\/p>\n<\/div><\/div>\n\n\n\n<div class=\"wp-block-group\" style=\"padding-top:3em;padding-right:10rem;padding-bottom:3em;padding-left:10rem\"><div class=\"wp-block-group__inner-container is-layout-constrained wp-container-core-group-is-layout-0682ed28 wp-block-group-is-layout-constrained\">\n<hr class=\"wp-block-separator alignwide has-alpha-channel-opacity is-style-wide\"\/>\n<\/div><\/div>\n\n\n\n<h2 class=\"wp-block-heading\" id=\"prompting\">Prompting<\/h2>\n\n\n\n<p>Large Language Models (LLMs) wie ChatGPT erstellen ihre Antworten basierend auf den Textbefehlen (Prompts), die du als User*in eingibst. Der Output des Modells ist direkt von den gesendeten Prompts abh\u00e4ngig: Bessere Prompts liefern also auch Antworten von h\u00f6herer Qualit\u00e4t! Mit gutem <em>Prompting<\/em> kannst du dir in der Arbeit mit KI-Tools viel Zeit und Frustration ersparen. Die &#8222;Kunst&#8220; des guten Prompting wird auch als <em>Prompt Engineering<\/em> bezeichnet. Aber wie sieht ein solcher &#8222;guter&#8220; Prompt aus?<\/p>\n\n\n\n<p>Ganz allgemein gilt auch hier: \u00dcbung ist alles! Die Qualit\u00e4t deiner Prompts verbessert sich ganz von selbst, je mehr Erfahrung du im Umgang mit KI-Tools sammelst. Wie genau ein erfolgreicher Prompt aussieht, ist situationsabh\u00e4ngig. Trotzdem gibt es ein paar Tipps, die dir dabei helfen k\u00f6nnen, bessere Ergebnisse zu erzielen:<\/p>\n\n\n\n<ul class=\"wp-block-list\">\n<li><strong>Sei spezifisch<\/strong>: Oberfl\u00e4chliche Prompts liefern in aller Regel auch oberfl\u00e4chliche Antworten. Deshalb kannst du den Output von KI-Modellen schnell verbessern, indem du Prompts so spezifisch wie m\u00f6glich ausformulierst. Definiere deine Ausgangssituation und die Rahmenbedingungen und formuliere genau, was du dir von der Antwort erwartest. Je weniger Spielraum die KI hat, desto eher wird ihre Antwort deinen Erwartungen entsprechen.<br><strong>Beispiel<\/strong>: &#8222;Ich studiere Internationale Betriebswirtschaft und arbeite an meiner Bachelorarbeit zum Thema &#8222;Nachhaltiger Konsum &#8211; wie entscheiden wir, was wir kaufen?&#8220;. Ich m\u00f6chte in der Arbeit einen historischen \u00dcberblick \u00fcber die Entwicklung von nachhaltigem Konsum geben und die Strategien von Unternehmen anhand von Case Studies analysieren. Gib mir ein Beispiel f\u00fcr die Gliederung meiner Arbeit.&#8220;<\/li>\n\n\n\n<li><strong>Wiederhole dich<\/strong>: Es ist m\u00f6glich, die Antworten von KI-Modellen zu verbessern, indem du die Arbeitsanweisungen am Ende des Prompts wiederholst. Dabei definierst du also zuerst die Aufgabenstellung, dann lieferst du die n\u00f6tigen Details, Beispiele und weitere Informationen und beendest den Prompt schlie\u00dflich mit einer Wiederholung der Anweisung vom Anfang.<\/li>\n\n\n\n<li><strong>Gib Beispiele<\/strong>: Du kannst dem Modell zeigen, wie es sich verhalten soll, indem du in deinem Prompt eine Reihe an Beispielen inkludierst. Ohne Beispiele kann die KI sonst nur &#8222;raten&#8220;, wie sie die Aufgabe bearbeiten soll.<\/li>\n\n\n\n<li><strong>Vergib eine Rolle<\/strong>: Es kann auch n\u00fctzlich sein, der KI ganz am Anfang eine Rolle als Expert*in zuzuweisen. Diese Rolle beeinflusst, wie deine Aufgabenstellung bearbeitet wird.<br><strong>Beispiel<\/strong>: &#8222;Du bist ein professioneller \u00dcbersetzer. \u00dcbersetze folgenden Text ins Englische: (&#8230;)&#8220;<br>&#8222;Du bist eine erfahrene Lektorin. Verbessere den Satzbau und die Lesbarkeit des folgenden Textes: (&#8230;)&#8220;<\/li>\n\n\n\n<li><strong>Gliedere die Aufgabe<\/strong>: Oft liefern LLMs bessere Antworten, wenn die Aufgabenstellung in kleinere Schritte gegliedert wird. Beschreibe dem KI-Modell Schritt f\u00fcr Schritt (und so genau wie m\u00f6glich) was zu tun ist, um den Task zu deiner Zufriedenheit zu erf\u00fcllen.<\/li>\n<\/ul>\n\n\n\n<p><strong>Zum Nachlesen<\/strong>: N\u00e4here Informationen rund um <em>Prompt Engineering<\/em> findest du hier:<\/p>\n\n\n\n<ul class=\"wp-block-list\">\n<li>Der Standard: <a href=\"https:\/\/www.derstandard.at\/story\/2000142293035\/chat-gpt-mit-diesen-tipps-schreibt-die-kuenstliche-intelligenz-bessere\" data-type=\"link\" data-id=\"https:\/\/www.derstandard.at\/story\/2000142293035\/chat-gpt-mit-diesen-tipps-schreibt-die-kuenstliche-intelligenz-bessere\" target=\"_blank\" rel=\"noreferrer noopener\">Chat GPT: Mit diesen Tipps schreibt die k\u00fcnstliche Intelligenz bessere Texte [05.01.2023]<\/a><\/li>\n<\/ul>\n\n\n\n<ul class=\"wp-block-list\">\n<li>Microsoft: <a href=\"https:\/\/learn.microsoft.com\/en-us\/azure\/ai-services\/openai\/concepts\/prompt-engineering\" data-type=\"link\" data-id=\"https:\/\/learn.microsoft.com\/en-us\/azure\/ai-services\/openai\/concepts\/prompt-engineering\" target=\"_blank\" rel=\"noreferrer noopener\">Introduction to prompt engineering<\/a> und <a href=\"https:\/\/learn.microsoft.com\/en-us\/azure\/ai-services\/openai\/concepts\/advanced-prompt-engineering?pivots=programming-language-chat-completions\" data-type=\"link\" data-id=\"https:\/\/learn.microsoft.com\/en-us\/azure\/ai-services\/openai\/concepts\/advanced-prompt-engineering?pivots=programming-language-chat-completions\">Prompt engineering techniques<\/a><\/li>\n<\/ul>\n\n\n\n<div class=\"wp-block-group\" style=\"padding-top:3em;padding-right:10rem;padding-bottom:3em;padding-left:10rem\"><div class=\"wp-block-group__inner-container is-layout-constrained wp-container-core-group-is-layout-0682ed28 wp-block-group-is-layout-constrained\">\n<hr class=\"wp-block-separator alignwide has-alpha-channel-opacity is-style-wide\"\/>\n<\/div><\/div>\n\n\n\n<h2 class=\"wp-block-heading\" id=\"tools\">KI-Tools<\/h2>\n\n\n\n<p>Bei deiner Literaturrecherche k\u00f6nnen dich KI-Tools unterst\u00fctzen. Um sie bestm\u00f6glich einzusetzen, solltest du verstehen, was ihre jeweiligen St\u00e4rken und Einschr\u00e4nkungen sind. In diesem Kapitel findest du deshalb die Dos and Don\u2019ts im Umgang mit dem beliebten Large Language Modell ChatGPT, sowie Infos zu zwei weiteren n\u00fctzlichen KI-Tools. Au\u00dferdem gibt es <a href=\"https:\/\/www.vkkiwa.de\/ki-ressourcen\/\" target=\"_blank\" rel=\"noreferrer noopener\">diese Liste<\/a> mit weiteren Tools, die dir im Zusammenhang mit deinem Studium n\u00fctzlich sein k\u00f6nnen.<\/p>\n\n\n\n<p>KI-Tools wie ChatGPT basieren auf Large Language Models (LLMs), die in <a href=\"https:\/\/www.youtube.com\/watch?v=-c8ogAwX6KI&amp;t=797s\" target=\"_blank\" rel=\"noreferrer noopener\">diesem Video<\/a> erkl\u00e4rt werden.<\/p>\n\n\n\n<h3 class=\"wp-block-heading\" id=\"chatgpt\">ChatGPT<\/h3>\n\n\n\n<p class=\"has-blue-background-color has-background\"><strong>Hinweis:<\/strong> Um ChatGPT zu nutzen, m\u00fcssen Studierende ein privates Konto anlegen. Die WU bietet keine Studierenden-Lizenzen f\u00fcr ChatGPT-4.<\/p>\n\n\n\n<p>ChatGPT ist das zurzeit wohl bekannteste KI-Tool. Trotzdem ist seinen Nutzer*innen oft nicht klar, was es gut kann und wof\u00fcr es eher ungeeignet ist. In der Tabelle findest du einen \u00dcberblick dar\u00fcber, wie du ChatGPT bei der Literaturrecherche am besten nutzen kannst.<\/p>\n\n\n\n<figure class=\"wp-block-table is-style-stripes\"><table class=\"has-blue-background-color has-background has-fixed-layout\"><thead><tr><th>Do<\/th><th>Don&#8217;t<\/th><\/tr><\/thead><tbody><tr><td>Passende Suchbegriffe f\u00fcr ein Thema formulieren<\/td><td>Nach Quellen f\u00fcr eine Arbeit suchen<\/td><\/tr><tr><td>Suchstrings erstellen<\/td><td>Nach Fakten recherchieren<\/td><\/tr><tr><td>Texte umformulieren &amp; \u00fcbersetzen<\/td><td><\/td><\/tr><\/tbody><\/table><\/figure>\n\n\n\n<div class=\"wp-block-media-text has-media-on-the-right is-stacked-on-mobile\"><div class=\"wp-block-media-text__content\">\n<p>ChatGPT kann sehr hilfreich sein, wenn du Unterst\u00fctzung bei der Suche nach <a href=\"https:\/\/library.wu.ac.at\/bib\/fit4research\/index.php\/fit4research-start\/wie-finde-ich\/literatur-zu-einem-thema\/suchbegriffe-richtig-auswaehlen\/\" data-type=\"link\" data-id=\"https:\/\/library.wu.ac.at\/bib\/fit4research\/index.php\/fit4research-start\/wie-finde-ich\/literatur-zu-einem-thema\/suchbegriffe-richtig-auswaehlen\/\">passenden Suchbegriffen<\/a> f\u00fcr dein Thema brauchst, oder Suchstrings f\u00fcr die Suche in Katalogen oder Datenbanken erstellen m\u00f6chtest. Auch beim Umformulieren oder \u00dcbersetzen von Texten kann ChatGPT dir helfen, z.B. um komplizierte Literatur zu verstehen.<\/p>\n\n\n\n<p>Verwende ChatGPT nicht um Quellen f\u00fcr deine Arbeit zu finden oder inhaltliche Informationen davon zu \u00fcbernehmen \u2013 ChatGPT \u201eerfindet\u201c n\u00e4mlich gerne Quellen oder plausibel klingende Fakten. Aus diesem Grund ist es wichtig, alle Inhalte von ChatGPT unbedingt gr\u00fcndlich auf ihre Richtigkeit zu pr\u00fcfen.<\/p>\n\n\n\n<p><strong>Zu finden unter:<\/strong> <a href=\"https:\/\/chat.openai.com\/\">https:\/\/chat.openai.com\/<\/a><\/p>\n<\/div><figure class=\"wp-block-media-text__media\"><img loading=\"lazy\" decoding=\"async\" width=\"667\" height=\"825\" src=\"https:\/\/library.wu.ac.at\/bib\/fit4research\/wp-content\/uploads\/2023\/10\/ChatGPT_Suchbegriffe-2.png\" alt=\"Screenshot aus ChatGPT mit der Prompt \u201eDas Thema meiner Seminararbeit ist: Nachhaltiger Konsum \u2013 wie entscheiden wir, was wir kaufen?\u201c Gib mir Suchbegriffe auf Deutsch und Englisch f\u00fcr die Suche nach wissenschaftlichen Artikeln. ChatGPT f\u00fchrt darunter eine Reihe an Suchbegriffen auf.\" class=\"wp-image-2805 size-full\" srcset=\"https:\/\/library.wu.ac.at\/bib\/fit4research\/wp-content\/uploads\/2023\/10\/ChatGPT_Suchbegriffe-2.png 667w, https:\/\/library.wu.ac.at\/bib\/fit4research\/wp-content\/uploads\/2023\/10\/ChatGPT_Suchbegriffe-2-243x300.png 243w\" sizes=\"auto, (max-width: 667px) 100vw, 667px\" \/><\/figure><\/div>\n\n\n\n<div class=\"wp-block-group\" style=\"padding-top:3em;padding-right:10rem;padding-bottom:3em;padding-left:10rem\"><div class=\"wp-block-group__inner-container is-layout-constrained wp-container-core-group-is-layout-0682ed28 wp-block-group-is-layout-constrained\">\n<hr class=\"wp-block-separator alignwide has-alpha-channel-opacity is-style-wide\"\/>\n<\/div><\/div>\n\n\n\n<h3 class=\"wp-block-heading\" id=\"inciteful\">Inciteful<\/h3>\n\n\n\n<p>Inciteful verarbeitet die Literaturverweise in Artikeln und kann dir so bei deiner Recherche nach relevanter Literatur helfen. Besonders spannend ist das <em>Paper Discovery<\/em> Tool. Dabei sucht Inciteful basierend auf einem relevanten Artikel, den du bereits gefunden hast, nach anderen passenden Quellen. Die \u00e4hnlichsten Artikel werden in einem Netzwerk grafisch dargestellt.<\/p>\n\n\n\n<p><strong>Praktisch<\/strong>: F\u00fcr Inciteful gibt es auch ein Zotero-Plugin.<\/p>\n\n\n\n<p><strong>Zu finden unter:<\/strong> <a href=\"https:\/\/inciteful.xyz\/\">https:\/\/inciteful.xyz\/<\/a><\/p>\n\n\n\n<div class=\"wp-block-columns is-layout-flex wp-container-core-columns-is-layout-9d6595d7 wp-block-columns-is-layout-flex\">\n<div class=\"wp-block-column is-layout-flow wp-block-column-is-layout-flow\">\n<figure class=\"wp-block-image size-large\"><img loading=\"lazy\" decoding=\"async\" width=\"1024\" height=\"403\" src=\"https:\/\/library.wu.ac.at\/bib\/fit4research\/wp-content\/uploads\/2023\/10\/Inciteful_Info-1024x403.png\" alt=\"\" class=\"wp-image-2801\" srcset=\"https:\/\/library.wu.ac.at\/bib\/fit4research\/wp-content\/uploads\/2023\/10\/Inciteful_Info-1024x403.png 1024w, https:\/\/library.wu.ac.at\/bib\/fit4research\/wp-content\/uploads\/2023\/10\/Inciteful_Info-300x118.png 300w, https:\/\/library.wu.ac.at\/bib\/fit4research\/wp-content\/uploads\/2023\/10\/Inciteful_Info-768x302.png 768w, https:\/\/library.wu.ac.at\/bib\/fit4research\/wp-content\/uploads\/2023\/10\/Inciteful_Info.png 1248w\" sizes=\"auto, (max-width: 1024px) 100vw, 1024px\" \/><\/figure>\n<\/div>\n\n\n\n<div class=\"wp-block-column is-layout-flow wp-block-column-is-layout-flow\">\n<figure class=\"wp-block-image size-full\"><img loading=\"lazy\" decoding=\"async\" width=\"933\" height=\"381\" src=\"https:\/\/library.wu.ac.at\/bib\/fit4research\/wp-content\/uploads\/2023\/10\/Inciteful_Netz.png\" alt=\"\" class=\"wp-image-2802\" srcset=\"https:\/\/library.wu.ac.at\/bib\/fit4research\/wp-content\/uploads\/2023\/10\/Inciteful_Netz.png 933w, https:\/\/library.wu.ac.at\/bib\/fit4research\/wp-content\/uploads\/2023\/10\/Inciteful_Netz-300x123.png 300w, https:\/\/library.wu.ac.at\/bib\/fit4research\/wp-content\/uploads\/2023\/10\/Inciteful_Netz-768x314.png 768w\" sizes=\"auto, (max-width: 933px) 100vw, 933px\" \/><\/figure>\n<\/div>\n<\/div>\n\n\n\n<div class=\"wp-block-group\" style=\"padding-top:3em;padding-right:10rem;padding-bottom:3em;padding-left:10rem\"><div class=\"wp-block-group__inner-container is-layout-constrained wp-container-core-group-is-layout-0682ed28 wp-block-group-is-layout-constrained\">\n<hr class=\"wp-block-separator alignwide has-alpha-channel-opacity is-style-wide\"\/>\n<\/div><\/div>\n\n\n\n<h3 class=\"wp-block-heading\" id=\"semanticscholar\">Semantic Scholar<\/h3>\n\n\n\n<p>In Semantic Scholar kannst du nach Literatur suchen und bekommst sofort die relevanten Informationen zu den Artikeln. So siehst du auf einen Blick das Abstract und alle Abbildungen bzw. Tabellen aus dem Text und kannst schnell entscheiden, ob ein Artikel relevant f\u00fcr deine Arbeit ist. Semantic Scholar gibt dir au\u00dferdem einen \u00dcberblick \u00fcber die Literaturverweise aus dem Artikel, sowie \u00fcber andere Artikel, die diesen zitieren. Unter der \u00dcberschrift <em>Related Papers<\/em> werden dir \u00e4hnliche Artikel angezeigt.<\/p>\n\n\n\n<p><strong>Zu finden unter:<\/strong> <a href=\"https:\/\/www.semanticscholar.org\/\">https:\/\/www.semanticscholar.org\/<\/a><\/p>\n\n\n\n<figure class=\"wp-block-image size-large\"><img loading=\"lazy\" decoding=\"async\" width=\"1024\" height=\"640\" src=\"https:\/\/library.wu.ac.at\/bib\/fit4research\/wp-content\/uploads\/2023\/10\/Semantic-Scholar_Ueberblick_mit-Rahmen-1024x640.png\" alt=\"\" class=\"wp-image-2808\" srcset=\"https:\/\/library.wu.ac.at\/bib\/fit4research\/wp-content\/uploads\/2023\/10\/Semantic-Scholar_Ueberblick_mit-Rahmen-1024x640.png 1024w, https:\/\/library.wu.ac.at\/bib\/fit4research\/wp-content\/uploads\/2023\/10\/Semantic-Scholar_Ueberblick_mit-Rahmen-300x187.png 300w, https:\/\/library.wu.ac.at\/bib\/fit4research\/wp-content\/uploads\/2023\/10\/Semantic-Scholar_Ueberblick_mit-Rahmen-768x480.png 768w, https:\/\/library.wu.ac.at\/bib\/fit4research\/wp-content\/uploads\/2023\/10\/Semantic-Scholar_Ueberblick_mit-Rahmen-1536x960.png 1536w, https:\/\/library.wu.ac.at\/bib\/fit4research\/wp-content\/uploads\/2023\/10\/Semantic-Scholar_Ueberblick_mit-Rahmen-2048x1279.png 2048w, https:\/\/library.wu.ac.at\/bib\/fit4research\/wp-content\/uploads\/2023\/10\/Semantic-Scholar_Ueberblick_mit-Rahmen-1568x980.png 1568w\" sizes=\"auto, (max-width: 1024px) 100vw, 1024px\" \/><\/figure>\n\n\n\n<div class=\"wp-block-group\"><div class=\"wp-block-group__inner-container is-layout-constrained wp-block-group-is-layout-constrained\">\n<div class=\"wp-block-columns is-layout-flex wp-container-core-columns-is-layout-9d6595d7 wp-block-columns-is-layout-flex\">\n<div class=\"wp-block-column is-layout-flow wp-block-column-is-layout-flow\"><\/div>\n\n\n\n<div class=\"wp-block-column is-layout-flow wp-block-column-is-layout-flow\"><\/div>\n<\/div>\n<\/div><\/div>\n","protected":false},"excerpt":{"rendered":"<p>K\u00fcnstliche Intelligenz (KI) ver\u00e4ndert auch dein Studium. Einiges wird einfacher, aber viele Dinge werden un\u00fcbersichtlicher und du musst dich st\u00e4ndig neu orientieren. Hier findest du Informationen dazu, wie du Fake News erkennst, welche KI-Tools dir im Studium helfen k\u00f6nnen und was Prompting ist. Einen \u00dcberblick \u00fcber wichtige Informationen und aktuelle Kurse rund um das Thema&hellip; <a class=\"more-link\" href=\"https:\/\/library.wu.ac.at\/bib\/fit4research\/index.php\/fit4research-start\/wu-katalog-google-scholar-co-deine-tools-fuer-die-suche\/ki-tools\/\">Continue reading <span class=\"screen-reader-text\">KI nutzen<\/span><\/a><\/p>\n","protected":false},"author":2,"featured_media":0,"parent":42,"menu_order":3,"comment_status":"closed","ping_status":"closed","template":"","meta":{"footnotes":""},"class_list":["post-65","page","type-page","status-publish","hentry","entry"],"_links":{"self":[{"href":"https:\/\/library.wu.ac.at\/bib\/fit4research\/index.php\/wp-json\/wp\/v2\/pages\/65","targetHints":{"allow":["GET"]}}],"collection":[{"href":"https:\/\/library.wu.ac.at\/bib\/fit4research\/index.php\/wp-json\/wp\/v2\/pages"}],"about":[{"href":"https:\/\/library.wu.ac.at\/bib\/fit4research\/index.php\/wp-json\/wp\/v2\/types\/page"}],"author":[{"embeddable":true,"href":"https:\/\/library.wu.ac.at\/bib\/fit4research\/index.php\/wp-json\/wp\/v2\/users\/2"}],"replies":[{"embeddable":true,"href":"https:\/\/library.wu.ac.at\/bib\/fit4research\/index.php\/wp-json\/wp\/v2\/comments?post=65"}],"version-history":[{"count":36,"href":"https:\/\/library.wu.ac.at\/bib\/fit4research\/index.php\/wp-json\/wp\/v2\/pages\/65\/revisions"}],"predecessor-version":[{"id":4798,"href":"https:\/\/library.wu.ac.at\/bib\/fit4research\/index.php\/wp-json\/wp\/v2\/pages\/65\/revisions\/4798"}],"up":[{"embeddable":true,"href":"https:\/\/library.wu.ac.at\/bib\/fit4research\/index.php\/wp-json\/wp\/v2\/pages\/42"}],"wp:attachment":[{"href":"https:\/\/library.wu.ac.at\/bib\/fit4research\/index.php\/wp-json\/wp\/v2\/media?parent=65"}],"curies":[{"name":"wp","href":"https:\/\/api.w.org\/{rel}","templated":true}]}}