{"id":63,"date":"2023-07-18T15:10:00","date_gmt":"2023-07-18T13:10:00","guid":{"rendered":"https:\/\/library.wu.ac.at\/bib\/fit4research\/?page_id=63"},"modified":"2024-04-15T14:16:50","modified_gmt":"2024-04-15T12:16:50","slug":"datenbanken","status":"publish","type":"page","link":"https:\/\/library.wu.ac.at\/bib\/fit4research\/index.php\/fit4research-start\/wu-katalog-google-scholar-co-deine-tools-fuer-die-suche\/datenbanken\/","title":{"rendered":"Datenbanken"},"content":{"rendered":"\n<p>Sp\u00e4testens f\u00fcr deine Bachelorarbeit brauchst du aktuelle Literatur aus wissenschaftlichen <a href=\"https:\/\/library.wu.ac.at\/bib\/fit4research\/index.php\/fit4research-start\/wu-katalog-google-scholar-co-deine-tools-fuer-die-suche\/wu-katalog\/zeitschriften\/\" data-type=\"link\" data-id=\"https:\/\/library.wu.ac.at\/bib\/fit4research\/index.php\/fit4research-start\/wu-katalog-google-scholar-co-deine-tools-fuer-die-suche\/wu-katalog\/zeitschriften\/\">Zeitschriften<\/a>. F\u00fcr eine schnelle Suche danach kannst du zwar den <a href=\"https:\/\/library.wu.ac.at\/bib\/fit4research\/index.php\/fit4research-start\/wu-katalog-google-scholar-co-deine-tools-fuer-die-suche\/wu-katalog\/katalogplus\/\" data-type=\"link\" data-id=\"https:\/\/library.wu.ac.at\/bib\/fit4research\/index.php\/fit4research-start\/wu-katalog-google-scholar-co-deine-tools-fuer-die-suche\/wu-katalog\/katalogplus\/\">KatalogPLUS<\/a> oder <a href=\"https:\/\/library.wu.ac.at\/bib\/fit4research\/index.php\/fit4research-start\/wu-katalog-google-scholar-co-deine-tools-fuer-die-suche\/internet\/google-scholar\/\" data-type=\"link\" data-id=\"https:\/\/library.wu.ac.at\/bib\/fit4research\/index.php\/fit4research-start\/wu-katalog-google-scholar-co-deine-tools-fuer-die-suche\/internet\/google-scholar\/\">Google Scholar<\/a> verwenden, die mit Abstand beste Quelle f\u00fcr wissenschaftliche Artikel sind aber nach wie vor <em>Literaturdatenbanken<\/em>. Weder der KatalogPLUS noch Google Scholar verzeichnen n\u00e4mlich alle wissenschaftlichen Artikel, auf die du \u00fcber die WU Bibliothek Zugriff hast. Ohne Literaturdatenbanken k\u00f6nnten dir also wichtige Quellen entgehen!<\/p>\n\n\n\n<p>Zugang&nbsp;und&nbsp;Informationen&nbsp;zu den einzelnen Datenbanken, die von der WU lizenziert sind, bekommst du auf der&nbsp;<a href=\"https:\/\/www.wu.ac.at\/bibliothek\/recherche\/datenbanken\/\" target=\"_blank\" rel=\"noreferrer noopener\">Webseite der Universit\u00e4tsbibliothek<\/a>.<\/p>\n\n\n\n<ul class=\"wp-block-list\">\n<li><a href=\"#was\" data-type=\"internal\" data-id=\"#was\">Was ist eine Datenbank?<\/a><\/li>\n\n\n\n<li><a href=\"#welche\" data-type=\"internal\" data-id=\"#welche\">Welche Datenbank soll ich verwenden?<\/a><\/li>\n\n\n\n<li><a href=\"#weitersuchen\" data-type=\"internal\" data-id=\"#weitersuchen\">Ich habe einen passenden Artikel gefunden. Wie finde ich \u00e4hnliche Artikel?<\/a><\/li>\n\n\n\n<li><a href=\"#zugriff\" data-type=\"internal\" data-id=\"#zugriff\">Was kann ich tun, wenn die Datenbank keinen Zugriff auf den Volltext des Artikels bietet?<\/a><\/li>\n\n\n\n<li><a href=\"#video\" data-type=\"internal\" data-id=\"#video\">Videotutorials<\/a><\/li>\n<\/ul>\n\n\n\n<div class=\"wp-block-group\" style=\"padding-top:3em;padding-right:10rem;padding-bottom:3em;padding-left:10rem\"><div class=\"wp-block-group__inner-container is-layout-constrained wp-container-core-group-is-layout-0682ed28 wp-block-group-is-layout-constrained\">\n<hr class=\"wp-block-separator alignwide has-alpha-channel-opacity is-style-wide\"\/>\n<\/div><\/div>\n\n\n\n<h2 class=\"wp-block-heading\" id=\"was\">Was ist eine Datenbank?<\/h2>\n\n\n\n<div class=\"wp-block-media-text has-media-on-the-right is-stacked-on-mobile\" style=\"grid-template-columns:auto 33%\"><div class=\"wp-block-media-text__content\">\n<p>Du kannst dir eine Datenbank als digitales Archiv vorstellen. Es gibt verschiedene Arten von Datenbanken:<\/p>\n\n\n\n<p>In <strong>Literaturdatenbanken <\/strong>findest du die Info, welche Artikel in welchen Zeitschriften erschienen sind. Oft kannst du die PDFs der Artikel auch schon in der Datenbank herunterladen oder hast einen Button, mit dem du \u00fcberpr\u00fcfen kannst, ob es den Artikel \u00fcber die WU Bibliothek zum Herunterladen gibt.<\/p>\n\n\n\n<p>Eine andere Art von Datenbanken sind jene, in denen du <strong>Daten, Kennzahlen oder Analysen<\/strong> findest. Das k\u00f6nnen Finanzdaten sein, statistische Daten, Marktdaten, SWOT- oder PESTLE-Analysen und vieles mehr.<\/p>\n\n\n\n<p>Was alle Datenbanken gemeinsam haben: Die enthaltenen Informationen sind einheitlich und strukturiert beschrieben. Dadurch kannst du die Datenbanken sehr effizient nach verschiedenen Kriterien durchsuchen und mit <a href=\"https:\/\/library.wu.ac.at\/bib\/fit4research\/index.php\/fit4research-start\/wie-finde-ich\/literatur-zu-einem-thema\/die-suchstrategie\/\" data-type=\"link\" data-id=\"https:\/\/library.wu.ac.at\/bib\/fit4research\/index.php\/fit4research-start\/wie-finde-ich\/literatur-zu-einem-thema\/die-suchstrategie\/\">der richtigen Strategie<\/a> rasch zu den Infos kommen, die du brauchst.<\/p>\n\n\n\n<p>Auf dieser Seite legen wir den Fokus auf <em>Literaturdatenbanken <\/em>\u2013 mit diesen findest du wissenschaftliche Literatur f\u00fcr Seminar- oder Abschlussarbeiten.<\/p>\n<\/div><figure class=\"wp-block-media-text__media\"><img loading=\"lazy\" decoding=\"async\" width=\"1016\" height=\"1024\" src=\"https:\/\/library.wu.ac.at\/bib\/fit4research\/wp-content\/uploads\/2024\/02\/Datenbanken_Archiv_WU-Farben-1016x1024.png\" alt=\"\" class=\"wp-image-4296 size-full\" srcset=\"https:\/\/library.wu.ac.at\/bib\/fit4research\/wp-content\/uploads\/2024\/02\/Datenbanken_Archiv_WU-Farben-1016x1024.png 1016w, https:\/\/library.wu.ac.at\/bib\/fit4research\/wp-content\/uploads\/2024\/02\/Datenbanken_Archiv_WU-Farben-298x300.png 298w, https:\/\/library.wu.ac.at\/bib\/fit4research\/wp-content\/uploads\/2024\/02\/Datenbanken_Archiv_WU-Farben-150x150.png 150w, https:\/\/library.wu.ac.at\/bib\/fit4research\/wp-content\/uploads\/2024\/02\/Datenbanken_Archiv_WU-Farben-768x774.png 768w, https:\/\/library.wu.ac.at\/bib\/fit4research\/wp-content\/uploads\/2024\/02\/Datenbanken_Archiv_WU-Farben-1525x1536.png 1525w, https:\/\/library.wu.ac.at\/bib\/fit4research\/wp-content\/uploads\/2024\/02\/Datenbanken_Archiv_WU-Farben-2033x2048.png 2033w, https:\/\/library.wu.ac.at\/bib\/fit4research\/wp-content\/uploads\/2024\/02\/Datenbanken_Archiv_WU-Farben-1568x1580.png 1568w\" sizes=\"auto, (max-width: 1016px) 100vw, 1016px\" \/><\/figure><\/div>\n\n\n\n<p class=\"has-blue-background-color has-background\"><strong>Tipp<\/strong>: Du bist auf der Suche nach Finanzdaten? Im Abschnitt <a href=\"https:\/\/library.wu.ac.at\/bib\/fit4research\/index.php\/finanzdaten\/\" data-type=\"link\" data-id=\"https:\/\/library.wu.ac.at\/bib\/fit4research\/index.php\/finanzdaten\/\">Finanzdaten<\/a> findest du alle relevanten Informationen, sowie Anleitungen und Unterst\u00fctzung bei der Auswahl der richtigen Finanzdatenbank.<\/p>\n\n\n\n<div class=\"wp-block-group\" style=\"padding-top:3em;padding-right:10rem;padding-bottom:3em;padding-left:10rem\"><div class=\"wp-block-group__inner-container is-layout-constrained wp-container-core-group-is-layout-0682ed28 wp-block-group-is-layout-constrained\">\n<hr class=\"wp-block-separator alignwide has-alpha-channel-opacity is-style-wide\"\/>\n<\/div><\/div>\n\n\n\n<h2 class=\"wp-block-heading\" id=\"welche\">Welche Datenbank soll ich verwenden?<\/h2>\n\n\n\n<p>Welche Datenbank sich f\u00fcr deine Zwecke am besten eignet, kommt ganz darauf an, wonach du suchst. Welcher Fachbereich interessiert dich? Brauchst du wissenschaftliche Literatur, Brancheninformationen, statistische Daten?<\/p>\n\n\n\n<p>Auf der <a href=\"https:\/\/www.wu.ac.at\/bibliothek\/recherche\/datenbanken\/\" data-type=\"link\" data-id=\"https:\/\/www.wu.ac.at\/bibliothek\/recherche\/datenbanken\/\" target=\"_blank\" rel=\"noreferrer noopener\">Webseite der Universit\u00e4tsbibliothek<\/a> findest du Informationen zu allen verf\u00fcgbaren Datenbanken und den jeweiligen Zugangsbedingungen.<\/p>\n\n\n\n<div class=\"wp-block-media-text has-media-on-the-right is-stacked-on-mobile\"><div class=\"wp-block-media-text__content\">\n<p>Um in dieser Auswahl jene Datenbanken zu finden, die f\u00fcr dich interessant sind, gibt es auf der Website der Universit\u00e4tsbibliothek ein <a href=\"https:\/\/www.wu.ac.at\/bibliothek\/recherche\/datenbanken\/auswahl-von-datenbanken\/\" data-type=\"link\" data-id=\"https:\/\/www.wu.ac.at\/bibliothek\/recherche\/datenbanken\/auswahl-von-datenbanken\/\" target=\"_blank\" rel=\"noreferrer noopener\">Auswahlformular<\/a>. Dort kannst du ganz einfach ausw\u00e4hlen, welche Fachbereiche und Informationstypen dich interessieren. Zus\u00e4tzlich kannst du eine Sprachauswahl treffen. Du erh\u00e4ltst daraufhin eine personalisierte Liste mit passenden Datenbanken.<\/p>\n\n\n\n<p class=\"has-blue-background-color has-background\"><strong>Tipp<\/strong>: Beachte bei der Sprachauswahl, dass die Mehrheit der Artikel in Literaturdatenbanken auf Englisch vorliegen!<\/p>\n<\/div><figure class=\"wp-block-media-text__media\"><img loading=\"lazy\" decoding=\"async\" width=\"797\" height=\"535\" src=\"https:\/\/library.wu.ac.at\/bib\/fit4research\/wp-content\/uploads\/2023\/08\/image-62.png\" alt=\"\" class=\"wp-image-725 size-full\" srcset=\"https:\/\/library.wu.ac.at\/bib\/fit4research\/wp-content\/uploads\/2023\/08\/image-62.png 797w, https:\/\/library.wu.ac.at\/bib\/fit4research\/wp-content\/uploads\/2023\/08\/image-62-300x201.png 300w, https:\/\/library.wu.ac.at\/bib\/fit4research\/wp-content\/uploads\/2023\/08\/image-62-768x516.png 768w\" sizes=\"auto, (max-width: 797px) 100vw, 797px\" \/><\/figure><\/div>\n\n\n\n<h3 class=\"wp-block-heading\">Du wei\u00dft noch nicht, wo du anfangen sollst?<\/h3>\n\n\n\n<p>Die Datenbanken <a href=\"https:\/\/www.wu.ac.at\/bibliothek\/recherche\/datenbanken\/info\/abiinform\/\" data-type=\"link\" data-id=\"https:\/\/www.wu.ac.at\/bibliothek\/recherche\/datenbanken\/info\/abiinform\/\" target=\"_blank\" rel=\"noreferrer noopener\">ABI\/Inform Global | T&amp;I (ProQuest)<\/a> und <a href=\"https:\/\/www.wu.ac.at\/bibliothek\/recherche\/datenbanken\/info\/bsp\/\" data-type=\"link\" data-id=\"https:\/\/www.wu.ac.at\/bibliothek\/recherche\/datenbanken\/info\/bsp\/\" target=\"_blank\" rel=\"noreferrer noopener\">EBSCO Business Source Premier<\/a> liefern Literaturhinweise (oft auch mit Volltext), die ein breites Themenspektrum in der Betriebs- und Volkswirtschaft abdecken. Sie sind ein guter Startpunkt f\u00fcr deine Recherche nach wissenschaftlicher Literatur.<\/p>\n\n\n\n<div class=\"wp-block-group\" style=\"padding-top:3em;padding-right:10rem;padding-bottom:3em;padding-left:10rem\"><div class=\"wp-block-group__inner-container is-layout-constrained wp-container-core-group-is-layout-0682ed28 wp-block-group-is-layout-constrained\">\n<hr class=\"wp-block-separator alignwide has-alpha-channel-opacity is-style-wide\"\/>\n<\/div><\/div>\n\n\n\n<h2 class=\"wp-block-heading\" id=\"weitersuchen\">Ich habe einen passenden Artikel gefunden. Wie finde ich \u00e4hnliche Artikel?<\/h2>\n\n\n\n<p>Ein Artikel, der zu deiner Fragestellung passt, ist ein guter Ausgangspunkt f\u00fcr deine weitere Recherche! Es gibt ein paar Tricks, mit denen du andere interessante Artikel finden kannst:<\/p>\n\n\n\n<ul class=\"wp-block-list\">\n<li>Lass dir <strong>\u00e4hnliche Artikel<\/strong> anzeigen (z.B. <em>SmartText<\/em> bei EBSCO, <em>Suggested sources<\/em> bei ProQuest)<\/li>\n\n\n\n<li>Sie dir an, <strong>wo dein Artikel zitiert wird<\/strong> (z.B. <em>Times Cited in this Database<\/em> bei EBSCO, <em>Times cited in ProQuest<\/em> bei ProQuest)<\/li>\n\n\n\n<li>Schau dir Dokumente an, die <strong>Quellen mit deinem Artikel teilen<\/strong> (z.B. <em>Documents with shared references<\/em> bei ProQuest)<\/li>\n\n\n\n<li>Schau dir im <strong>Literaturverzeichnis<\/strong> an, welche Quellen dein Artikel zitiert (z.B. <em>Cited References<\/em> bei EBSCO, <em>References<\/em> bei ProQuest)<\/li>\n\n\n\n<li>Verwende die <strong>Schlagw\u00f6rter<\/strong>, die f\u00fcr deinen Artikel vergeben wurden, bei dener weiteren Recherche (z.B. <em>Subject terms<\/em> bei EBSCO, <em>Search with indexing terms<\/em> bei ProQuest)<\/li>\n<\/ul>\n\n\n\n<figure class=\"wp-block-image size-full\"><img loading=\"lazy\" decoding=\"async\" width=\"4422\" height=\"1858\" src=\"https:\/\/library.wu.ac.at\/bib\/fit4research\/wp-content\/uploads\/2024\/02\/Beispiel-ProQuest.png\" alt=\"\" class=\"wp-image-4347\" style=\"object-fit:cover\" srcset=\"https:\/\/library.wu.ac.at\/bib\/fit4research\/wp-content\/uploads\/2024\/02\/Beispiel-ProQuest.png 4422w, https:\/\/library.wu.ac.at\/bib\/fit4research\/wp-content\/uploads\/2024\/02\/Beispiel-ProQuest-300x126.png 300w, https:\/\/library.wu.ac.at\/bib\/fit4research\/wp-content\/uploads\/2024\/02\/Beispiel-ProQuest-1024x430.png 1024w, https:\/\/library.wu.ac.at\/bib\/fit4research\/wp-content\/uploads\/2024\/02\/Beispiel-ProQuest-768x323.png 768w, https:\/\/library.wu.ac.at\/bib\/fit4research\/wp-content\/uploads\/2024\/02\/Beispiel-ProQuest-1536x645.png 1536w, https:\/\/library.wu.ac.at\/bib\/fit4research\/wp-content\/uploads\/2024\/02\/Beispiel-ProQuest-2048x861.png 2048w, https:\/\/library.wu.ac.at\/bib\/fit4research\/wp-content\/uploads\/2024\/02\/Beispiel-ProQuest-1568x659.png 1568w\" sizes=\"auto, (max-width: 4422px) 100vw, 4422px\" \/><\/figure>\n\n\n\n<p><em>Beispiel: ProQuest<\/em><\/p>\n\n\n\n<div class=\"wp-block-group\" style=\"padding-top:3em;padding-right:10rem;padding-bottom:3em;padding-left:10rem\"><div class=\"wp-block-group__inner-container is-layout-constrained wp-container-core-group-is-layout-0682ed28 wp-block-group-is-layout-constrained\">\n<hr class=\"wp-block-separator alignwide has-alpha-channel-opacity is-style-wide\"\/>\n<\/div><\/div>\n\n\n\n<h2 class=\"wp-block-heading\" id=\"zugriff\">Was kann ich tun, wenn die Datenbank keinen Zugriff auf den Volltext des Artikels bietet?<\/h2>\n\n\n\n<p>Wenn eine Datenbank den Volltext von einem interessanten Artikel nicht anbietet, ist das noch kein Grund zum Verzweifeln!<\/p>\n\n\n\n<p>Es ist m\u00f6glich, dass die WU \u00fcber einen anderen Anbieter Zugriff auf den Artikel hat. Damit du nicht m\u00fchsam in allen Datenbanken suchen musst, gibt es <a href=\"https:\/\/library.wu.ac.at\/bib\/fit4research\/index.php\/libkey\/\" data-type=\"link\" data-id=\"https:\/\/library.wu.ac.at\/bib\/fit4research\/index.php\/libkey\/\">Libkey<\/a> und den Linkresolver. Beide Programme pr\u00fcfen automatisch f\u00fcr dich, ob die WU Bibliothek den Artikel \u00fcber einen anderen Anbieter lizenziert hat und leiten dich direkt dorthin weiter. LibKey f\u00fchrt dich sogar direkt zum Volltext. Mehr Informationen dazu findest du auf unserer <a href=\"https:\/\/library.wu.ac.at\/bib\/fit4research\/index.php\/libkey\/\" data-type=\"link\" data-id=\"https:\/\/library.wu.ac.at\/bib\/fit4research\/index.php\/libkey\/\">Seite zu LibKey<\/a>.<\/p>\n\n\n\n<div class=\"wp-block-media-text has-media-on-the-right is-stacked-on-mobile\"><div class=\"wp-block-media-text__content\">\n<p>Je nach Datenbank kann der Link des Linkresolvers etwas anders aussehen, z.B. <em>Find a copy<\/em>, <em>Full text via WU library<\/em> oder <em>Check SFX for full text<\/em>.<\/p>\n\n\n\n<p>Damit alles funktioniert, musst du mit dem <a href=\"https:\/\/www.wu.ac.at\/it\/services\/network\/wireless\/\" data-type=\"link\" data-id=\"https:\/\/www.wu.ac.at\/it\/services\/network\/wireless\/\" target=\"_blank\" rel=\"noreferrer noopener\">WU WLAN<\/a> verbunden sein, oder die <a href=\"https:\/\/www.wu.ac.at\/it\/services\/network\/vpn\/\" data-type=\"link\" data-id=\"https:\/\/www.wu.ac.at\/it\/services\/network\/vpn\/\" target=\"_blank\" rel=\"noreferrer noopener\">VPN-Verbindung<\/a> nutzen.<\/p>\n\n\n\n<p class=\"has-blue-background-color has-background\"><strong>Tipp<\/strong>: Der Linkresolver steht nicht nur in verschiedenen Datenbanken, sondern auch in <a href=\"https:\/\/library.wu.ac.at\/bib\/fit4research\/index.php\/fit4research-start\/wu-katalog-google-scholar-co-deine-tools-fuer-die-suche\/internet\/google-scholar\/\" data-type=\"link\" data-id=\"https:\/\/library.wu.ac.at\/bib\/fit4research\/index.php\/fit4research-start\/wu-katalog-google-scholar-co-deine-tools-fuer-die-suche\/internet\/google-scholar\/\">Google Scholar<\/a> zur Verf\u00fcgung!<\/p>\n<\/div><figure class=\"wp-block-media-text__media\"><img loading=\"lazy\" decoding=\"async\" width=\"1024\" height=\"491\" src=\"https:\/\/library.wu.ac.at\/bib\/fit4research\/wp-content\/uploads\/2023\/10\/linkresolver_proquest-1024x491.png\" alt=\"Ein Treffer in einer Datenbank. Darunter ist der Link \u201eFind a copy\u201c hervorgehoben.\" class=\"wp-image-2884 size-full\" srcset=\"https:\/\/library.wu.ac.at\/bib\/fit4research\/wp-content\/uploads\/2023\/10\/linkresolver_proquest-1024x491.png 1024w, https:\/\/library.wu.ac.at\/bib\/fit4research\/wp-content\/uploads\/2023\/10\/linkresolver_proquest-300x144.png 300w, https:\/\/library.wu.ac.at\/bib\/fit4research\/wp-content\/uploads\/2023\/10\/linkresolver_proquest-768x368.png 768w, https:\/\/library.wu.ac.at\/bib\/fit4research\/wp-content\/uploads\/2023\/10\/linkresolver_proquest-1536x736.png 1536w, https:\/\/library.wu.ac.at\/bib\/fit4research\/wp-content\/uploads\/2023\/10\/linkresolver_proquest-1568x751.png 1568w, https:\/\/library.wu.ac.at\/bib\/fit4research\/wp-content\/uploads\/2023\/10\/linkresolver_proquest.png 1730w\" sizes=\"auto, (max-width: 1024px) 100vw, 1024px\" \/><\/figure><\/div>\n\n\n\n<p>F\u00fcr den Fall, dass die WU Bibliothek den Artikel nicht lizenziert hat, k\u00f6nnen Zeitschriftenartikel auch \u00fcber das&nbsp;<a href=\"https:\/\/www.wu.ac.at\/bibliothek\/services\/wu-studentinnen\/literaturbedarf\/artikelbestellung\" target=\"_blank\" rel=\"noreferrer noopener\">Document Delivery Service<\/a>&nbsp;kostenpflichtig beschafft werden.<\/p>\n\n\n\n<div class=\"wp-block-group\" style=\"padding-top:3em;padding-right:10rem;padding-bottom:3em;padding-left:10rem\"><div class=\"wp-block-group__inner-container is-layout-constrained wp-container-core-group-is-layout-0682ed28 wp-block-group-is-layout-constrained\">\n<hr class=\"wp-block-separator alignwide has-alpha-channel-opacity is-style-wide\"\/>\n<\/div><\/div>\n\n\n\n<h2 class=\"wp-block-heading\" id=\"video\">Videotutorials<\/h2>\n\n\n\n<p>Du lernst lieber anhand von konkreten Beispielen? Unsere Tutorials zeigen dir, wie du eine f\u00fcr dich passende Datenbank ausw\u00e4hlst und wie du in einer Literaturdatenbank nach Zeitschriftenartikeln suchen kannst.<\/p>\n\n\n\n<div class=\"wp-block-media-text is-stacked-on-mobile\" style=\"grid-template-columns:35% auto\"><figure class=\"wp-block-media-text__media\"><a href=\"https:\/\/library.wu.ac.at\/bib\/Videos\/Auswahl%20Datenbanken%20DE_1\/index.html\" target=\"_blank\" rel=\"noreferrer noopener\"><img loading=\"lazy\" decoding=\"async\" width=\"1024\" height=\"735\" src=\"https:\/\/library.wu.ac.at\/bib\/fit4research\/wp-content\/uploads\/2024\/01\/db_auswahl-1024x735.jpg\" alt=\"\" class=\"wp-image-4152 size-full\" srcset=\"https:\/\/library.wu.ac.at\/bib\/fit4research\/wp-content\/uploads\/2024\/01\/db_auswahl-1024x735.jpg 1024w, https:\/\/library.wu.ac.at\/bib\/fit4research\/wp-content\/uploads\/2024\/01\/db_auswahl-300x215.jpg 300w, https:\/\/library.wu.ac.at\/bib\/fit4research\/wp-content\/uploads\/2024\/01\/db_auswahl-768x551.jpg 768w, https:\/\/library.wu.ac.at\/bib\/fit4research\/wp-content\/uploads\/2024\/01\/db_auswahl.jpg 1292w\" sizes=\"auto, (max-width: 1024px) 100vw, 1024px\" \/><\/a><\/figure><div class=\"wp-block-media-text__content\">\n<p><strong><a href=\"https:\/\/library.wu.ac.at\/bib\/Videos\/Auswahl%20Datenbanken%20DE_1\/index.html\" data-type=\"link\" data-id=\"https:\/\/library.wu.ac.at\/bib\/Videos\/Auswahl%20Datenbanken%20DE_1\/index.html\" target=\"_blank\" rel=\"noreferrer noopener\">Videotutorial <em>Auswahl einer Datenbank<\/em><\/a><\/strong><\/p>\n<\/div><\/div>\n\n\n\n<div class=\"wp-block-media-text is-stacked-on-mobile\" style=\"grid-template-columns:35% auto\"><figure class=\"wp-block-media-text__media\"><a href=\"https:\/\/library.wu.ac.at\/bib\/Videos\/recherche_literaturdatenbank_DE2\/index.html\" target=\"_blank\" rel=\"noreferrer noopener\"><img loading=\"lazy\" decoding=\"async\" width=\"1024\" height=\"734\" src=\"https:\/\/library.wu.ac.at\/bib\/fit4research\/wp-content\/uploads\/2024\/01\/lit_db-1024x734.jpg\" alt=\"\" class=\"wp-image-4153 size-full\" srcset=\"https:\/\/library.wu.ac.at\/bib\/fit4research\/wp-content\/uploads\/2024\/01\/lit_db-1024x734.jpg 1024w, https:\/\/library.wu.ac.at\/bib\/fit4research\/wp-content\/uploads\/2024\/01\/lit_db-300x215.jpg 300w, https:\/\/library.wu.ac.at\/bib\/fit4research\/wp-content\/uploads\/2024\/01\/lit_db-768x551.jpg 768w, https:\/\/library.wu.ac.at\/bib\/fit4research\/wp-content\/uploads\/2024\/01\/lit_db.jpg 1291w\" sizes=\"auto, (max-width: 1024px) 100vw, 1024px\" \/><\/a><\/figure><div class=\"wp-block-media-text__content\">\n<p><strong><a href=\"https:\/\/library.wu.ac.at\/bib\/Videos\/recherche_literaturdatenbank_DE2\/index.html\" data-type=\"link\" data-id=\"https:\/\/library.wu.ac.at\/bib\/Videos\/recherche_literaturdatenbank_DE2\/index.html\" target=\"_blank\" rel=\"noreferrer noopener\">Videotutorial <em>Recherche in einer Literaturdatenbank<\/em><\/a><\/strong><\/p>\n<\/div><\/div>\n\n\n\n<div class=\"wp-block-group\"><div class=\"wp-block-group__inner-container is-layout-constrained wp-block-group-is-layout-constrained\">\n<div class=\"wp-block-columns is-layout-flex wp-container-core-columns-is-layout-9d6595d7 wp-block-columns-is-layout-flex\">\n<div class=\"wp-block-column is-layout-flow wp-block-column-is-layout-flow\"><\/div>\n\n\n\n<div class=\"wp-block-column is-layout-flow wp-block-column-is-layout-flow\"><\/div>\n<\/div>\n<\/div><\/div>\n","protected":false},"excerpt":{"rendered":"<p>Sp\u00e4testens f\u00fcr deine Bachelorarbeit brauchst du aktuelle Literatur aus wissenschaftlichen Zeitschriften. F\u00fcr eine schnelle Suche danach kannst du zwar den KatalogPLUS oder Google Scholar verwenden, die mit Abstand beste Quelle f\u00fcr wissenschaftliche Artikel sind aber nach wie vor Literaturdatenbanken. Weder der KatalogPLUS noch Google Scholar verzeichnen n\u00e4mlich alle wissenschaftlichen Artikel, auf die du \u00fcber die&hellip; <a class=\"more-link\" href=\"https:\/\/library.wu.ac.at\/bib\/fit4research\/index.php\/fit4research-start\/wu-katalog-google-scholar-co-deine-tools-fuer-die-suche\/datenbanken\/\">Continue reading <span class=\"screen-reader-text\">Datenbanken<\/span><\/a><\/p>\n","protected":false},"author":2,"featured_media":0,"parent":42,"menu_order":2,"comment_status":"closed","ping_status":"closed","template":"","meta":{"footnotes":""},"class_list":["post-63","page","type-page","status-publish","hentry","entry"],"_links":{"self":[{"href":"https:\/\/library.wu.ac.at\/bib\/fit4research\/index.php\/wp-json\/wp\/v2\/pages\/63","targetHints":{"allow":["GET"]}}],"collection":[{"href":"https:\/\/library.wu.ac.at\/bib\/fit4research\/index.php\/wp-json\/wp\/v2\/pages"}],"about":[{"href":"https:\/\/library.wu.ac.at\/bib\/fit4research\/index.php\/wp-json\/wp\/v2\/types\/page"}],"author":[{"embeddable":true,"href":"https:\/\/library.wu.ac.at\/bib\/fit4research\/index.php\/wp-json\/wp\/v2\/users\/2"}],"replies":[{"embeddable":true,"href":"https:\/\/library.wu.ac.at\/bib\/fit4research\/index.php\/wp-json\/wp\/v2\/comments?post=63"}],"version-history":[{"count":35,"href":"https:\/\/library.wu.ac.at\/bib\/fit4research\/index.php\/wp-json\/wp\/v2\/pages\/63\/revisions"}],"predecessor-version":[{"id":4568,"href":"https:\/\/library.wu.ac.at\/bib\/fit4research\/index.php\/wp-json\/wp\/v2\/pages\/63\/revisions\/4568"}],"up":[{"embeddable":true,"href":"https:\/\/library.wu.ac.at\/bib\/fit4research\/index.php\/wp-json\/wp\/v2\/pages\/42"}],"wp:attachment":[{"href":"https:\/\/library.wu.ac.at\/bib\/fit4research\/index.php\/wp-json\/wp\/v2\/media?parent=63"}],"curies":[{"name":"wp","href":"https:\/\/api.w.org\/{rel}","templated":true}]}}