{"id":59,"date":"2023-07-18T15:05:00","date_gmt":"2023-07-18T13:05:00","guid":{"rendered":"https:\/\/library.wu.ac.at\/bib\/fit4research\/?page_id=59"},"modified":"2025-09-23T13:54:19","modified_gmt":"2025-09-23T11:54:19","slug":"google-scholar","status":"publish","type":"page","link":"https:\/\/library.wu.ac.at\/bib\/fit4research\/index.php\/fit4research-start\/wu-katalog-google-scholar-co-deine-tools-fuer-die-suche\/internet\/google-scholar\/","title":{"rendered":"Google Scholar"},"content":{"rendered":"\n<p><a rel=\"noreferrer noopener\" href=\"http:\/\/scholar.google.de\/\" target=\"_blank\">Google Scholar<\/a>&nbsp;ist Googles Suchmaschine f\u00fcr wissenschaftliche Literatur. Im Folgenden erkl\u00e4ren wir dir, wie du Google Scholar nutzen kannst und was du dabei beachten solltest.<\/p>\n\n\n\n<p>F\u00fcr die Dokumente, die in Google Scholar verzeichnet sind, gibt es keine Qualit\u00e4tskontrolle. Das bedeutet, dass auch Literatur enthalten sein kann, die nicht den an der WU akzeptierten wissenschaftlichen Standards entspricht. Es ist daher wichtig, dass du die Seriosit\u00e4t jedes&nbsp;Dokuments sorgf\u00e4ltig \u00fcberpr\u00fcfst.<\/p>\n\n\n\n<ul class=\"wp-block-list\">\n<li><a href=\"#wann\">Was kann Google Scholar? Wof\u00fcr eignet es sich?<\/a><\/li>\n\n\n\n<li><a href=\"#woher\" data-type=\"internal\" data-id=\"#woher\">Woher stammen die in Google Scholar verzeichneten Dokumente?<\/a><\/li>\n\n\n\n<li><a href=\"#wie\">Wie sucht Google? Wie ordnet Google die Ergebnisse?<\/a><\/li>\n\n\n\n<li><a href=\"#kosten\">Bibliothekslinks = keine Paywalls + Zuverl\u00e4ssigkeit<\/a><\/li>\n\n\n\n<li><a href=\"#suche\">Die Suche mit Google Scholar<\/a><\/li>\n\n\n\n<li><a href=\"#operatoren\">Die Suche f\u00fcr Fortgeschrittene<\/a><\/li>\n<\/ul>\n\n\n\n<div class=\"wp-block-group\" style=\"padding-top:3em;padding-right:10rem;padding-bottom:3em;padding-left:10rem\"><div class=\"wp-block-group__inner-container is-layout-constrained wp-container-core-group-is-layout-0682ed28 wp-block-group-is-layout-constrained\">\n<hr class=\"wp-block-separator alignwide has-alpha-channel-opacity is-style-wide\"\/>\n<\/div><\/div>\n\n\n\n<h2 class=\"wp-block-heading\" id=\"wann\">Was kann Google Scholar? Wof\u00fcr eignet es sich?<\/h2>\n\n\n\n<p>F\u00fcr einen allgemeinen \u00dcberblick \u00fcber ein breites Thema kann die Recherche mit Google Scholar sinnvoll sein. Um einen tieferen Einblick in spezielle Aspekte eines Themas zu bekommen, solltest du auch auf die von der Bibliothek bereitgestellten <a href=\"https:\/\/www.wu.ac.at\/bibliothek\/recherche\/datenbanken\/\" data-type=\"link\" data-id=\"https:\/\/www.wu.ac.at\/bibliothek\/recherche\/datenbanken\/\">Fachdatenbanken<\/a> zur\u00fcckgreifen.<\/p>\n\n\n\n<p>Google Scholar eignet sich zudem sehr gut f\u00fcr das&nbsp;<a href=\"https:\/\/library.wu.ac.at\/bib\/fit4research\/index.php\/wie-finde-ich\/ein-bestimmtes-buch\/\" data-type=\"link\" data-id=\"https:\/\/library.wu.ac.at\/bib\/fit4research\/index.php\/wie-finde-ich\/ein-bestimmtes-buch\/\">gezielte Suchen<\/a>&nbsp;von Artikeln, deren Titel oder Autor*innen dir bereits bekannt sind. Achte darauf, dass du dabei im Netzwerk der WU (auf dem Campus oder per&nbsp;<a href=\"https:\/\/www.wu.ac.at\/it\/services\/network\/vpn\/\" target=\"_blank\" rel=\"noreferrer noopener\">VPN<\/a>) angemeldet bist, da du so direkt Zugang und Verf\u00fcgbarkeit \u00fcber die WU Bibliothek \u00fcberpr\u00fcfen kannst.<\/p>\n\n\n\n<div class=\"wp-block-group\" style=\"padding-top:3em;padding-right:10rem;padding-bottom:3em;padding-left:10rem\"><div class=\"wp-block-group__inner-container is-layout-constrained wp-container-core-group-is-layout-0682ed28 wp-block-group-is-layout-constrained\">\n<hr class=\"wp-block-separator alignwide has-alpha-channel-opacity is-style-wide\"\/>\n<\/div><\/div>\n\n\n\n<h2 class=\"wp-block-heading\" id=\"woher\">Woher stammen die in Google Scholar verzeichneten Dokumente?<\/h2>\n\n\n\n<p>Google legt nicht offen, welche Quellen durchsucht werden und welche verborgen bleiben. Der einzige Weg, das herauszufinden, ist die Benutzung verschiedener Suchtools und der Vergleich der Ergebnisse.<br>Da die Herkunft oft ungekl\u00e4rt ist, musst du <a href=\"https:\/\/library.wu.ac.at\/bib\/fit4research\/index.php\/fit4research-start\/wissenschaftlich-lesen-schreiben\/wissenschaftliche-quellen-bewerten\/\" data-type=\"link\" data-id=\"https:\/\/library.wu.ac.at\/bib\/fit4research\/index.php\/fit4research-start\/wissenschaftlich-lesen-schreiben\/wissenschaftliche-quellen-bewerten\/\">die Verl\u00e4sslichkeit der Quellen der Suchergebnisse individuell beurteilen<\/a>. Ein Teil des Problems ist dabei, dass bibliographische Daten aus diversen Quellen automatisch miteinander kombiniert werden. So k\u00f6nnen diese Informationen unvollst\u00e4ndig oder sogar falsch sein. Beispielsweise kann der Name eines*einer Autors*in in verschiedenen Schreibweisen oder Abk\u00fcrzungen vorkommen. Daher solltest du mit unterschiedlichen Versionen des Namens suchen.<\/p>\n\n\n\n<div class=\"wp-block-group\" style=\"padding-top:3em;padding-right:10rem;padding-bottom:3em;padding-left:10rem\"><div class=\"wp-block-group__inner-container is-layout-constrained wp-container-core-group-is-layout-0682ed28 wp-block-group-is-layout-constrained\">\n<hr class=\"wp-block-separator alignwide has-alpha-channel-opacity is-style-wide\"\/>\n<\/div><\/div>\n\n\n\n<h2 class=\"wp-block-heading\" id=\"wie\">Wie sucht Google? Wie ordnet Google die Ergebnisse?<\/h2>\n\n\n\n<p>Es sind nur wenige Informationen dar\u00fcber bekannt, wie Google sucht und anhand welcher Kriterien die Resultate sortiert werden. Klar ist jedoch, dass die Suchergebnisse danach bewertet werden, wie viele Links von anderen Seiten auf den Treffer verweisen und als wie wichtig bzw. einflussreich diese Seiten von Google eingestuft werden. Diese Vorgehensweise basiert auf dem&nbsp;<a href=\"https:\/\/de.wikipedia.org\/wiki\/PageRank\" target=\"_blank\" rel=\"noreferrer noopener\">PageRank-Algorithmus<\/a>. In Google Scholar wird zus\u00e4tzlich ber\u00fccksichtigt, wie oft ein Dokument in wissenschaftlichen Quellen zitiert wurde.<br>Webseiten, denen eine geringere Bedeutung zugeordnet wird, k\u00f6nnen in der Ergebnisliste weit hinten auftauchen, was jedoch nicht zwingend auf eine mangelnde wissenschaftliche Qualit\u00e4t hinweist. Dies kann insbesondere bei der Recherche im Bereich von Nischenthemen Probleme bereiten.<\/p>\n\n\n\n<div class=\"wp-block-group\" style=\"padding-top:3em;padding-right:10rem;padding-bottom:3em;padding-left:10rem\"><div class=\"wp-block-group__inner-container is-layout-constrained wp-container-core-group-is-layout-0682ed28 wp-block-group-is-layout-constrained\">\n<hr class=\"wp-block-separator alignwide has-alpha-channel-opacity is-style-wide\"\/>\n<\/div><\/div>\n\n\n\n<h2 class=\"wp-block-heading\" id=\"kosten\">Bibliothekslinks = keine Paywalls + Zuverl\u00e4ssigkeit<\/h2>\n\n\n\n<p>In einigen F\u00e4llen wirst du auf der Website des Artikelanbieters dazu aufgefordert, den Artikel zu kaufen, wenn du ihn lesen m\u00f6chtest. Bevor du dies tust, solltest du zun\u00e4chst sicherstellen, dass Google Scholar \u00fcber die Bibliothekslinks mit den Best\u00e4nden der Universit\u00e4tsbibliothek verbunden ist.<\/p>\n\n\n\n<div class=\"wp-block-media-text has-media-on-the-right is-stacked-on-mobile is-style-default\"><div class=\"wp-block-media-text__content\">\n<p>F\u00fcge \u00fcber das Men\u00fc oben links unter Einstellungen &#8211;&gt; Bibliothekslinks die&nbsp;<em>WU Wien &#8211; Full Text via WU library<\/em>&nbsp;hinzu. Zus\u00e4tzlich kannst du&nbsp;<em>The Austrian Union Catalog &#8211; Austrian Union Catalog<\/em>&nbsp;ausw\u00e4hlen, um Treffer, die \u00fcber andere \u00f6sterreichische Bibliotheken zug\u00e4nglich sind, angezeigt zu bekommen. <\/p>\n<\/div><figure class=\"wp-block-media-text__media\"><img loading=\"lazy\" decoding=\"async\" width=\"953\" height=\"501\" src=\"https:\/\/library.wu.ac.at\/bib\/fit4research\/wp-content\/uploads\/2023\/08\/image-1.png\" alt=\"In den Einstellungen von Google Scholar sind unter \u201eBibliothekslinks\u201c bei \u201eWU Wien \u2013 Full text via WU library\u201c und bei \u201eThe Austrian Union Catalog\u201c H\u00e4ckchen gesetzt.\" class=\"wp-image-570 size-full\" srcset=\"https:\/\/library.wu.ac.at\/bib\/fit4research\/wp-content\/uploads\/2023\/08\/image-1.png 953w, https:\/\/library.wu.ac.at\/bib\/fit4research\/wp-content\/uploads\/2023\/08\/image-1-300x158.png 300w, https:\/\/library.wu.ac.at\/bib\/fit4research\/wp-content\/uploads\/2023\/08\/image-1-768x404.png 768w\" sizes=\"auto, (max-width: 953px) 100vw, 953px\" \/><\/figure><\/div>\n\n\n\n<p>So kannst du sehen, welche Ergebnisse dir kostenfrei \u00fcber die WU Bibliothek bzw. \u00fcber andere \u00f6sterreichische Bibliotheken zur Verf\u00fcgung stehen. Achte darauf, dass du entweder vor Ort auf dem WU Campus oder aus der Ferne \u00fcber&nbsp;<a href=\"https:\/\/www.wu.ac.at\/it\/services\/network\/vpn\/\" target=\"_blank\" rel=\"noreferrer noopener\">VPN<\/a>&nbsp;mit dem WU Netzwerk verbunden bist.<\/p>\n\n\n\n<p>Da die Daten in Google Scholar nicht immer vollst\u00e4ndig und einheitlich sind, kannst du au\u00dferdem \u00fcberpr\u00fcfen, ob du \u00fcber die&nbsp;<a href=\"https:\/\/library.wu.ac.at\/bib\/fit4research\/index.php\/wu-katalog-google-scholar-co-deine-tools-fuer-die-suche\/datenbanken\/\" data-type=\"link\" data-id=\"https:\/\/library.wu.ac.at\/bib\/fit4research\/index.php\/wu-katalog-google-scholar-co-deine-tools-fuer-die-suche\/datenbanken\/\">Datenbanken<\/a>&nbsp;und&nbsp;<a href=\"https:\/\/library.wu.ac.at\/bib\/fit4research\/index.php\/wu-katalog-google-scholar-co-deine-tools-fuer-die-suche\/wu-katalog\/zeitschriften\/\" data-type=\"link\" data-id=\"https:\/\/library.wu.ac.at\/bib\/fit4research\/index.php\/wu-katalog-google-scholar-co-deine-tools-fuer-die-suche\/wu-katalog\/zeitschriften\/\">Journals<\/a>&nbsp;der Universit\u00e4tsbibliothek kostenfreien Zugang zum gew\u00fcnschten Artikel hast. Sollte dies nicht so sein, kannst du den Artikel \u00fcber den WU-eigenen&nbsp;<a href=\"https:\/\/www.wu.ac.at\/bibliothek\/services\/wu-studentinnen\/literaturbedarf\/artikelbestellung\" target=\"_blank\" rel=\"noreferrer noopener\">Document Delivery Service<\/a>&nbsp;bestellen.<\/p>\n\n\n\n<div class=\"wp-block-group\" style=\"padding-top:3em;padding-right:10rem;padding-bottom:3em;padding-left:10rem\"><div class=\"wp-block-group__inner-container is-layout-constrained wp-container-core-group-is-layout-0682ed28 wp-block-group-is-layout-constrained\">\n<hr class=\"wp-block-separator alignwide has-alpha-channel-opacity is-style-wide\"\/>\n<\/div><\/div>\n\n\n\n<h2 class=\"wp-block-heading\" id=\"suche\">Die Suche mit Google Scholar<\/h2>\n\n\n\n<div class=\"wp-block-media-text is-stacked-on-mobile\"><figure class=\"wp-block-media-text__media\"><img loading=\"lazy\" decoding=\"async\" width=\"794\" height=\"572\" src=\"https:\/\/library.wu.ac.at\/bib\/fit4research\/wp-content\/uploads\/2023\/08\/image-4.png\" alt=\"Das Aufklappmen\u00fc von Google Scholar wurde ge\u00f6ffnet, der Link zur Erweiterten Suche ist sichtbar und hervorgehoben.\" class=\"wp-image-573 size-full\" srcset=\"https:\/\/library.wu.ac.at\/bib\/fit4research\/wp-content\/uploads\/2023\/08\/image-4.png 794w, https:\/\/library.wu.ac.at\/bib\/fit4research\/wp-content\/uploads\/2023\/08\/image-4-300x216.png 300w, https:\/\/library.wu.ac.at\/bib\/fit4research\/wp-content\/uploads\/2023\/08\/image-4-768x553.png 768w\" sizes=\"auto, (max-width: 794px) 100vw, 794px\" \/><\/figure><div class=\"wp-block-media-text__content\">\n<p>Die Startseite von Google Scholar sieht der der regul\u00e4ren Google Suchmaschine sehr \u00e4hnlich. Du kannst entweder die Schnellsuche (einfaches Suchfeld) nutzen oder die erweiterte Suche ausw\u00e4hlen. Zu dieser gelangst du \u00fcber das Men\u00fc oben auf der linken Seite.<\/p>\n<\/div><\/div>\n\n\n\n<figure class=\"wp-block-image size-full is-resized\"><img loading=\"lazy\" decoding=\"async\" width=\"802\" height=\"650\" src=\"https:\/\/library.wu.ac.at\/bib\/fit4research\/wp-content\/uploads\/2023\/08\/image-5.png\" alt=\"Die erweiterte Suche von Google Scholar. Im Feld \u201emit allen W\u00f6rtern\u201c steht \u201erural\u201c, im Feld \u201emit der genauen Wortgruppe\u201c steht \u201eroad safety\u201c, im Feld \u201emit irgendeinem der W\u00f6rter\u201c steht \u201esettlement village\u201c. Im Feld \u201eArtikel zur\u00fcckgeben, die in folgendem Zeitraum geschrieben wurden\u201c steht \u201e2012 - 2018\u201c\" class=\"wp-image-574\" style=\"width:640px;height:undefinedpx\" srcset=\"https:\/\/library.wu.ac.at\/bib\/fit4research\/wp-content\/uploads\/2023\/08\/image-5.png 802w, https:\/\/library.wu.ac.at\/bib\/fit4research\/wp-content\/uploads\/2023\/08\/image-5-300x243.png 300w, https:\/\/library.wu.ac.at\/bib\/fit4research\/wp-content\/uploads\/2023\/08\/image-5-768x622.png 768w\" sizes=\"auto, (max-width: 802px) 100vw, 802px\" \/><\/figure>\n\n\n\n<div class=\"wp-block-media-text has-media-on-the-right is-stacked-on-mobile\"><div class=\"wp-block-media-text__content\">\n<p>Die Suchergebnisse kannst du dann mit den Filtern auf der linken Seite weiter einschr\u00e4nken. Auf der rechten Seite siehst du Details \u00fcber den Zugang zum Dokument. Steht hinter dem Suchergebnis&nbsp;<em>Full Text via WU Library&nbsp;<\/em>oder&nbsp;<em>Full View<\/em>, ist das Dokument direkt \u00fcber die WU zug\u00e4nglich. Denke daran, dass Google Scholar nicht alle \u00fcber die Universit\u00e4tsbibliothek verf\u00fcgbaren Quellen durchsucht. Daher solltest du auch bei Nichtverf\u00fcgbarkeit \u00fcber Google Scholar zur Sicherheit noch einmal im&nbsp;<a href=\"https:\/\/library.wu.ac.at\/bib\/fit4research\/index.php\/wu-katalog-google-scholar-co-deine-tools-fuer-die-suche\/wu-katalog\/katalogplus\/\" data-type=\"link\" data-id=\"https:\/\/library.wu.ac.at\/bib\/fit4research\/index.php\/wu-katalog-google-scholar-co-deine-tools-fuer-die-suche\/wu-katalog\/katalogplus\/\">WU KatalogPLUS<\/a>&nbsp;nachschauen, ob der gew\u00fcnschte Artikel nicht doch verf\u00fcgbar ist.<\/p>\n<\/div><figure class=\"wp-block-media-text__media\"><img loading=\"lazy\" decoding=\"async\" width=\"1024\" height=\"480\" src=\"https:\/\/library.wu.ac.at\/bib\/fit4research\/wp-content\/uploads\/2023\/08\/image-3-1024x480.png\" alt=\"Ergebnisse der oben ausgef\u00fchrten Suche in Google Scholar. Die Links \u201eSearch in WU library\u201c und \u201cFull text via WU library\u201d sind hervorgehoben.\" class=\"wp-image-572 size-full\" srcset=\"https:\/\/library.wu.ac.at\/bib\/fit4research\/wp-content\/uploads\/2023\/08\/image-3-1024x480.png 1024w, https:\/\/library.wu.ac.at\/bib\/fit4research\/wp-content\/uploads\/2023\/08\/image-3-300x141.png 300w, https:\/\/library.wu.ac.at\/bib\/fit4research\/wp-content\/uploads\/2023\/08\/image-3-768x360.png 768w, https:\/\/library.wu.ac.at\/bib\/fit4research\/wp-content\/uploads\/2023\/08\/image-3.png 1135w\" sizes=\"auto, (max-width: 1024px) 100vw, 1024px\" \/><\/figure><\/div>\n\n\n\n<div class=\"wp-block-group\" style=\"padding-top:3em;padding-right:10rem;padding-bottom:3em;padding-left:10rem\"><div class=\"wp-block-group__inner-container is-layout-constrained wp-container-core-group-is-layout-0682ed28 wp-block-group-is-layout-constrained\">\n<hr class=\"wp-block-separator alignwide has-alpha-channel-opacity is-style-wide\"\/>\n<\/div><\/div>\n\n\n\n<h2 class=\"wp-block-heading\" id=\"operatoren\">Die Suche f\u00fcr Fortgeschrittene<\/h2>\n\n\n\n<p>Du m\u00f6chtest noch genauer bestimmen, welche Treffer du bei deiner Suche bekommst? Google Scholar bietet eine breite Auswahl an <a href=\"https:\/\/library.wu.ac.at\/bib\/fit4research\/index.php\/wie-finde-ich\/literatur-zu-einem-thema\/die-suchstrategie\/#operatoren\" data-type=\"link\" data-id=\"https:\/\/library.wu.ac.at\/bib\/fit4research\/index.php\/wie-finde-ich\/literatur-zu-einem-thema\/die-suchstrategie\/\">Suchoperatoren<\/a>, mit denen du deine Suchergebnisse weiter verfeinern kannst. Eine Auswahl dieser Operatoren findest du in der folgenden Tabelle:<\/p>\n\n\n\n<figure class=\"wp-block-table is-style-stripes\"><table class=\"has-blue-background-color has-background\"><tbody><tr><td><strong>Operator<\/strong><br><\/td><td><strong>Beispiel<\/strong><\/td><td><strong>Beschreibung<\/strong><\/td><\/tr><tr><td>&#8222;&#8230;&#8220;<\/td><td><em>&#8222;leading styles&#8220;<\/em><br><\/td><td>Um nach einer exakten Wortfolge zu suchen, setzt du deine Suchbegriffe in Anf\u00fchrungszeichen.&nbsp;<\/td><\/tr><tr><td>filetype:<\/td><td><em>filetype:pdf<\/em><\/td><td>Die Treffer sollen ein bestimmtes Dateiformat haben, z.B. pdf.<\/td><\/tr><tr><td>intitle:<\/td><td><em>intitle:road safety<\/em><\/td><td>Die Suchbegriffe sollen im Titel des Dokuments vorkommen.<\/td><\/tr><tr><td>site:<\/td><td><em>site:.edu<\/em><br><em>site:wu.ac.at<\/em><\/td><td>Die Ergebnisse sollen nur von einer bestimmten Website kommen. Dabei ist es auch m\u00f6glich, auf Teile der URL einzuschr\u00e4nken, wie .edu oder .org.<\/td><\/tr><tr><td>author:<\/td><td><em>author:zimmerman<\/em><\/td><td>Die Treffer sollen einen bestimmten Autor haben.<\/td><\/tr><tr><td>OR<\/td><td><em>leading style OR leading behavior<\/em><\/td><td>Um eine Suche nach Dokumenten durchzuf\u00fchren, die einen oder beide genannten Suchbegriffe enthalten.<\/td><\/tr><tr><td>&#8211;<\/td><td><em>-competition<\/em><\/td><td>Treffer, die dieses Wort enthalten, werden ausgeschlossen.<\/td><\/tr><tr><td>+<\/td><td><em>+und<\/em><\/td><td>Oft vorkommende Worte, Buchstaben oder Zahlen, werden von Google \u00fcblicherweise nicht mit in die Suche einbezogen. So kannst du diese Ausdr\u00fccke trotzdem in die Suche integrieren.<\/td><\/tr><\/tbody><\/table><\/figure>\n\n\n\n<p>Diese<strong>&nbsp;<\/strong><a href=\"https:\/\/library.wu.ac.at\/bib\/fit4research\/index.php\/wie-finde-ich\/literatur-zu-einem-thema\/die-suchstrategie\/#operatoren\" data-type=\"link\" data-id=\"https:\/\/library.wu.ac.at\/bib\/fit4research\/index.php\/wie-finde-ich\/literatur-zu-einem-thema\/die-suchstrategie\/\">Suchoperatoren<\/a>&nbsp;k\u00f6nnen auch auf verschiedene Weisen miteinander kombiniert werden.<\/p>\n\n\n\n<p>Zum Beispiel:&nbsp;<\/p>\n\n\n\n<figure class=\"wp-block-table\"><table><thead><tr><th><em>-filetype:pdf<\/em><\/th><\/tr><\/thead><\/table><\/figure>\n\n\n\n<p>Das Minus vor <em>filetype:pdf<\/em> schlie\u00dft pdf-Dateien von den Ergebnissen aus.<\/p>\n\n\n\n<figure class=\"wp-block-table\"><table><thead><tr><th><em>&#8222;leading style&#8220; OR &#8222;leading behavior&#8220; management intitle:team<\/em><\/th><\/tr><\/thead><\/table><\/figure>\n\n\n\n<p>Mit dieser Kombination aus Begriffen und Operatoren findest du Dokumente, in denen die Phrasen&nbsp;<em>leading style<\/em>&nbsp;und\/oder&nbsp;<em>leading behaviour<\/em>&nbsp;sowie das Wort&nbsp;<em>management<\/em>&nbsp;an einer beliebigen Stelle enthalten sind. Zus\u00e4tzlich muss das Wort&nbsp;<em>team<\/em>&nbsp;im Titel des Dokuments vorkommen.<\/p>\n\n\n\n<div class=\"wp-block-group\" style=\"padding-top:3em;padding-right:10rem;padding-bottom:3em;padding-left:10rem\"><div class=\"wp-block-group__inner-container is-layout-constrained wp-container-core-group-is-layout-0682ed28 wp-block-group-is-layout-constrained\">\n<hr class=\"wp-block-separator alignwide has-alpha-channel-opacity is-style-wide\"\/>\n<\/div><\/div>\n\n\n\n<p>Google Scholar bietet einen komfortablen Einstieg in die Recherche und erm\u00f6glicht einen schnellen \u00dcberblick \u00fcber ein bestimmtes Thema. F\u00fcr eine tiefergehende Recherche solltest du auch die <a href=\"https:\/\/www.wu.ac.at\/bibliothek\/recherche\/datenbanken\/\" data-type=\"link\" data-id=\"https:\/\/www.wu.ac.at\/bibliothek\/recherche\/datenbanken\/\">Fachdatenbanken<\/a> nutzen, die von der WU Bibliothek bereitgestellt werden. Mehr Informationen dazu findest du in dem <a href=\"https:\/\/library.wu.ac.at\/bib\/fit4research\/index.php\/fit4research-start\/wu-katalog-google-scholar-co-deine-tools-fuer-die-suche\/datenbanken\/\" data-type=\"link\" data-id=\"https:\/\/library.wu.ac.at\/bib\/fit4research\/index.php\/fit4research-start\/wu-katalog-google-scholar-co-deine-tools-fuer-die-suche\/datenbanken\/\">Kapitel zum Thema Datenbanken<\/a>.<\/p>\n\n\n\n<div class=\"wp-block-group\"><div class=\"wp-block-group__inner-container is-layout-constrained wp-block-group-is-layout-constrained\">\n<div class=\"wp-block-group\"><div class=\"wp-block-group__inner-container is-layout-constrained wp-block-group-is-layout-constrained\">\n<div class=\"wp-block-columns is-layout-flex wp-container-core-columns-is-layout-9d6595d7 wp-block-columns-is-layout-flex\">\n<div class=\"wp-block-column is-layout-flow wp-block-column-is-layout-flow\"><\/div>\n\n\n\n<div class=\"wp-block-column is-layout-flow wp-block-column-is-layout-flow\"><\/div>\n<\/div>\n<\/div><\/div>\n<\/div><\/div>\n","protected":false},"excerpt":{"rendered":"<p>Google Scholar&nbsp;ist Googles Suchmaschine f\u00fcr wissenschaftliche Literatur. Im Folgenden erkl\u00e4ren wir dir, wie du Google Scholar nutzen kannst und was du dabei beachten solltest. F\u00fcr die Dokumente, die in Google Scholar verzeichnet sind, gibt es keine Qualit\u00e4tskontrolle. Das bedeutet, dass auch Literatur enthalten sein kann, die nicht den an der WU akzeptierten wissenschaftlichen Standards entspricht.&hellip; <a class=\"more-link\" href=\"https:\/\/library.wu.ac.at\/bib\/fit4research\/index.php\/fit4research-start\/wu-katalog-google-scholar-co-deine-tools-fuer-die-suche\/internet\/google-scholar\/\">Continue reading <span class=\"screen-reader-text\">Google Scholar<\/span><\/a><\/p>\n","protected":false},"author":2,"featured_media":0,"parent":54,"menu_order":1,"comment_status":"closed","ping_status":"closed","template":"","meta":{"footnotes":""},"class_list":["post-59","page","type-page","status-publish","hentry","entry"],"_links":{"self":[{"href":"https:\/\/library.wu.ac.at\/bib\/fit4research\/index.php\/wp-json\/wp\/v2\/pages\/59","targetHints":{"allow":["GET"]}}],"collection":[{"href":"https:\/\/library.wu.ac.at\/bib\/fit4research\/index.php\/wp-json\/wp\/v2\/pages"}],"about":[{"href":"https:\/\/library.wu.ac.at\/bib\/fit4research\/index.php\/wp-json\/wp\/v2\/types\/page"}],"author":[{"embeddable":true,"href":"https:\/\/library.wu.ac.at\/bib\/fit4research\/index.php\/wp-json\/wp\/v2\/users\/2"}],"replies":[{"embeddable":true,"href":"https:\/\/library.wu.ac.at\/bib\/fit4research\/index.php\/wp-json\/wp\/v2\/comments?post=59"}],"version-history":[{"count":30,"href":"https:\/\/library.wu.ac.at\/bib\/fit4research\/index.php\/wp-json\/wp\/v2\/pages\/59\/revisions"}],"predecessor-version":[{"id":5624,"href":"https:\/\/library.wu.ac.at\/bib\/fit4research\/index.php\/wp-json\/wp\/v2\/pages\/59\/revisions\/5624"}],"up":[{"embeddable":true,"href":"https:\/\/library.wu.ac.at\/bib\/fit4research\/index.php\/wp-json\/wp\/v2\/pages\/54"}],"wp:attachment":[{"href":"https:\/\/library.wu.ac.at\/bib\/fit4research\/index.php\/wp-json\/wp\/v2\/media?parent=59"}],"curies":[{"name":"wp","href":"https:\/\/api.w.org\/{rel}","templated":true}]}}