{"id":5214,"date":"2023-07-20T12:00:00","date_gmt":"2023-07-20T10:00:00","guid":{"rendered":"https:\/\/library.wu.ac.at\/bib\/fit4research\/?page_id=5214"},"modified":"2025-04-30T17:17:09","modified_gmt":"2025-04-30T15:17:09","slug":"zugriff-auf-juristische-e-ressourcen","status":"publish","type":"page","link":"https:\/\/library.wu.ac.at\/bib\/fit4research\/index.php\/juristische-recherche\/zugriff-auf-juristische-e-ressourcen\/","title":{"rendered":"Zugriff auf juristische E-Ressourcen"},"content":{"rendered":"\n<p>F\u00fcr die Recherche nach juristischen Online-Ressourcen sowie nach Online-Rechtsquellen stehen dir eine Reihe unterschiedlicher Tools zur Verf\u00fcgung. Auf dieser Seite bekommst du einen \u00dcberblick mit allen relevanten Informationen.<\/p>\n\n\n\n<p class=\"has-blue-background-color has-background\"><strong>Wichtig<\/strong>: Um au\u00dferhalb des WU Campus auf die E-Ressourcen der Bibliothek zuzugreifen ben\u00f6tigst du <a href=\"https:\/\/www.wu.ac.at\/it\/services\/network\/vpn\" data-type=\"link\" data-id=\"https:\/\/www.wu.ac.at\/it\/services\/network\/vpn\" target=\"_blank\" rel=\"noreferrer noopener\">eine VPN-Verbindung<\/a> zum WU Netzwerk.<\/p>\n\n\n\n<h2 class=\"wp-block-heading\" id=\"datenbanken\">Rechtsdatenbanken<\/h2>\n\n\n\n<p>Die WU Bibliothek bietet dir Zugang zu zahlreichen Datenbanken. Die wichtigsten Rechtsdatenbanken sind RDB, RIDA, Lexis 360, LinDa und BiblioScout (vormals: Verlag \u00d6sterreich eLibrary). Du findest sie auf der untenstehenden Liste. Durch Klicken auf &#8222;Mehr Info und Suchhilfe&#8220; erh\u00e4ltst du die Eckdaten zur jeweiligen Datenbank, gemeinsam mit Anleitungen und Hilfestellungen zur Verwendung. Auf der Bibliothekswebsite findest du zudem <a href=\"https:\/\/www.wu.ac.at\/bibliothek\/recherche\/datenbanken\/\" target=\"_blank\" rel=\"noreferrer noopener\">weitere Informationen zum Zugang und Nutzungshinweise<\/a>.<\/p>\n\n\n\n<div align=\"left\" style=\"width: 100%;\"><iframe loading=\"lazy\" height=\"500px\" width=\"100%\" src=\"https:\/\/library.wu.ac.at\/bib\/proxy_cms\/databases\/?uilanguage=de&#038;fachrecht=recht&#038;submit=Suche+ausf%C3%BChren#results\" title=\"Rechtsdatenbanken\"><\/iframe><\/div>\n\n\n\n<h2 class=\"wp-block-heading\">WU Katalog<\/h2>\n\n\n\n<div class=\"wp-block-media-text has-media-on-the-right is-stacked-on-mobile\" style=\"grid-template-columns:auto 60%\"><div class=\"wp-block-media-text__content\">\n<p>Im <a href=\"https:\/\/katalog.wu.ac.at\/primo-explore\/search?vid=WUW\" data-type=\"link\" data-id=\"https:\/\/katalog.wu.ac.at\/primo-explore\/search?vid=WUW\" target=\"_blank\" rel=\"noreferrer noopener\">WU Katalog<\/a> kannst du ganz einfach nach juristischen E-Books und E-Journals suchen. Dazu tippst du deinen Suchbegriff (z.B. <em>Menschenrecht<\/em>) ins Suchfeld ein und erh\u00e4ltst alle passenden Titel im Bestand. Wenn du rechts den Filter <em>Online Ressource<\/em> aktivierst, werden ausschlie\u00dflich E-Books angezeigt.<\/p>\n<\/div><figure class=\"wp-block-media-text__media\"><img loading=\"lazy\" decoding=\"async\" width=\"1024\" height=\"443\" src=\"https:\/\/library.wu.ac.at\/bib\/fit4research\/wp-content\/uploads\/2025\/04\/E-Ressourcen_WU-Katalog_1-1024x443.png\" alt=\"\" class=\"wp-image-5377 size-full\" srcset=\"https:\/\/library.wu.ac.at\/bib\/fit4research\/wp-content\/uploads\/2025\/04\/E-Ressourcen_WU-Katalog_1-1024x443.png 1024w, https:\/\/library.wu.ac.at\/bib\/fit4research\/wp-content\/uploads\/2025\/04\/E-Ressourcen_WU-Katalog_1-300x130.png 300w, https:\/\/library.wu.ac.at\/bib\/fit4research\/wp-content\/uploads\/2025\/04\/E-Ressourcen_WU-Katalog_1-768x332.png 768w, https:\/\/library.wu.ac.at\/bib\/fit4research\/wp-content\/uploads\/2025\/04\/E-Ressourcen_WU-Katalog_1-1536x665.png 1536w, https:\/\/library.wu.ac.at\/bib\/fit4research\/wp-content\/uploads\/2025\/04\/E-Ressourcen_WU-Katalog_1-2048x886.png 2048w, https:\/\/library.wu.ac.at\/bib\/fit4research\/wp-content\/uploads\/2025\/04\/E-Ressourcen_WU-Katalog_1-1568x678.png 1568w\" sizes=\"auto, (max-width: 1024px) 100vw, 1024px\" \/><\/figure><\/div>\n\n\n\n<div class=\"wp-block-media-text has-media-on-the-right is-stacked-on-mobile\" style=\"grid-template-columns:auto 60%\"><div class=\"wp-block-media-text__content\">\n<p>\u00dcber den Filter <em>RVK<\/em> kannst du die Ergebnisse auch auf ein bestimmtes Rechtsgebiet einschr\u00e4nken, z.B. <em>PR<\/em> f\u00fcr V\u00f6lkerrecht oder <em>PS<\/em> f\u00fcr Europarecht.<\/p>\n<\/div><figure class=\"wp-block-media-text__media\"><img loading=\"lazy\" decoding=\"async\" width=\"1024\" height=\"289\" src=\"https:\/\/library.wu.ac.at\/bib\/fit4research\/wp-content\/uploads\/2025\/04\/E-Ressourcen_WU-Katalog_2-1024x289.png\" alt=\"\" class=\"wp-image-5378 size-full\" srcset=\"https:\/\/library.wu.ac.at\/bib\/fit4research\/wp-content\/uploads\/2025\/04\/E-Ressourcen_WU-Katalog_2-1024x289.png 1024w, https:\/\/library.wu.ac.at\/bib\/fit4research\/wp-content\/uploads\/2025\/04\/E-Ressourcen_WU-Katalog_2-300x85.png 300w, https:\/\/library.wu.ac.at\/bib\/fit4research\/wp-content\/uploads\/2025\/04\/E-Ressourcen_WU-Katalog_2-768x217.png 768w, https:\/\/library.wu.ac.at\/bib\/fit4research\/wp-content\/uploads\/2025\/04\/E-Ressourcen_WU-Katalog_2-1536x433.png 1536w, https:\/\/library.wu.ac.at\/bib\/fit4research\/wp-content\/uploads\/2025\/04\/E-Ressourcen_WU-Katalog_2-2048x577.png 2048w, https:\/\/library.wu.ac.at\/bib\/fit4research\/wp-content\/uploads\/2025\/04\/E-Ressourcen_WU-Katalog_2-1568x442.png 1568w\" sizes=\"auto, (max-width: 1024px) 100vw, 1024px\" \/><\/figure><\/div>\n\n\n\n<div class=\"wp-block-media-text has-media-on-the-right is-stacked-on-mobile\" style=\"grid-template-columns:auto 60%\"><div class=\"wp-block-media-text__content\">\n<p>Wenn du nur die <a href=\"https:\/\/library.wu.ac.at\/bib\/fit4research\/index.php\/juristische-recherche\/studienliteratur\/#lbs\" data-type=\"link\" data-id=\"https:\/\/library.wu.ac.at\/bib\/fit4research\/index.php\/juristische-recherche\/studienliteratur\/#lbs\">juristische Lehrbuchsammlung<\/a> durchsuchen m\u00f6chtest, kannst du das tun, indem du rechts neben dem Suchfeld den entsprechenden Teilkatalog ausw\u00e4hlst. Auch hier lohnt sich ein Klick auf den Filter <em>Online Ressource<\/em>.<\/p>\n<\/div><figure class=\"wp-block-media-text__media\"><img loading=\"lazy\" decoding=\"async\" width=\"1024\" height=\"591\" src=\"https:\/\/library.wu.ac.at\/bib\/fit4research\/wp-content\/uploads\/2025\/04\/LBS-D3-WU-Katalog-1024x591.png\" alt=\"\" class=\"wp-image-5221 size-full\" srcset=\"https:\/\/library.wu.ac.at\/bib\/fit4research\/wp-content\/uploads\/2025\/04\/LBS-D3-WU-Katalog-1024x591.png 1024w, https:\/\/library.wu.ac.at\/bib\/fit4research\/wp-content\/uploads\/2025\/04\/LBS-D3-WU-Katalog-300x173.png 300w, https:\/\/library.wu.ac.at\/bib\/fit4research\/wp-content\/uploads\/2025\/04\/LBS-D3-WU-Katalog-768x443.png 768w, https:\/\/library.wu.ac.at\/bib\/fit4research\/wp-content\/uploads\/2025\/04\/LBS-D3-WU-Katalog-1536x886.png 1536w, https:\/\/library.wu.ac.at\/bib\/fit4research\/wp-content\/uploads\/2025\/04\/LBS-D3-WU-Katalog-2048x1181.png 2048w, https:\/\/library.wu.ac.at\/bib\/fit4research\/wp-content\/uploads\/2025\/04\/LBS-D3-WU-Katalog-1568x904.png 1568w\" sizes=\"auto, (max-width: 1024px) 100vw, 1024px\" \/><\/figure><\/div>\n\n\n\n<h2 class=\"wp-block-heading\">Elektronische Zeitschriftenbibliothek (EZB)<\/h2>\n\n\n\n<p>Die Elektronische Zeitschriftenbibliothek (EZB) ist ein gutes Tool f\u00fcr den Zugriff auf die E-Journals, die dir \u00fcber die WU Bibliothek zur Verf\u00fcgung stehen. Die EZB ist unter folgendem Link erreichbar: <a href=\"https:\/\/ezb.ur.de\/ezeit\/search.phtml?bibid=UBWUW&amp;colors=7&amp;frames=&amp;toc=&amp;ssg=\" data-type=\"link\" data-id=\"https:\/\/ezb.ur.de\/ezeit\/search.phtml?bibid=UBWUW&amp;colors=7&amp;frames=&amp;toc=&amp;ssg=\" target=\"_blank\" rel=\"noreferrer noopener\">Hier geht es zur EZB<\/a>.<\/p>\n\n\n\n<p>N\u00e4here Informationen rund um die Nutzung der EZB findest du auf unserer <a href=\"https:\/\/library.wu.ac.at\/bib\/fit4research\/index.php\/fit4research-start\/wu-katalog-google-scholar-co-deine-tools-fuer-die-suche\/wu-katalog\/zeitschriften\/#e-journals\" data-type=\"link\" data-id=\"https:\/\/library.wu.ac.at\/bib\/fit4research\/index.php\/fit4research-start\/wu-katalog-google-scholar-co-deine-tools-fuer-die-suche\/wu-katalog\/zeitschriften\/#e-journals\">Seite zum Thema <em>Zeitschriften<\/em><\/a>.<\/p>\n\n\n\n<figure class=\"wp-block-image size-large\"><img loading=\"lazy\" decoding=\"async\" width=\"1024\" height=\"509\" src=\"https:\/\/library.wu.ac.at\/bib\/fit4research\/wp-content\/uploads\/2025\/04\/E-Ressourcen_EZB-1024x509.png\" alt=\"\" class=\"wp-image-5376\" srcset=\"https:\/\/library.wu.ac.at\/bib\/fit4research\/wp-content\/uploads\/2025\/04\/E-Ressourcen_EZB-1024x509.png 1024w, https:\/\/library.wu.ac.at\/bib\/fit4research\/wp-content\/uploads\/2025\/04\/E-Ressourcen_EZB-300x149.png 300w, https:\/\/library.wu.ac.at\/bib\/fit4research\/wp-content\/uploads\/2025\/04\/E-Ressourcen_EZB-768x382.png 768w, https:\/\/library.wu.ac.at\/bib\/fit4research\/wp-content\/uploads\/2025\/04\/E-Ressourcen_EZB.png 1038w\" sizes=\"auto, (max-width: 1024px) 100vw, 1024px\" \/><\/figure>\n\n\n\n<div class=\"wp-block-group\"><div class=\"wp-block-group__inner-container is-layout-constrained wp-block-group-is-layout-constrained\">\n<div class=\"wp-block-group\"><div class=\"wp-block-group__inner-container is-layout-constrained wp-block-group-is-layout-constrained\">\n<div class=\"wp-block-columns is-layout-flex wp-container-core-columns-is-layout-9d6595d7 wp-block-columns-is-layout-flex\">\n<div class=\"wp-block-column is-layout-flow wp-block-column-is-layout-flow\"><\/div>\n\n\n\n<div class=\"wp-block-column is-layout-flow wp-block-column-is-layout-flow\"><\/div>\n<\/div>\n<\/div><\/div>\n<\/div><\/div>\n","protected":false},"excerpt":{"rendered":"<p>F\u00fcr die Recherche nach juristischen Online-Ressourcen sowie nach Online-Rechtsquellen stehen dir eine Reihe unterschiedlicher Tools zur Verf\u00fcgung. Auf dieser Seite bekommst du einen \u00dcberblick mit allen relevanten Informationen. Wichtig: Um au\u00dferhalb des WU Campus auf die E-Ressourcen der Bibliothek zuzugreifen ben\u00f6tigst du eine VPN-Verbindung zum WU Netzwerk. Rechtsdatenbanken Die WU Bibliothek bietet dir Zugang zu&hellip; <a class=\"more-link\" href=\"https:\/\/library.wu.ac.at\/bib\/fit4research\/index.php\/juristische-recherche\/zugriff-auf-juristische-e-ressourcen\/\">Continue reading <span class=\"screen-reader-text\">Zugriff auf juristische E-Ressourcen<\/span><\/a><\/p>\n","protected":false},"author":6,"featured_media":0,"parent":5185,"menu_order":4,"comment_status":"closed","ping_status":"closed","template":"","meta":{"footnotes":""},"class_list":["post-5214","page","type-page","status-publish","hentry","entry"],"_links":{"self":[{"href":"https:\/\/library.wu.ac.at\/bib\/fit4research\/index.php\/wp-json\/wp\/v2\/pages\/5214","targetHints":{"allow":["GET"]}}],"collection":[{"href":"https:\/\/library.wu.ac.at\/bib\/fit4research\/index.php\/wp-json\/wp\/v2\/pages"}],"about":[{"href":"https:\/\/library.wu.ac.at\/bib\/fit4research\/index.php\/wp-json\/wp\/v2\/types\/page"}],"author":[{"embeddable":true,"href":"https:\/\/library.wu.ac.at\/bib\/fit4research\/index.php\/wp-json\/wp\/v2\/users\/6"}],"replies":[{"embeddable":true,"href":"https:\/\/library.wu.ac.at\/bib\/fit4research\/index.php\/wp-json\/wp\/v2\/comments?post=5214"}],"version-history":[{"count":8,"href":"https:\/\/library.wu.ac.at\/bib\/fit4research\/index.php\/wp-json\/wp\/v2\/pages\/5214\/revisions"}],"predecessor-version":[{"id":5549,"href":"https:\/\/library.wu.ac.at\/bib\/fit4research\/index.php\/wp-json\/wp\/v2\/pages\/5214\/revisions\/5549"}],"up":[{"embeddable":true,"href":"https:\/\/library.wu.ac.at\/bib\/fit4research\/index.php\/wp-json\/wp\/v2\/pages\/5185"}],"wp:attachment":[{"href":"https:\/\/library.wu.ac.at\/bib\/fit4research\/index.php\/wp-json\/wp\/v2\/media?parent=5214"}],"curies":[{"name":"wp","href":"https:\/\/api.w.org\/{rel}","templated":true}]}}