{"id":5195,"date":"2023-07-20T08:00:00","date_gmt":"2023-07-20T06:00:00","guid":{"rendered":"https:\/\/library.wu.ac.at\/bib\/fit4research\/?page_id=5195"},"modified":"2025-04-30T17:09:25","modified_gmt":"2025-04-30T15:09:25","slug":"die-bibliothek-recht","status":"publish","type":"page","link":"https:\/\/library.wu.ac.at\/bib\/fit4research\/index.php\/juristische-recherche\/die-bibliothek-recht\/","title":{"rendered":"Die Bibliothek Recht"},"content":{"rendered":"\n<div class=\"wp-block-media-text has-media-on-the-right is-stacked-on-mobile\" style=\"grid-template-columns:auto 40%\"><div class=\"wp-block-media-text__content\">\n<p>Gedruckte juristische B\u00fccher und Zeitschriften gibt es an der WU an verschiedenen Standorten.<\/p>\n\n\n\n<h3 class=\"wp-block-heading\" id=\"d3\">Bibliothek Recht (D3)<\/h3>\n\n\n\n<p>In der <a href=\"https:\/\/www.wu.ac.at\/bibliothek\/wu-bibliothek\/bibliotheken-am-campus\/bibliothek-recht\" data-type=\"link\" data-id=\"https:\/\/www.wu.ac.at\/bibliothek\/wu-bibliothek\/bibliotheken-am-campus\/bibliothek-recht\" target=\"_blank\" rel=\"noreferrer noopener\">Bibliothek Recht<\/a> findest du juristische Literatur zu allen Fachgebieten: Kommentare, Kodizes und Handb\u00fccher zu allen rechtlichen Themen sind hier vor Ort nutzbar.<\/p>\n\n\n\n<p>WU Studierende k\u00f6nnen in der Bibliothek Recht nur aus <a href=\"https:\/\/library.wu.ac.at\/bib\/fit4research\/index.php\/juristische-recherche\/studienliteratur\/#lbs\" data-type=\"link\" data-id=\"https:\/\/library.wu.ac.at\/bib\/fit4research\/index.php\/juristische-recherche\/studienliteratur\/#lbs\">der Lehrbuchsammlung<\/a> entlehnen.<\/p>\n\n\n\n<p>Au\u00dferdem gibt es in der Bibliothek Recht juristische Festschriften, Zeitschriften und die gedruckte Fassung der Bundesgesetzbl\u00e4tter (BGBl). Obwohl Zeitschriften und Gesetzbl\u00e4tter heutzutage meistens online (in Datenbanken wie dem RIS oder der RDB) verf\u00fcgbar sind, kann es bei \u00e4lteren Ausgaben sein, dass es keine Online-Ausgabe gibt und du die gedruckte Variante in der Bibliothek benutzen musst. Das Service-Team steht am Bibliotheksschalter (Front Desk) im Eingangsbereich der Bibliothek Recht f\u00fcr Fragen und Unterst\u00fctzung bei der Benutzung der Bibliothek zur Verf\u00fcgung.<\/p>\n\n\n\n<h3 class=\"wp-block-heading\" id=\"d3s\">Aufstellung Steuerrecht (D3S)<\/h3>\n\n\n\n<p>Literatur zum Steuerrecht findest du gesammelt am <a href=\"https:\/\/www.wu.ac.at\/taxlaw\" data-type=\"link\" data-id=\"https:\/\/www.wu.ac.at\/taxlaw\" target=\"_blank\" rel=\"noreferrer noopener\">Institut f\u00fcr Steuerrecht<\/a> im 2. Obergeschoss des D3-Geb\u00e4udes. Die B\u00fccher k\u00f6nnen dort nicht entlehnt werden, daf\u00fcr steht ein Scanner vor Ort zur Verf\u00fcgung.<\/p>\n\n\n\n<h3 class=\"wp-block-heading\">Bibliothekszentrum Freihandbereich (LC)<\/h3>\n\n\n\n<p>Im Bibliothekszentrum (LC) stehen einige Ausgaben der wichtigsten Kodizes, Lehrb\u00fccher und Kommentare zur Verf\u00fcgung. Diese findest du auf <a href=\"https:\/\/library.wu.ac.at\/bib\/fit4research\/index.php\/fit4research-start\/zugriff-auf-literatur-online-und-vor-ort\/orientierung-in-der-bibliothek-wo-finde-ich-was\/ebene-5-6-sammlung-nach-themengebieten\/\" data-type=\"link\" data-id=\"https:\/\/library.wu.ac.at\/bib\/fit4research\/index.php\/fit4research-start\/zugriff-auf-literatur-online-und-vor-ort\/orientierung-in-der-bibliothek-wo-finde-ich-was\/ebene-5-6-sammlung-nach-themengebieten\/\">Ebene 6 im Freihandbereich<\/a>. Sie sind grunds\u00e4tzlich entlehnbar, damit trotzdem immer auch Examplare vor Ort nutzbar sind, gibt es jeweils auch <a href=\"https:\/\/library.wu.ac.at\/bib\/fit4research\/index.php\/fit4research-start\/zugriff-auf-literatur-online-und-vor-ort\/orientierung-in-der-bibliothek-wo-finde-ich-was\/ebene-5-6-sammlung-nach-themengebieten\/#entlehnung\" data-type=\"link\" data-id=\"https:\/\/library.wu.ac.at\/bib\/fit4research\/index.php\/fit4research-start\/zugriff-auf-literatur-online-und-vor-ort\/orientierung-in-der-bibliothek-wo-finde-ich-was\/ebene-5-6-sammlung-nach-themengebieten\/#entlehnung\">nicht entlehnbare Pr\u00e4senzexemplare (zur Lesesaalnutzung)<\/a>. Achte auf den roten Aufkleber! \u00c4ltere juristische B\u00fccher befinden sich im Untergeschoss des Bibliothekszentrums auf Ebene -2.<\/p>\n<\/div><figure class=\"wp-block-media-text__media\"><img loading=\"lazy\" decoding=\"async\" width=\"684\" height=\"1024\" src=\"https:\/\/library.wu.ac.at\/bib\/fit4research\/wp-content\/uploads\/2025\/04\/LBS-Bibliothek-Recht-D3-684x1024.jpg\" alt=\"\" class=\"wp-image-5206 size-full\" srcset=\"https:\/\/library.wu.ac.at\/bib\/fit4research\/wp-content\/uploads\/2025\/04\/LBS-Bibliothek-Recht-D3-684x1024.jpg 684w, https:\/\/library.wu.ac.at\/bib\/fit4research\/wp-content\/uploads\/2025\/04\/LBS-Bibliothek-Recht-D3-200x300.jpg 200w, https:\/\/library.wu.ac.at\/bib\/fit4research\/wp-content\/uploads\/2025\/04\/LBS-Bibliothek-Recht-D3-768x1151.jpg 768w, https:\/\/library.wu.ac.at\/bib\/fit4research\/wp-content\/uploads\/2025\/04\/LBS-Bibliothek-Recht-D3-1025x1536.jpg 1025w, https:\/\/library.wu.ac.at\/bib\/fit4research\/wp-content\/uploads\/2025\/04\/LBS-Bibliothek-Recht-D3.jpg 1367w\" sizes=\"auto, (max-width: 684px) 100vw, 684px\" \/><\/figure><\/div>\n\n\n\n<div class=\"wp-block-group\"><div class=\"wp-block-group__inner-container is-layout-constrained wp-block-group-is-layout-constrained\">\n<div class=\"wp-block-group\"><div class=\"wp-block-group__inner-container is-layout-constrained wp-block-group-is-layout-constrained\">\n<div class=\"wp-block-columns is-layout-flex wp-container-core-columns-is-layout-9d6595d7 wp-block-columns-is-layout-flex\">\n<div class=\"wp-block-column is-layout-flow wp-block-column-is-layout-flow\"><\/div>\n\n\n\n<div class=\"wp-block-column is-layout-flow wp-block-column-is-layout-flow\"><\/div>\n<\/div>\n<\/div><\/div>\n<\/div><\/div>\n","protected":false},"excerpt":{"rendered":"<p>Gedruckte juristische B\u00fccher und Zeitschriften gibt es an der WU an verschiedenen Standorten. Bibliothek Recht (D3) In der Bibliothek Recht findest du juristische Literatur zu allen Fachgebieten: Kommentare, Kodizes und Handb\u00fccher zu allen rechtlichen Themen sind hier vor Ort nutzbar. WU Studierende k\u00f6nnen in der Bibliothek Recht nur aus der Lehrbuchsammlung entlehnen. Au\u00dferdem gibt es&hellip; <a class=\"more-link\" href=\"https:\/\/library.wu.ac.at\/bib\/fit4research\/index.php\/juristische-recherche\/die-bibliothek-recht\/\">Continue reading <span class=\"screen-reader-text\">Die Bibliothek Recht<\/span><\/a><\/p>\n","protected":false},"author":6,"featured_media":0,"parent":5185,"menu_order":0,"comment_status":"closed","ping_status":"closed","template":"","meta":{"footnotes":""},"class_list":["post-5195","page","type-page","status-publish","hentry","entry"],"_links":{"self":[{"href":"https:\/\/library.wu.ac.at\/bib\/fit4research\/index.php\/wp-json\/wp\/v2\/pages\/5195","targetHints":{"allow":["GET"]}}],"collection":[{"href":"https:\/\/library.wu.ac.at\/bib\/fit4research\/index.php\/wp-json\/wp\/v2\/pages"}],"about":[{"href":"https:\/\/library.wu.ac.at\/bib\/fit4research\/index.php\/wp-json\/wp\/v2\/types\/page"}],"author":[{"embeddable":true,"href":"https:\/\/library.wu.ac.at\/bib\/fit4research\/index.php\/wp-json\/wp\/v2\/users\/6"}],"replies":[{"embeddable":true,"href":"https:\/\/library.wu.ac.at\/bib\/fit4research\/index.php\/wp-json\/wp\/v2\/comments?post=5195"}],"version-history":[{"count":12,"href":"https:\/\/library.wu.ac.at\/bib\/fit4research\/index.php\/wp-json\/wp\/v2\/pages\/5195\/revisions"}],"predecessor-version":[{"id":5643,"href":"https:\/\/library.wu.ac.at\/bib\/fit4research\/index.php\/wp-json\/wp\/v2\/pages\/5195\/revisions\/5643"}],"up":[{"embeddable":true,"href":"https:\/\/library.wu.ac.at\/bib\/fit4research\/index.php\/wp-json\/wp\/v2\/pages\/5185"}],"wp:attachment":[{"href":"https:\/\/library.wu.ac.at\/bib\/fit4research\/index.php\/wp-json\/wp\/v2\/media?parent=5195"}],"curies":[{"name":"wp","href":"https:\/\/api.w.org\/{rel}","templated":true}]}}