{"id":4376,"date":"2023-07-18T15:29:00","date_gmt":"2023-07-18T13:29:00","guid":{"rendered":"https:\/\/library.wu.ac.at\/bib\/fit4research\/?page_id=4376"},"modified":"2025-04-02T18:04:30","modified_gmt":"2025-04-02T16:04:30","slug":"libkey","status":"publish","type":"page","link":"https:\/\/library.wu.ac.at\/bib\/fit4research\/index.php\/libkey\/","title":{"rendered":"Schnell zu Volltexten mit LibKey"},"content":{"rendered":"\n<p>Wenn du bei der Recherche einen vielversprechenden Artikel findest, m\u00f6chtest du nat\u00fcrlich schnellstm\u00f6glich den zugeh\u00f6rigen Volltext. LibKey ist ein Programm, das dich schnell und einfach mit den Online-Inhalten der WU Bibliothek sowie mit Open Access Artikeln verbindet. Konkret bedeutet das: Du kommst mit einem Klick zu den Volltexten von Artikeln.<\/p>\n\n\n\n<p>LibKey ist in den <a href=\"https:\/\/library.wu.ac.at\/bib\/fit4research\/index.php\/fit4research-start\/wu-katalog-google-scholar-co-deine-tools-fuer-die-suche\/wu-katalog\/\" data-type=\"link\" data-id=\"https:\/\/library.wu.ac.at\/bib\/fit4research\/index.php\/fit4research-start\/wu-katalog-google-scholar-co-deine-tools-fuer-die-suche\/wu-katalog\/\">WU Katalog<\/a> und in einige von der WU lizenzierte <a href=\"https:\/\/library.wu.ac.at\/bib\/fit4research\/index.php\/fit4research-start\/wu-katalog-google-scholar-co-deine-tools-fuer-die-suche\/datenbanken\/\" data-type=\"link\" data-id=\"https:\/\/library.wu.ac.at\/bib\/fit4research\/index.php\/fit4research-start\/wu-katalog-google-scholar-co-deine-tools-fuer-die-suche\/datenbanken\/\">Datenbanken<\/a> (z.B. EBSCO, ProQuest und Scopus) integriert.<\/p>\n\n\n\n<p>Im WU Katalog sieht das folgenderma\u00dfen aus:<\/p>\n\n\n\n<div class=\"wp-block-media-text has-media-on-the-right is-stacked-on-mobile\" style=\"grid-template-columns:auto 66%\"><div class=\"wp-block-media-text__content\">\n<p>Der Link <em>Download Article<\/em> f\u00fchrt dich direkt zum Artikel-PDF.<\/p>\n\n\n\n<p>Mit Klick auf <em>View Issue Contents <\/em>(auch: <em>View Journal Contents<\/em>) gelangst du zu der Ausgabe der Zeitschrift, in der dein Artikel enthalten ist. Hier kannst du das ganze Heft durchbl\u00e4ttern. Das ist sehr hilfreich, um andere interessante Artikel zu finden, die sich mit \u00e4hnlichen Themen besch\u00e4ftigen.<\/p>\n<\/div><figure class=\"wp-block-media-text__media\"><img loading=\"lazy\" decoding=\"async\" width=\"1024\" height=\"421\" src=\"https:\/\/library.wu.ac.at\/bib\/fit4research\/wp-content\/uploads\/2024\/03\/LibKey_WU-Katalog-1024x421.png\" alt=\"\" class=\"wp-image-4382 size-full\" srcset=\"https:\/\/library.wu.ac.at\/bib\/fit4research\/wp-content\/uploads\/2024\/03\/LibKey_WU-Katalog-1024x421.png 1024w, https:\/\/library.wu.ac.at\/bib\/fit4research\/wp-content\/uploads\/2024\/03\/LibKey_WU-Katalog-300x123.png 300w, https:\/\/library.wu.ac.at\/bib\/fit4research\/wp-content\/uploads\/2024\/03\/LibKey_WU-Katalog-768x316.png 768w, https:\/\/library.wu.ac.at\/bib\/fit4research\/wp-content\/uploads\/2024\/03\/LibKey_WU-Katalog-1536x632.png 1536w, https:\/\/library.wu.ac.at\/bib\/fit4research\/wp-content\/uploads\/2024\/03\/LibKey_WU-Katalog-2048x842.png 2048w, https:\/\/library.wu.ac.at\/bib\/fit4research\/wp-content\/uploads\/2024\/03\/LibKey_WU-Katalog-1568x645.png 1568w\" sizes=\"auto, (max-width: 1024px) 100vw, 1024px\" \/><\/figure><\/div>\n\n\n\n<p class=\"has-blue-background-color has-background\"><strong>Wichtig<\/strong>: Um LibKey zu nutzen, musst du entweder vor Ort im WU WLAN sein oder via <a href=\"https:\/\/www.wu.ac.at\/it\/services\/network\/vpn\/\" data-type=\"link\" data-id=\"https:\/\/www.wu.ac.at\/it\/services\/network\/vpn\/\" target=\"_blank\" rel=\"noreferrer noopener\">VPN-Verbindung<\/a> mit dem WU Netzwerk verbunden sein.<\/p>\n\n\n\n<div class=\"wp-block-group\" style=\"padding-top:3em;padding-right:10rem;padding-bottom:3em;padding-left:10rem\"><div class=\"wp-block-group__inner-container is-layout-constrained wp-container-core-group-is-layout-0682ed28 wp-block-group-is-layout-constrained\">\n<hr class=\"wp-block-separator alignwide has-alpha-channel-opacity is-style-wide\"\/>\n<\/div><\/div>\n\n\n\n<h2 class=\"wp-block-heading\" id=\"nomad\">LibKey Nomad<\/h2>\n\n\n\n<p><em>LibKey Nomad<\/em> ist eine Browser-Erweiterung, die Volltexte von Artikeln f\u00fcr dich sucht &#8211; egal wo im Internet du gerade recherchierst. Das hei\u00dft f\u00fcr dich: Weniger Klicks, um zu deinen Inhalten zu kommen. LibKey Nomad ist praktisch f\u00fcr alle Recherchen au\u00dferhalb des WU Katalogs bzw. au\u00dferhalb von den Datenbanken, die LibKey integriert haben.<\/p>\n\n\n\n<p>So funktioniert&#8217;s: LibKey Nomad begleitet dich auf deiner Recherche und \u00fcberpr\u00fcft auf allen Internetseiten, ob es Artikel (teilweise auch E-Books) erkennt, auf die du \u00fcber die WU Bibliothek Zugriff hast. Dabei reicht es schon, wenn ein Artikel z.B. als Eintrag in einem Literaturverzeichnis angef\u00fchrt wird.<\/p>\n\n\n\n<p>Findet LibKey Nomad einen Artikel, erscheint das LibKey Symbol in der unteren Ecke des Fensters. Neben den betreffenden Artikeln f\u00fchrt dich ein Button direkt zum Volltext. Hier siehst du das am Beispiel der Literaturnachweise eines Wikipedia-Artikels:<\/p>\n\n\n\n<figure class=\"wp-block-image size-large is-resized\"><img loading=\"lazy\" decoding=\"async\" width=\"1024\" height=\"453\" src=\"https:\/\/library.wu.ac.at\/bib\/fit4research\/wp-content\/uploads\/2024\/03\/LibKey_Wikipedia_schmal-1024x453.png\" alt=\"\" class=\"wp-image-4418\" style=\"width:650px\" srcset=\"https:\/\/library.wu.ac.at\/bib\/fit4research\/wp-content\/uploads\/2024\/03\/LibKey_Wikipedia_schmal-1024x453.png 1024w, https:\/\/library.wu.ac.at\/bib\/fit4research\/wp-content\/uploads\/2024\/03\/LibKey_Wikipedia_schmal-300x133.png 300w, https:\/\/library.wu.ac.at\/bib\/fit4research\/wp-content\/uploads\/2024\/03\/LibKey_Wikipedia_schmal-768x339.png 768w, https:\/\/library.wu.ac.at\/bib\/fit4research\/wp-content\/uploads\/2024\/03\/LibKey_Wikipedia_schmal-1536x679.png 1536w, https:\/\/library.wu.ac.at\/bib\/fit4research\/wp-content\/uploads\/2024\/03\/LibKey_Wikipedia_schmal-2048x905.png 2048w, https:\/\/library.wu.ac.at\/bib\/fit4research\/wp-content\/uploads\/2024\/03\/LibKey_Wikipedia_schmal-1568x693.png 1568w\" sizes=\"auto, (max-width: 1024px) 100vw, 1024px\" \/><\/figure>\n\n\n\n<p><\/p>\n\n\n\n<h3 class=\"wp-block-heading\">Einrichtung von LibKey Nomad<\/h3>\n\n\n\n<p>Du kannst LibKey Nomad auf <a href=\"https:\/\/thirdiron.com\/downloadnomad\/\" target=\"_blank\" rel=\"noreferrer noopener\">dieser Webseite<\/a> herunterladen. W\u00e4hle dort einfach deinen Browser und installiere das Add-On.<\/p>\n\n\n\n<div class=\"wp-block-media-text has-media-on-the-right is-stacked-on-mobile\"><div class=\"wp-block-media-text__content\">\n<p>Jetzt musst du nur noch die Verbindung zur WU Bibliothek herstellen. Suche daf\u00fcr bei der Einrichtung von LibKey Nomad unter <em>Select Organization<\/em> die WU (WU Wirtschaftsuniversit\u00e4t Wien) aus. Fertig! Alle Inhalte, auf die du Zugriff hast, werden ab jetzt f\u00fcr dich gekennzeichnet.<\/p>\n<\/div><figure class=\"wp-block-media-text__media\"><img loading=\"lazy\" decoding=\"async\" width=\"1024\" height=\"744\" src=\"https:\/\/library.wu.ac.at\/bib\/fit4research\/wp-content\/uploads\/2024\/03\/Nomad_Einrichtung-1024x744.png\" alt=\"\" class=\"wp-image-4380 size-full\" srcset=\"https:\/\/library.wu.ac.at\/bib\/fit4research\/wp-content\/uploads\/2024\/03\/Nomad_Einrichtung-1024x744.png 1024w, https:\/\/library.wu.ac.at\/bib\/fit4research\/wp-content\/uploads\/2024\/03\/Nomad_Einrichtung-300x218.png 300w, https:\/\/library.wu.ac.at\/bib\/fit4research\/wp-content\/uploads\/2024\/03\/Nomad_Einrichtung-768x558.png 768w, https:\/\/library.wu.ac.at\/bib\/fit4research\/wp-content\/uploads\/2024\/03\/Nomad_Einrichtung-1536x1115.png 1536w, https:\/\/library.wu.ac.at\/bib\/fit4research\/wp-content\/uploads\/2024\/03\/Nomad_Einrichtung-2048x1487.png 2048w, https:\/\/library.wu.ac.at\/bib\/fit4research\/wp-content\/uploads\/2024\/03\/Nomad_Einrichtung-1568x1138.png 1568w\" sizes=\"auto, (max-width: 1024px) 100vw, 1024px\" \/><\/figure><\/div>\n\n\n\n<div class=\"wp-block-columns is-layout-flex wp-container-core-columns-is-layout-9d6595d7 wp-block-columns-is-layout-flex\">\n<div class=\"wp-block-column is-layout-flow wp-block-column-is-layout-flow\"><\/div>\n\n\n\n<div class=\"wp-block-column is-layout-flow wp-block-column-is-layout-flow\"><\/div>\n<\/div>\n","protected":false},"excerpt":{"rendered":"<p>Wenn du bei der Recherche einen vielversprechenden Artikel findest, m\u00f6chtest du nat\u00fcrlich schnellstm\u00f6glich den zugeh\u00f6rigen Volltext. LibKey ist ein Programm, das dich schnell und einfach mit den Online-Inhalten der WU Bibliothek sowie mit Open Access Artikeln verbindet. Konkret bedeutet das: Du kommst mit einem Klick zu den Volltexten von Artikeln. LibKey ist in den WU&hellip; <a class=\"more-link\" href=\"https:\/\/library.wu.ac.at\/bib\/fit4research\/index.php\/libkey\/\">Continue reading <span class=\"screen-reader-text\">Schnell zu Volltexten mit LibKey<\/span><\/a><\/p>\n","protected":false},"author":6,"featured_media":0,"parent":0,"menu_order":0,"comment_status":"closed","ping_status":"closed","template":"","meta":{"footnotes":""},"class_list":["post-4376","page","type-page","status-publish","hentry","entry"],"_links":{"self":[{"href":"https:\/\/library.wu.ac.at\/bib\/fit4research\/index.php\/wp-json\/wp\/v2\/pages\/4376","targetHints":{"allow":["GET"]}}],"collection":[{"href":"https:\/\/library.wu.ac.at\/bib\/fit4research\/index.php\/wp-json\/wp\/v2\/pages"}],"about":[{"href":"https:\/\/library.wu.ac.at\/bib\/fit4research\/index.php\/wp-json\/wp\/v2\/types\/page"}],"author":[{"embeddable":true,"href":"https:\/\/library.wu.ac.at\/bib\/fit4research\/index.php\/wp-json\/wp\/v2\/users\/6"}],"replies":[{"embeddable":true,"href":"https:\/\/library.wu.ac.at\/bib\/fit4research\/index.php\/wp-json\/wp\/v2\/comments?post=4376"}],"version-history":[{"count":17,"href":"https:\/\/library.wu.ac.at\/bib\/fit4research\/index.php\/wp-json\/wp\/v2\/pages\/4376\/revisions"}],"predecessor-version":[{"id":5173,"href":"https:\/\/library.wu.ac.at\/bib\/fit4research\/index.php\/wp-json\/wp\/v2\/pages\/4376\/revisions\/5173"}],"wp:attachment":[{"href":"https:\/\/library.wu.ac.at\/bib\/fit4research\/index.php\/wp-json\/wp\/v2\/media?parent=4376"}],"curies":[{"name":"wp","href":"https:\/\/api.w.org\/{rel}","templated":true}]}}