{"id":4248,"date":"2023-07-19T09:30:00","date_gmt":"2023-07-19T07:30:00","guid":{"rendered":"https:\/\/library.wu.ac.at\/bib\/fit4research\/?page_id=4248"},"modified":"2024-12-04T13:28:07","modified_gmt":"2024-12-04T12:28:07","slug":"ki-zitieren","status":"publish","type":"page","link":"https:\/\/library.wu.ac.at\/bib\/fit4research\/index.php\/fit4research-start\/literatur-zitieren-verwalten\/richtig-zitieren\/ki-zitieren\/","title":{"rendered":"KI zitieren"},"content":{"rendered":"\n<p class=\"has-blue-background-color has-background\"><strong>Achtung<\/strong>: Kl\u00e4re die Verwendung von KI-Tools immer zuerst mit deinem*deiner Betreuer*in ab! Frag nach, ob (und wie!) du sie einsetzen darfst und wie du KI-generierte Inhalte in deiner Arbeit zitieren sollst.<\/p>\n\n\n\n<p>Bei der <a href=\"https:\/\/library.wu.ac.at\/bib\/fit4research\/index.php\/fit4research-start\/wu-katalog-google-scholar-co-deine-tools-fuer-die-suche\/ki-tools\/\" data-type=\"page\" data-id=\"65\">Verwendung von KI-Tools im Studium<\/a> ist Transparenz ein entscheidender Faktor. Das hei\u00dft, du musst in deinen Arbeiten klar nachvollziehbar dokumentieren, f\u00fcr welche Abschnitte du <em>welches <\/em>KI-Tool <em>wie <\/em>eingesetzt hast.<\/p>\n\n\n\n<p>Die Verwendung von KI-Tools und KI-generierten Inhalten machst du in deiner Arbeit am besten mit einer Kombination dieser M\u00f6glichkeiten transparent:<\/p>\n\n\n\n<ul class=\"wp-block-list\">\n<li>Du kannst im entsprechenden Teil deiner Arbeit <strong>beschreiben<\/strong>, welche KI-Tools du verwendet hast und wof\u00fcr du sie eingesetzt hast (z.B. im Literaturteil oder im Methodenteil).<\/li>\n\n\n\n<li>Du kannst die verwendeten KI-Tools am Ende deiner Arbeit in einem <strong>Hilfsmittelverzeichnis (HVZ)<\/strong> auflisten. Darin dokumentierst du <em>alle <\/em>&#8211; nicht nur KI-basierte! &#8211; Hilfsmittel, die du beim Erstellen deiner Arbeit verwendet hast. Neben dem Namen des Hilfsmittels gibst du an, zu welchem Zweck du es eingesetzt hast, sowie f\u00fcr welche Teile deiner Arbeit. Auf der WU Webseite findest du <a href=\"https:\/\/www.wu.ac.at\/studierende\/mein-studium\/bachelorguide\/bachelorguide-deutschsprachige-programme\/lv-und-pruefungsinfos\/hilfsmittelverzeichnis\" data-type=\"link\" data-id=\"https:\/\/www.wu.ac.at\/studierende\/mein-studium\/bachelorguide\/bachelorguide-deutschsprachige-programme\/lv-und-pruefungsinfos\/hilfsmittelverzeichnis\" target=\"_blank\" rel=\"noreferrer noopener\">eine eigene Seite mit mehr Informationen rund ums Hilfsmittelverzeichnis<\/a> mit einer praktischen Vorlage und einem ausgef\u00fcllten Beispiel-Hilfsmittelverzeichnis.<\/li>\n\n\n\n<li>Du kannst KI-generierte Inhalte in deiner Arbeit <strong>zitieren<\/strong>.<\/li>\n<\/ul>\n\n\n\n<h2 class=\"wp-block-heading\">Wie zitiere ich KI-generierte Inhalte?<\/h2>\n\n\n\n<p>In verschiedenen Zitierrichtlinien gibt es Vorschl\u00e4ge zum Zitieren von KI-generierten Inhalten. Im Folgenden stellen wir dir die Empfehlungen der Zitierstile APA, Chicago und MLA vor. Die praktischen Beispiele sollen veranschaulichen, wie solche Zitate in einer wissenschaftlichen Arbeit aussehen k\u00f6nnen.<\/p>\n\n\n<div id=\"accordions-4254\" class=\"accordions-4254 accordions\" data-accordions={&quot;lazyLoad&quot;:true,&quot;id&quot;:&quot;4254&quot;,&quot;event&quot;:&quot;click&quot;,&quot;collapsible&quot;:&quot;true&quot;,&quot;heightStyle&quot;:&quot;content&quot;,&quot;animateStyle&quot;:&quot;swing&quot;,&quot;animateDelay&quot;:1000,&quot;navigation&quot;:true,&quot;active&quot;:999,&quot;expandedOther&quot;:&quot;no&quot;}>\r\n                <div id=\"accordions-lazy-4254\" class=\"accordions-lazy\" accordionsId=\"4254\">\r\n                    <\/div>\r\n\r\n    <div class=\"items\"  style=\"display:none\" >\r\n    \r\n            <div post_id=\"4254\" itemcount=\"0\"  header_id=\"header-17089507250\" id=\"header-17089507250\" style=\"\" class=\"accordions-head head17089507250 border-none\" toggle-text=\"\" main-text=\"APA\">\r\n                                    <span id=\"accordion-icons-17089507250\" class=\"accordion-icons\">\r\n                        <span class=\"accordion-icon-active accordion-plus\"><i class=\"fas fa-chevron-up\"><\/i><\/span>\r\n                        <span class=\"accordion-icon-inactive accordion-minus\"><i class=\"fas fa-chevron-right\"><\/i><\/span>\r\n                    <\/span>\r\n                    <span id=\"header-text-17089507250\" class=\"accordions-head-title\">APA<\/span>\r\n                            <\/div>\r\n            <div class=\"accordion-content content17089507250 \">\r\n                <h4>Nachweis im Literaturverzeichnis<\/h4>\n<p style=\"padding-bottom: 1.5rem;\">Um einen KI-Chat zu zitieren gibt APA folgende Form vor:<\/p>\n<p style=\"padding-left: 2rem; padding-bottom: 1.5rem;\">Entwickler*innen der KI. (Jahr, Monat Tag). <em>Title des Chats in Kursiv<\/em> [Beschreibung; z. B. Generativer KI-Chat]. Name der KI\/Model. URL des Chats<\/p>\n<p style=\"padding-bottom: 1.5rem;\">Zum Beispiel:<\/p>\n<p style=\"padding-left: 2rem; padding-bottom: 1.5rem;\">OpenAI. (2025, November 12). <em>Nachhaltige Mode kaufen 5 Faktoren<\/em> [Generativer KI-Chat]. ChatGPT-5.1. <a href=\"https:\/\/chatgpt.com\/c\/691480b5-7264-8326-8bd1-c98663ab19d9\" target=\"_blank\" rel=\"noopener\">https:\/\/chatgpt.com\/c\/691480b5-7264-8326-8bd1-c98663ab19d9<\/a><\/p>\n<p style=\"padding-bottom: 1.5rem;\">Die Angabe eines konkreten Chats ist die pr\u00e4ferierte Form des Zitierens. Es kann jedoch vorkommen, dass nur das KI-Tool selbst zitiert werden muss. Dies ist zum Beispiel der Fall, wenn es nicht hilfreich oder unethisch w\u00e4re, einen spezifischen Chat zu zitieren, oder es sich nur um einen generellen Hinweis auf die Existenz eines KI-Tools handelt. Nach APA hat der vollst\u00e4ndige Nachweis von KI-Tools folgende Form:<\/p>\n<p style=\"padding-left: 2rem; padding-bottom: 1.5rem;\">Entwickler*innen der KI. (Jahr). <em>Name der KI\/Model in Kursiv und Gro\u00dfschreibung<\/em> [Beschreibung; z. B. Large language model]. URL<\/p>\n<p style=\"padding-bottom: 1.5rem;\">Konkret k\u00f6nnte ein solcher Nachweis so aussehen:<\/p>\n<p style=\"padding-left: 2rem; padding-bottom: 1.5rem;\">OpenAI. (2025). <em>ChatGPT-5.1<\/em> [Large language Model]. <a href=\"https:\/\/chat.openai.com\/\" target=\"_blank\" rel=\"noopener\">https:\/\/chat.openai.com\/<\/a><\/p>\n<h4>Zitate im Text<\/h4>\n<p style=\"padding-bottom: 1.5rem;\">Einen KI-Chat kannst du nach APA in dieser Form im Text zitieren:<\/p>\n<p style=\"padding-left: 2rem; padding-bottom: 1.5rem;\">(Entwickler*innen der KI, Jahr) oder Entwickler*innen der KI (Jahr)<\/p>\n<p style=\"padding-bottom: 1.5rem;\">Zum Beispiel im Methodenteil:<\/p>\n<p style=\"padding-left: 2rem; padding-bottom: 1.5rem;\">Ich habe das generative KI-Tool ChatGPT (OpenAI, 2025) verwendet, um 5 Faktoren zu generieren, die Menschen beeinflussen, wenn sie nachhaltige Mode kaufen.<\/p>\n<p style=\"padding-bottom: 1.5rem;\">Als direktes Zitat im Text:<\/p>\n<p style=\"padding-left: 2em; padding-bottom: 1.5rem;\">Auf die Frage \u201eWelche Faktoren beeinflussen Menschen, wenn sie nachhaltige Mode kaufen? Gib mir bitte 5 wichtige Erkenntnisse aus der Forschung.\u201d hat der durch ChatGPT generierte Text auf Folgendes hingewiesen \u201eMenschen mit starkem Umwelt- oder Sozialbewusstsein neigen eher dazu, nachhaltige Mode zu kaufen. Ihre Werte (z. B. Schutz der Natur, soziale Gerechtigkeit) wirken als intrinsische Motivation\u201c (OpenAI, 2025). Eine Studie von Rothenberg und Matthews (2017, S. 413) ergab, dass \u201ethe probability of a respondent choosing to purchase the $15 T-shirt over the $25 T-shirt is 0.66\u201d.<\/p>\n<p style=\"padding-bottom: 1.5rem;\">Als indirektes Zitat im Text:<\/p>\n<p style=\"padding-left: 2em; padding-bottom: 1.5rem;\">Der durch ChatGPT generierte Text hat darauf hingewiesen, dass trotz der Vermutung, dass Verbraucher nachhaltige Mode sch\u00e4tzen, sie nur bis zu einem gewissen Grad bereit sind, mehr f\u00fcr die Produkte zu bezahlen. (OpenAI, 2025). Eine Studie von Rothenberg und Matthews (2017, S. 413) ergab, dass \u201ethe probability of a respondent choosing to purchase the $15 T-shirt over the $25 T-shirt is 0.66\u201d.<\/p>\n<h4>Zum Nachlesen:<\/h4>\n<ul style=\"padding-bottom: 1.5rem;\">\n<li><a href=\"https:\/\/apastyle.apa.org\/blog\/cite-generative-ai-references\" target=\"_blank\" rel=\"noopener\">Official APA Style Blog: Citing generative AI in APA Style<\/a><\/li>\n<li><a href=\"https:\/\/libguides.mcmaster.ca\/cite-gen-ai\/apa\" target=\"_blank\" rel=\"noopener\">McMaster LibGuides: How Do I Cite Generative AI? APA<\/a><\/li>\n<\/ul>\n            <\/div>\r\n    \r\n            <div post_id=\"4254\" itemcount=\"1\"  header_id=\"header-17089507251\" id=\"header-17089507251\" style=\"\" class=\"accordions-head head17089507251 border-none\" toggle-text=\"\" main-text=\"Chicago\">\r\n                                    <span id=\"accordion-icons-17089507251\" class=\"accordion-icons\">\r\n                        <span class=\"accordion-icon-active accordion-plus\"><i class=\"fas fa-chevron-up\"><\/i><\/span>\r\n                        <span class=\"accordion-icon-inactive accordion-minus\"><i class=\"fas fa-chevron-right\"><\/i><\/span>\r\n                    <\/span>\r\n                    <span id=\"header-text-17089507251\" class=\"accordions-head-title\">Chicago<\/span>\r\n                            <\/div>\r\n            <div class=\"accordion-content content17089507251 \">\r\n                <h4>Nachweis im Literaturverzeichnis<\/h4>\n<p style=\"padding-bottom: 1.5rem;\">Laut dem Chicago Manual of Style sollten Chatbot-Unterhaltungen (\u00e4hnlich wie pers\u00f6nliche Kommunikationen oder Social-Media-Posts) nicht im Literaturverzeichnis angef\u00fchrt werden. Wenn du deine Konversation mit einem KI-Tool trotzdem in deinem Literaturverzeichnis nachweisen m\u00f6chtest, kannst du das folgenderma\u00dfen tun (beachte dabei, dass die URL ein \u00f6ffentlich zug\u00e4nglicher Link zu der Unterhaltung sein sollte):<\/p>\n<p style=\"padding-bottom: 1.5rem; padding-left: 2rem;\">Entwickler*innen des KI-Tools. Antwort auf \u201ePrompt\u201c Name des KI-Tools und Version, Datum. URL (bevorzugt \u00f6ffentlicher teilbarer Link).<\/p>\n<p style=\"padding-bottom: 1.5rem;\">Konkret k\u00f6nnte ein solcher Nachweis im Literaturverzeichnis so aussehen:<\/p>\n<p style=\"padding-bottom: 1.5rem; padding-left: 2rem;\">OpenAI. Antwort auf \u201eWelche Faktoren beeinflussen Menschen, wenn sie nachhaltige Mode kaufen? Gib mir bitte 5 wichtige Erkenntnisse aus der Forschung.\u201d ChatGPT 5.2, 12.11.2025. <a href=\"https:\/\/chatgpt.com\/share\/692febfa-6a2c-800f-bd29-d25c173b766a\" target=\"_blank\" rel=\"noopener\">https:\/\/chatgpt.com\/share\/692febfa-6a2c-800f-bd29-d25c173b766a<\/a>.<\/p>\n<h4>Verweise in Fu\u00dfnoten<\/h4>\n<p style=\"padding-bottom: 1.5rem;\">Untenstehend findest du ein Beispiel daf\u00fcr, wie KI-generierte Inhalte mittels Verweisen in Fu\u00dfnoten zitiert werden. Wenn du den verwendeten Prompt bereits im Text genannt hast, musst du ihn nicht nochmal in der Fu\u00dfnote ausschreiben.<\/p>\n<p style=\"padding-bottom: 1.5rem; padding-left: 2rem;\">Die folgende Auflistung wurde mit ChatGPT erstellt<sup>2<\/sup>:<\/p>\n<p style=\"padding-bottom: 1.5rem; padding-left: 2rem;\">1. Bewusstsein und Wissen:<\/p>\n<p style=\"padding-bottom: 1.5rem; padding-left: 2rem;\">Menschen sind eher bereit, nachhaltige Mode zu kaufen, wenn sie \u00fcber die negativen Auswirkungen der konventionellen Modeindustrie auf die Umwelt und die Gesellschaft informiert sind. Bildung und Aufkl\u00e4rung spielen daher eine entscheidende Rolle.<\/p>\n<p style=\"padding-bottom: 1.5rem; padding-left: 2rem;\">2. Preis:<\/p>\n<p style=\"padding-bottom: 1.5rem; padding-left: 2rem;\">Obwohl viele Verbraucher nachhaltige Mode bevorzugen, kann der Preis ein entscheidender Faktor sein. Nachhaltig hergestellte Kleidung ist oft teurer als konventionell hergestellte. Einige Verbraucher sind bereit, diesen h\u00f6heren Preis zu zahlen, w\u00e4hrend andere preissensitiv sind.<\/p>\n<p style=\"padding-bottom: 1.5rem; padding-left: 2rem;\">-----------------------------------------------------------------<\/p>\n<p style=\"padding-bottom: 1.5rem; padding-left: 2rem;\"><sup>2<\/sup>Antwort auf \u201eWelche Faktoren beeinflussen Menschen, wenn sie nachhaltige Mode kaufen? Gib mir bitte 5 wichtige Erkenntnisse aus der Forschung.\u201d ChatGPT 5.2, OpenAI, 12.11. 2025, <a href=\"https:\/\/chatgpt.com\/share\/692febfa-6a2c-800f-bd29-d25c173b766a\" target=\"_blank\" rel=\"noopener\">https:\/\/chatgpt.com\/share\/692febfa-6a2c-800f-bd29-d25c173b766a<\/a>.<\/p>\n<p>Wenn du den Prompt im Text bereits erw\u00e4hnt h\u00e4ttest, w\u00fcrde deine Fu\u00dfnote folgenderma\u00dfen aussehen:<\/p>\n<p style=\"padding-bottom: 1.5rem; padding-left: 2rem;\"><sup>2<\/sup>Text generiert von ChatGPT 5.2, OpenAI, 12.11. 2025, <a href=\"https:\/\/chatgpt.com\/share\/692febfa-6a2c-800f-bd29-d25c173b766a\" target=\"_blank\" rel=\"noopener\">https:\/\/chatgpt.com\/share\/692febfa-6a2c-800f-bd29-d25c173b766a<\/a>.<\/p>\n<h4>Verweise im Text<\/h4>\n<p style=\"padding-bottom: 1.5rem;\">Wenn du in deiner Arbeit Verweise im Text nutzt (Author-Date Style), zitierst du KI-generierte Inhalte, indem du angibst, wann (Datum) und mit welchem KI-Tool sie erstellt wurden.<\/p>\n<p style=\"padding-bottom: 1.5rem;\">Zum Beispiel:<\/p>\n<p style=\"padding-bottom: 1.5rem; padding-left: 2rem;\">Die untenstehende Liste von Faktoren, die Menschen beim Kauf von nachhaltiger Kleidung beeinflussen k\u00f6nnen, wurde am 17.01.2024 mittels ChatGPT-4 generiert:<\/p>\n<p style=\"padding-bottom: 1.5rem; padding-left: 2rem;\">1. Bewusstsein und Wissen:<\/p>\n<p style=\"padding-bottom: 1.5rem; padding-left: 2rem;\">Menschen sind eher bereit, nachhaltige Mode zu kaufen, wenn sie \u00fcber die negativen Auswirkungen der konventionellen Modeindustrie auf die Umwelt und die Gesellschaft informiert sind. Bildung und Aufkl\u00e4rung spielen daher eine entscheidende Rolle.<\/p>\n<p style=\"padding-bottom: 1.5rem; padding-left: 2rem;\">2. Preis:<\/p>\n<p style=\"padding-bottom: 1.5rem; padding-left: 2rem;\">Obwohl viele Verbraucher nachhaltige Mode bevorzugen, kann der Preis ein entscheidender Faktor sein. Nachhaltig hergestellte Kleidung ist oft teurer als konventionell hergestellte. Einige Verbraucher sind bereit, diesen h\u00f6heren Preis zu zahlen, w\u00e4hrend andere preissensitiv sind.<\/p>\n<h4>Zum Nachlesen:<\/h4>\n<ul style=\"padding-bottom: 1.5rem;\">\n<li><a href=\"https:\/\/www.chicagomanualofstyle.org\/book\/ed18\/part3\/ch14\/psec112.html\" target=\"_blank\" rel=\"noopener\">The Chicago Manual of Style: Citing AI-generated content<\/a><\/li>\n<li><a href=\"https:\/\/libguides.mcmaster.ca\/cite-gen-ai\/chicago\" target=\"_blank\" rel=\"noopener\">McMaster LibGuides: How Do I Cite Generative AI? Chicago<\/a><\/li>\n<\/ul>\n            <\/div>\r\n    \r\n            <div post_id=\"4254\" itemcount=\"2\"  header_id=\"header-17089507252\" id=\"header-17089507252\" style=\"\" class=\"accordions-head head17089507252 border-none\" toggle-text=\"\" main-text=\"MLA\">\r\n                                    <span id=\"accordion-icons-17089507252\" class=\"accordion-icons\">\r\n                        <span class=\"accordion-icon-active accordion-plus\"><i class=\"fas fa-chevron-up\"><\/i><\/span>\r\n                        <span class=\"accordion-icon-inactive accordion-minus\"><i class=\"fas fa-chevron-right\"><\/i><\/span>\r\n                    <\/span>\r\n                    <span id=\"header-text-17089507252\" class=\"accordions-head-title\">MLA<\/span>\r\n                            <\/div>\r\n            <div class=\"accordion-content content17089507252 \">\r\n                <h4>Nachweis im Literaturverzeichnis<\/h4>\n<p style=\"padding-bottom: 1.5rem;\">Im Literaturverzeichnis sieht ein Zitat von KI-generierten Inhalten laut MLA-Empfehlung so aus:<\/p>\n<p style=\"padding-bottom: 1.5rem; padding-left: 2rem;\">\u201eTextinput\u201c Prompt. <em>Name des verwendeten KI-Tools<\/em>, Model und Version des KI-Tools, Entwickler*innen des Tools, Datum, URL.<\/p>\n<p style=\"padding-bottom: 1.5rem;\">Konkret kann so ein Nachweis im Literaturverzeichnis folgenderma\u00dfen aussehen:<\/p>\n<p style=\"padding-bottom: 1.5rem; padding-left: 2rem;\">\u201eWelche Faktoren beeinflussen Menschen, wenn sie nachhaltige Mode kaufen? Gib mir bitte 5 wichtige Erkenntnisse aus der Forschung\u201d Prompt. <em>ChatGPT<\/em>, 5.2, OpenAI, 07.01.2026, <a href=\"https:\/\/chat.openai.com\/share\/9d164f68-af3c-4163-8eb6-055201062f2e\" target=\"_blank\" rel=\"noopener\">https:\/\/chat.openai.com\/share\/9d164f68-af3c-4163-8eb6-055201062f2e<\/a>.<\/p>\n<h4>Verweise im Text<\/h4>\n<p style=\"padding-bottom: 1.5rem;\">Im Text musst du die Inhalte nat\u00fcrlich auch zitieren. Es gen\u00fcgt, eine gek\u00fcrzte Version des Prompt in Klammern anzuf\u00fchren, falls du ihn nicht ohnehin im Flie\u00dftext anf\u00fchrst (im Literaturverzeichnis sollte aber die vollst\u00e4ndige Version des Prompts angef\u00fchrt werden). Nach MLA k\u00f6nnte ein <em>direktes Zitat<\/em> im Text so aussehen:<\/p>\n<p style=\"padding-bottom: 1.5rem; padding-left: 2rem;\">Ein mittels ChatGPT generierter Text wies darauf hin, dass \u201cMenschen [\u2026] eher bereit [sind], nachhaltige Mode zu kaufen, wenn sie \u00fcber die negativen Auswirkungen der konventionellen Modeindustrie auf die Umwelt und die Gesellschaft informiert sind\u201d (\"Welche Faktoren beeinflussen Menschen\").<\/p>\n<p style=\"padding-bottom: 1.5rem;\">Ein <em>indirektes Zitat<\/em> im MLA-Stil kann beispielsweise so aussehen:<\/p>\n<p style=\"padding-bottom: 1.5rem; padding-left: 2rem;\">Trotz der Annahme, dass nachhaltige Mode bei vielen Verbrauchern beliebt ist, kann der Preis oft eine entscheidende Rolle bei der Kaufentscheidung spielen. Kleidungsst\u00fccke, die nachhaltig produziert werden, kosten m\u00f6glicherweise meist mehr als die konventionell hergestellten (\u201eWelche Faktoren beeinflussen Menschen\u201d). Eine Studie von Rothenberg und Matthews (2017, S. 413) ergab, dass \u201ethe probability of a respondent choosing to purchase the $15 T-shirt over the $25 T-shirt is 0.66\u201d.<\/p>\n<h4>Zum Nachlesen:<\/h4>\n<ul style=\"padding-bottom: 1.5rem;\">\n<li><a href=\"https:\/\/style.mla.org\/citing-generative-ai-updated-revised\/\" target=\"_blank\" rel=\"noopener\">Official MLA Style Centre: How do I cite generative AI in MLA style? (Updated and Revised)<\/a><\/li>\n<li><a href=\"https:\/\/libguides.mcmaster.ca\/cite-gen-ai\/mla\" target=\"_blank\" rel=\"noopener\">McMaster LibGuides: How Do I Cite Generative AI? MLA<\/a><\/li>\n<\/ul>\n            <\/div>\r\n    <\/div>\r\n\r\n\r\n\r\n            <\/div>\n\n\n\n<div class=\"wp-block-group\"><div class=\"wp-block-group__inner-container is-layout-constrained wp-block-group-is-layout-constrained\">\n<div class=\"wp-block-columns is-layout-flex wp-container-core-columns-is-layout-9d6595d7 wp-block-columns-is-layout-flex\">\n<div class=\"wp-block-column is-layout-flow wp-block-column-is-layout-flow\"><\/div>\n\n\n\n<div class=\"wp-block-column is-layout-flow wp-block-column-is-layout-flow\"><\/div>\n<\/div>\n<\/div><\/div>\n","protected":false},"excerpt":{"rendered":"<p>Achtung: Kl\u00e4re die Verwendung von KI-Tools immer zuerst mit deinem*deiner Betreuer*in ab! Frag nach, ob (und wie!) du sie einsetzen darfst und wie du KI-generierte Inhalte in deiner Arbeit zitieren sollst. Bei der Verwendung von KI-Tools im Studium ist Transparenz ein entscheidender Faktor. Das hei\u00dft, du musst in deinen Arbeiten klar nachvollziehbar dokumentieren, f\u00fcr welche&hellip; <a class=\"more-link\" href=\"https:\/\/library.wu.ac.at\/bib\/fit4research\/index.php\/fit4research-start\/literatur-zitieren-verwalten\/richtig-zitieren\/ki-zitieren\/\">Continue reading <span class=\"screen-reader-text\">KI zitieren<\/span><\/a><\/p>\n","protected":false},"author":6,"featured_media":0,"parent":1556,"menu_order":0,"comment_status":"closed","ping_status":"closed","template":"","meta":{"footnotes":""},"class_list":["post-4248","page","type-page","status-publish","hentry","entry"],"_links":{"self":[{"href":"https:\/\/library.wu.ac.at\/bib\/fit4research\/index.php\/wp-json\/wp\/v2\/pages\/4248","targetHints":{"allow":["GET"]}}],"collection":[{"href":"https:\/\/library.wu.ac.at\/bib\/fit4research\/index.php\/wp-json\/wp\/v2\/pages"}],"about":[{"href":"https:\/\/library.wu.ac.at\/bib\/fit4research\/index.php\/wp-json\/wp\/v2\/types\/page"}],"author":[{"embeddable":true,"href":"https:\/\/library.wu.ac.at\/bib\/fit4research\/index.php\/wp-json\/wp\/v2\/users\/6"}],"replies":[{"embeddable":true,"href":"https:\/\/library.wu.ac.at\/bib\/fit4research\/index.php\/wp-json\/wp\/v2\/comments?post=4248"}],"version-history":[{"count":13,"href":"https:\/\/library.wu.ac.at\/bib\/fit4research\/index.php\/wp-json\/wp\/v2\/pages\/4248\/revisions"}],"predecessor-version":[{"id":5071,"href":"https:\/\/library.wu.ac.at\/bib\/fit4research\/index.php\/wp-json\/wp\/v2\/pages\/4248\/revisions\/5071"}],"up":[{"embeddable":true,"href":"https:\/\/library.wu.ac.at\/bib\/fit4research\/index.php\/wp-json\/wp\/v2\/pages\/1556"}],"wp:attachment":[{"href":"https:\/\/library.wu.ac.at\/bib\/fit4research\/index.php\/wp-json\/wp\/v2\/media?parent=4248"}],"curies":[{"name":"wp","href":"https:\/\/api.w.org\/{rel}","templated":true}]}}