{"id":1627,"date":"2023-09-07T11:56:36","date_gmt":"2023-09-07T09:56:36","guid":{"rendered":"https:\/\/library.wu.ac.at\/bib\/fit4research\/?page_id=1627"},"modified":"2024-03-22T09:43:24","modified_gmt":"2024-03-22T08:43:24","slug":"unternehmensrechnung-und-controlling","status":"publish","type":"page","link":"https:\/\/library.wu.ac.at\/bib\/fit4research\/index.php\/unternehmensrechnung-und-controlling\/","title":{"rendered":"Unternehmensrechnung und Controlling"},"content":{"rendered":"\n<ul class=\"wp-block-list\">\n<li><a href=\"#vorlage\">Vorlage<\/a><\/li>\n\n\n\n<li><a href=\"#citavi\">Citavi<\/a><\/li>\n\n\n\n<li><a href=\"#csl\">CSL (Zotero, Mendeley etc.)<\/a><\/li>\n\n\n\n<li><a href=\"#endnote\">EndNote<\/a><\/li>\n<\/ul>\n\n\n\n<div class=\"wp-block-group\" style=\"padding-top:3em;padding-right:10rem;padding-bottom:3em;padding-left:10rem\"><div class=\"wp-block-group__inner-container is-layout-constrained wp-container-core-group-is-layout-0682ed28 wp-block-group-is-layout-constrained\">\n<hr class=\"wp-block-separator alignwide has-alpha-channel-opacity is-style-wide\"\/>\n<\/div><\/div>\n\n\n\n<h2 class=\"wp-block-heading\" id=\"vorlage\">Vorlage<\/h2>\n\n\n\n<p>Hinweise und Richtlinien f\u00fcr das Zitieren in schriftlichen Arbeiten (Seminar- und Bachelorarbeiten) am Institut f\u00fcr Unternehmensrechnung und Controlling findest du auf den Seiten des Instituts.<\/p>\n\n\n\n<div class=\"wp-block-buttons is-layout-flex wp-block-buttons-is-layout-flex\">\n<div class=\"wp-block-button\"><a class=\"wp-block-button__link has-background wp-element-button\" href=\"https:\/\/www.wu.ac.at\/uco\/downloads\/\" style=\"background-color:#008198\" target=\"_blank\" rel=\"noreferrer noopener\">Zum Institut &gt;<\/a><\/div>\n<\/div>\n\n\n\n<div class=\"wp-block-group\" style=\"padding-top:3em;padding-right:10rem;padding-bottom:3em;padding-left:10rem\"><div class=\"wp-block-group__inner-container is-layout-constrained wp-container-core-group-is-layout-0682ed28 wp-block-group-is-layout-constrained\">\n<hr class=\"wp-block-separator alignwide has-alpha-channel-opacity is-style-wide\"\/>\n<\/div><\/div>\n\n\n\n<h2 class=\"wp-block-heading\" id=\"citavi\">Citavi<\/h2>\n\n\n\n<h3 class=\"wp-block-heading\">Citavi 6<\/h3>\n\n\n\n<p>Du kannst den Stil direkt in Citavi abrufen. W\u00e4hle hierzu im Men\u00fc oben <em>Zitation<\/em> &gt; <em>Zitationsstile<\/em> &gt; <em>Zitationsstil wechseln<\/em> aus.<\/p>\n\n\n\n<figure class=\"wp-block-image\"><img decoding=\"async\" src=\"https:\/\/learn.wu.ac.at\/open\/fit4research\/download\/file\/citavi_zitationsstil_wechseln\" alt=\"Der oben beschriebene Pfad ist in Citavi sichtbar. Der Zitationsstil kann auch mit der Tastenkombination STRG + F11 gewechselt werden.\"\/><\/figure>\n\n\n\n<p>Es \u00f6ffnet sich ein neues Fenster. Klicke auf <em>Stil suchen<\/em>. Suche nach <em>Wirtschaftsuniversit\u00e4t Wien &#8211; Unternehmensrechnung und Controlling<\/em>. Klicke auf <em>Hinzuf\u00fcgen<\/em> und best\u00e4tige mit <em>OK<\/em>.<\/p>\n\n\n\n<div class=\"wp-block-group\" style=\"padding-top:3em;padding-right:10rem;padding-bottom:3em;padding-left:10rem\"><div class=\"wp-block-group__inner-container is-layout-constrained wp-container-core-group-is-layout-0682ed28 wp-block-group-is-layout-constrained\">\n<hr class=\"wp-block-separator alignwide has-alpha-channel-opacity is-style-wide\"\/>\n<\/div><\/div>\n\n\n\n<h2 class=\"wp-block-heading\" id=\"csl\">CSL (Zotero, Mendeley etc.)<\/h2>\n\n\n\n<p>Der Stil steht zum Download zur Verf\u00fcgung.<\/p>\n\n\n\n<div class=\"wp-block-buttons is-layout-flex wp-block-buttons-is-layout-flex\">\n<div class=\"wp-block-button\"><a class=\"wp-block-button__link has-background wp-element-button\" href=\"https:\/\/www.zotero.org\/styles\/wirtschaftsuniversitat-wien-unternehmensrechnung-und-controlling\" style=\"background-color:#008198\">Download Stil &gt;<\/a><\/div>\n<\/div>\n\n\n\n<div class=\"wp-block-group\" style=\"padding-top:3em;padding-right:10rem;padding-bottom:3em;padding-left:10rem\"><div class=\"wp-block-group__inner-container is-layout-constrained wp-container-core-group-is-layout-0682ed28 wp-block-group-is-layout-constrained\">\n<hr class=\"wp-block-separator alignwide has-alpha-channel-opacity is-style-wide\"\/>\n<\/div><\/div>\n\n\n\n<h2 class=\"wp-block-heading\" id=\"endnote\">EndNote<\/h2>\n\n\n\n<p>Der Stil steht zum Download zur Verf\u00fcgung.<\/p>\n\n\n\n<p><strong>Hinweis<\/strong>: Webseiten werden bei diesem Stil nicht mit EndNote erfasst, sondern m\u00fcssen manuell in die Fu\u00dfnote eingef\u00fcgt werden. Im Literaturverzeichnis werden zitierte Webseiten nicht angegeben.<\/p>\n\n\n\n<div class=\"wp-block-buttons is-layout-flex wp-block-buttons-is-layout-flex\">\n<div class=\"wp-block-button\"><a class=\"wp-block-button__link has-background wp-element-button\" href=\"https:\/\/library.wu.ac.at\/litverw\/endnote\/styles\/WU%20UCO.ens\" style=\"background-color:#008198\">Download Stil &gt;<\/a><\/div>\n<\/div>\n","protected":false},"excerpt":{"rendered":"<p>Vorlage Hinweise und Richtlinien f\u00fcr das Zitieren in schriftlichen Arbeiten (Seminar- und Bachelorarbeiten) am Institut f\u00fcr Unternehmensrechnung und Controlling findest du auf den Seiten des Instituts. Citavi Citavi 6 Du kannst den Stil direkt in Citavi abrufen. W\u00e4hle hierzu im Men\u00fc oben Zitation &gt; Zitationsstile &gt; Zitationsstil wechseln aus. Es \u00f6ffnet sich ein neues Fenster.&hellip; <a class=\"more-link\" href=\"https:\/\/library.wu.ac.at\/bib\/fit4research\/index.php\/unternehmensrechnung-und-controlling\/\">Continue reading <span class=\"screen-reader-text\">Unternehmensrechnung und Controlling<\/span><\/a><\/p>\n","protected":false},"author":6,"featured_media":0,"parent":0,"menu_order":15,"comment_status":"closed","ping_status":"closed","template":"","meta":{"footnotes":""},"class_list":["post-1627","page","type-page","status-publish","hentry","entry"],"_links":{"self":[{"href":"https:\/\/library.wu.ac.at\/bib\/fit4research\/index.php\/wp-json\/wp\/v2\/pages\/1627","targetHints":{"allow":["GET"]}}],"collection":[{"href":"https:\/\/library.wu.ac.at\/bib\/fit4research\/index.php\/wp-json\/wp\/v2\/pages"}],"about":[{"href":"https:\/\/library.wu.ac.at\/bib\/fit4research\/index.php\/wp-json\/wp\/v2\/types\/page"}],"author":[{"embeddable":true,"href":"https:\/\/library.wu.ac.at\/bib\/fit4research\/index.php\/wp-json\/wp\/v2\/users\/6"}],"replies":[{"embeddable":true,"href":"https:\/\/library.wu.ac.at\/bib\/fit4research\/index.php\/wp-json\/wp\/v2\/comments?post=1627"}],"version-history":[{"count":5,"href":"https:\/\/library.wu.ac.at\/bib\/fit4research\/index.php\/wp-json\/wp\/v2\/pages\/1627\/revisions"}],"predecessor-version":[{"id":4459,"href":"https:\/\/library.wu.ac.at\/bib\/fit4research\/index.php\/wp-json\/wp\/v2\/pages\/1627\/revisions\/4459"}],"wp:attachment":[{"href":"https:\/\/library.wu.ac.at\/bib\/fit4research\/index.php\/wp-json\/wp\/v2\/media?parent=1627"}],"curies":[{"name":"wp","href":"https:\/\/api.w.org\/{rel}","templated":true}]}}